000
CDUS45 KBOU 170737
CLIAPA


CLIMATE REPORT
NATIONAL WEATHER SERVICE DENVER/BOULDER CO
1235 AM MST WED JAN 17 2018


...................................

...THE CENTENNIAL CO CLIMATE SUMMARY FOR JANUARY 16 2018...

CLIMATE NORMAL PERIOD 1981 TO 2010
CLIMATE RECORD PERIOD 9999 TO 9999


WEATHER ITEM   OBSERVED RECORD YEAR NORMAL DEPARTURE LAST
                VALUE   VALUE       VALUE  FROM      YEAR
                                           NORMAL
...........................................................
TEMPERATURE (F)
 YESTERDAY
  MAXIMUM         36     MM      MM  44     -8       32
  MINIMUM         -1     MM      MM  19    -20       22
  AVERAGE         18                 32    -14       27

PRECIPITATION (IN)
  YESTERDAY        0.00  MM      MM   0.01  -0.01     0.14
  MONTH TO DATE    0.06               0.17  -0.11     0.16
  SINCE DEC 1      0.11               0.78  -0.67     0.46
  SINCE JAN 1      0.06               0.17  -0.11     0.16

SNOWFALL (IN)
  YESTERDAY        0.0
  SNOW DEPTH       0

DEGREE DAYS
 HEATING
  YESTERDAY       47
  MONTH TO DATE  494

 COOLING
  YESTERDAY        0
  MONTH TO DATE    0
...........................................................


WIND (MPH)
  RESULTANT WIND SPEED   4   RESULTANT WIND DIRECTION  SE (150)
  HIGHEST WIND SPEED    12   HIGHEST WIND DIRECTION     S (180)
  HIGHEST GUST SPEED    12   HIGHEST GUST DIRECTION     S (170)


SKY COVER
  POSSIBLE SUNSHINE  MM
  AVERAGE SKY COVER 0.2


WEATHER CONDITIONS
 THE FOLLOWING WEATHER WAS RECORDED YESTERDAY.
  NO SIGNIFICANT WEATHER WAS OBSERVED.


RELATIVE HUMIDITY (PERCENT)
 HIGHEST    87
 LOWEST     18
 AVERAGE    53

..........................................................


THE CENTENNIAL CO CLIMATE NORMALS FOR TODAY
                         NORMAL    RECORD    YEAR
 MAXIMUM TEMPERATURE (F)   44        MM        MM
 MINIMUM TEMPERATURE (F)   19        MM        MM


SUNRISE AND SUNSET
JANUARY 17 2018.......SUNRISE   717 AM MST   SUNSET   502 PM MST
JANUARY 18 2018.......SUNRISE   717 AM MST   SUNSET   503 PM MST


-  INDICATES NEGATIVE NUMBERS.
R  INDICATES RECORD WAS SET OR TIED.
MM INDICATES DATA IS MISSING.
T  INDICATES TRACE AMOUNT.




$$
