000
CDUS45 KBOU 230725
CLIAPA


CLIMATE REPORT
NATIONAL WEATHER SERVICE DENVER/BOULDER CO
125 AM MDT THU MAR 23 2017


...................................

...THE CENTENNIAL CO CLIMATE SUMMARY FOR MARCH 22 2017...

CLIMATE NORMAL PERIOD 1981 TO 2010
CLIMATE RECORD PERIOD 9999 TO 9999


WEATHER ITEM   OBSERVED RECORD YEAR NORMAL DEPARTURE LAST
                VALUE   VALUE       VALUE  FROM      YEAR
                                           NORMAL
...........................................................
TEMPERATURE (F)
 YESTERDAY
  MAXIMUM         76     MM      MM  54     22       70
  MINIMUM         35     MM      MM  28      7       41
  AVERAGE         56                 41     15       56

PRECIPITATION (IN)
  YESTERDAY        0.00  MM      MM   0.05  -0.05     0.00
  MONTH TO DATE    0.01               0.67  -0.66     0.33
  SINCE MAR 1      0.01               0.67  -0.66     0.33
  SINCE JAN 1      0.22               1.60  -1.38     0.81

DEGREE DAYS
 HEATING
  YESTERDAY        9
  MONTH TO DATE  352

 COOLING
  YESTERDAY        0
  MONTH TO DATE    0
...........................................................


WIND (MPH)
  RESULTANT WIND SPEED   2   RESULTANT WIND DIRECTION   S (170)
  HIGHEST WIND SPEED    21   HIGHEST WIND DIRECTION     S (170)
  HIGHEST GUST SPEED    26   HIGHEST GUST DIRECTION     S (180)


SKY COVER
  POSSIBLE SUNSHINE  MM
  AVERAGE SKY COVER 0.6


WEATHER CONDITIONS
 THE FOLLOWING WEATHER WAS RECORDED YESTERDAY.
  NO SIGNIFICANT WEATHER WAS OBSERVED.


RELATIVE HUMIDITY (PERCENT)
 HIGHEST    76
 LOWEST     20
 AVERAGE    48

..........................................................


THE CENTENNIAL CO CLIMATE NORMALS FOR TODAY
                         NORMAL    RECORD    YEAR
 MAXIMUM TEMPERATURE (F)   54        MM        MM
 MINIMUM TEMPERATURE (F)   28        MM        MM


SUNRISE AND SUNSET
MARCH 23 2017.........SUNRISE   658 AM MDT   SUNSET   715 PM MDT
MARCH 24 2017.........SUNRISE   656 AM MDT   SUNSET   716 PM MDT


-  INDICATES NEGATIVE NUMBERS.
R  INDICATES RECORD WAS SET OR TIED.
MM INDICATES DATA IS MISSING.
T  INDICATES TRACE AMOUNT.




$$
