000
CDUS42 KMFL 270827
CLIAPF


CLIMATE REPORT
NATIONAL WEATHER SERVICE MIAMI, FL
426 AM EDT WED JUL 27 2016


...................................

...THE NAPLES CLIMATE SUMMARY FOR JULY 26 2016...

CLIMATE NORMAL PERIOD 1981 TO 2010
CLIMATE RECORD PERIOD 1942 TO 2016


WEATHER ITEM   OBSERVED TIME   RECORD YEAR NORMAL DEPARTURE LAST
                VALUE   (LST)  VALUE       VALUE  FROM      YEAR
                                                  NORMAL
..................................................................
TEMPERATURE (F)
 YESTERDAY
  MAXIMUM         94    122 PM  97    1996  91      3       85
  MINIMUM         76    513 PM  68    1973  75      1       76
  AVERAGE         85                        83      2       81

PRECIPITATION (IN)
  YESTERDAY        0.26          1.93 1953   0.21   0.05     0.49
  MONTH TO DATE    5.63                      6.25  -0.62     9.15
  SINCE JUN 1     10.54                     15.07  -4.53    15.47
  SINCE JAN 1     22.64                     26.92  -4.28    23.49

SNOWFALL (IN)
  YESTERDAY        0.0
  MONTH TO DATE    0.0
  SINCE JUN 1      0.0
  SINCE JUL 1      0.0
  SNOW DEPTH       0

DEGREE DAYS
 HEATING
  YESTERDAY        0                         0      0        0
  MONTH TO DATE    0                         0      0        0
  SINCE JUN 1      0                         0      0        0
  SINCE JUL 1      0                         0      0        0

 COOLING
  YESTERDAY       20                        18      2       16
  MONTH TO DATE  506                       468     38      468
  SINCE JUN 1   1045                       975     70      978
  SINCE JAN 1   2229                      2003    226     2333
..................................................................


WIND (MPH)
  HIGHEST WIND SPEED    25   HIGHEST WIND DIRECTION    SE (150)
  HIGHEST GUST SPEED    34   HIGHEST GUST DIRECTION    SE (150)
  AVERAGE WIND SPEED     4.9


SKY COVER
  AVERAGE SKY COVER 0.3


WEATHER CONDITIONS
 THE FOLLOWING WEATHER WAS RECORDED YESTERDAY.
  THUNDERSTORM
  HEAVY RAIN
  RAIN
  LIGHT RAIN
  FOG
  HAZE


RELATIVE HUMIDITY (PERCENT)
 HIGHEST   100
 LOWEST     49
 AVERAGE    75

..........................................................


THE NAPLES CLIMATE NORMALS FOR TODAY
                         NORMAL    RECORD    YEAR
 MAXIMUM TEMPERATURE (F)   91        97      1996
 MINIMUM TEMPERATURE (F)   75        68      1978
                                             1961


SUNRISE AND SUNSET
JULY 27 2016..........SUNRISE   651 AM EDT   SUNSET   816 PM EDT
JULY 28 2016..........SUNRISE   651 AM EDT   SUNSET   816 PM EDT


-  INDICATES NEGATIVE NUMBERS.
R  INDICATES RECORD WAS SET OR TIED.
MM INDICATES DATA IS MISSING.
T  INDICATES TRACE AMOUNT.




$$
