000
CDUS42 KMFL 110936
CLIAPF


CLIMATE REPORT
NATIONAL WEATHER SERVICE MIAMI, FL
436 AM EST SUN DEC 11 2016


...................................

...THE NAPLES CLIMATE SUMMARY FOR DECEMBER 10 2016...

CLIMATE NORMAL PERIOD 1981 TO 2010
CLIMATE RECORD PERIOD 1942 TO 2016


WEATHER ITEM   OBSERVED TIME   RECORD YEAR NORMAL DEPARTURE LAST
                VALUE   (LST)  VALUE       VALUE  FROM      YEAR
                                                  NORMAL
..................................................................
TEMPERATURE (F)
 YESTERDAY
  MAXIMUM         77    156 PM  88    2001  77      0       81
  MINIMUM         59    742 AM  39    1996  58      1       66
                                      1981
                                      1974
  AVERAGE         68                        68      0       74

PRECIPITATION (IN)
  YESTERDAY        0.00          1.10 2001   0.04  -0.04     0.00
  MONTH TO DATE    0.10                      0.46  -0.36     1.53
  SINCE NOV 1      0.10                      2.50  -2.40     4.51
  SINCE JAN 1     44.30                     50.90  -6.60    39.59

SNOWFALL (IN)
  YESTERDAY        0.0
  MONTH TO DATE    0.0
  SINCE DEC 1      0.0
  SINCE JUL 1      0.0
  SNOW DEPTH       0

DEGREE DAYS
 HEATING
  YESTERDAY        0                         2     -2        0
  MONTH TO DATE    0                        15    -15        0
  SINCE DEC 1      0                        15    -15        0
  SINCE JUL 1      4                        29    -25        0

 COOLING
  YESTERDAY        3                         5     -2        9
  MONTH TO DATE   90                        50     40       97
  SINCE DEC 1     90                        50     40       97
  SINCE JAN 1   4242                      3869    373     4579
..................................................................


WIND (MPH)
  HIGHEST WIND SPEED    22   HIGHEST WIND DIRECTION    NE (50)
  HIGHEST GUST SPEED    26   HIGHEST GUST DIRECTION    NE (60)
  AVERAGE WIND SPEED    12.6


SKY COVER
  AVERAGE SKY COVER 0.5


WEATHER CONDITIONS
 THE FOLLOWING WEATHER WAS RECORDED YESTERDAY.
  NO SIGNIFICANT WEATHER WAS OBSERVED.


RELATIVE HUMIDITY (PERCENT)
 HIGHEST    78
 LOWEST     64
 AVERAGE    71

..........................................................


THE NAPLES CLIMATE NORMALS FOR TODAY
                         NORMAL    RECORD    YEAR
 MAXIMUM TEMPERATURE (F)   77        88      2001
 MINIMUM TEMPERATURE (F)   58        35      1962


SUNRISE AND SUNSET
DECEMBER 11 2016......SUNRISE   705 AM EST   SUNSET   537 PM EST
DECEMBER 12 2016......SUNRISE   705 AM EST   SUNSET   537 PM EST


-  INDICATES NEGATIVE NUMBERS.
R  INDICATES RECORD WAS SET OR TIED.
MM INDICATES DATA IS MISSING.
T  INDICATES TRACE AMOUNT.




$$
