000
CDUS42 KMFL 060925
CLIAPF


CLIMATE REPORT
NATIONAL WEATHER SERVICE MIAMI, FL
425 AM EST SAT FEB 6 2016


...................................

...THE NAPLES CLIMATE SUMMARY FOR FEBRUARY 5 2016...

CLIMATE NORMAL PERIOD 1981 TO 2010
CLIMATE RECORD PERIOD 1942 TO 2016


WEATHER ITEM   OBSERVED TIME   RECORD YEAR NORMAL DEPARTURE LAST
                VALUE   (LST)  VALUE       VALUE  FROM      YEAR
                                                  NORMAL
..................................................................
TEMPERATURE (F)
 YESTERDAY
  MAXIMUM         67    330 PM  86    2008  76     -9       72
  MINIMUM         54    845 AM  29    1996  56     -2       59
  AVERAGE         61                        66     -5       66

PRECIPITATION (IN)
  YESTERDAY        0.01          1.55 1952   0.07  -0.06     1.11
  MONTH TO DATE    0.03                      0.37  -0.34     1.11
  SINCE NOV 1     12.19                      5.71   6.48     2.51
  SINCE JAN 1      7.57                      2.22   5.35     1.21

SNOWFALL (IN)
  YESTERDAY        0.0
  MONTH TO DATE    0.0
  SINCE DEC 1      0.0
  SINCE JUL 1      0.0
  SNOW DEPTH       0

DEGREE DAYS
 HEATING
  YESTERDAY        4                         2      2        0
  MONTH TO DATE    4                        10     -6        1
  SINCE DEC 1     71                       176   -105       89
  SINCE JUL 1     71                       190   -119      118

 COOLING
  YESTERDAY        0                         3     -3        1
  MONTH TO DATE   41                        14     27       10
  SINCE DEC 1    477                       220    257      277
  SINCE JAN 1    121                       100     21      127
..................................................................


WIND (MPH)
  HIGHEST WIND SPEED    21   HIGHEST WIND DIRECTION    NW (320)
  HIGHEST GUST SPEED    32   HIGHEST GUST DIRECTION    NW (320)
  AVERAGE WIND SPEED    12.4


SKY COVER
  AVERAGE SKY COVER 0.1


WEATHER CONDITIONS
 THE FOLLOWING WEATHER WAS RECORDED YESTERDAY.
  LIGHT RAIN
  FOG


RELATIVE HUMIDITY (PERCENT)
 HIGHEST    80
 LOWEST     32
 AVERAGE    56

..........................................................


THE NAPLES CLIMATE NORMALS FOR TODAY
                         NORMAL    RECORD    YEAR
 MAXIMUM TEMPERATURE (F)   76        86      1982
 MINIMUM TEMPERATURE (F)   56        33      1966


SUNRISE AND SUNSET
FEBRUARY  6 2016......SUNRISE   709 AM EST   SUNSET   614 PM EST
FEBRUARY  7 2016......SUNRISE   708 AM EST   SUNSET   614 PM EST


-  INDICATES NEGATIVE NUMBERS.
R  INDICATES RECORD WAS SET OR TIED.
MM INDICATES DATA IS MISSING.
T  INDICATES TRACE AMOUNT.




$$
