000
CDUS42 KMFL 050823
CLIAPF


CLIMATE REPORT
NATIONAL WEATHER SERVICE MIAMI, FL
423 AM EDT SAT SEP 5 2015


...................................

...THE NAPLES CLIMATE SUMMARY FOR SEPTEMBER 4 2015...

CLIMATE NORMAL PERIOD 1981 TO 2010
CLIMATE RECORD PERIOD 1942 TO 2015


WEATHER ITEM   OBSERVED TIME   RECORD YEAR NORMAL DEPARTURE LAST
                VALUE   (LST)  VALUE       VALUE  FROM      YEAR
                                                  NORMAL
..................................................................
TEMPERATURE (F)
 YESTERDAY
  MAXIMUM         92    259 PM  96    1944  90      2       89
  MINIMUM         78   1233 AM  70    1975  76      2       75
                                      1956
  AVERAGE         85                        83      2       82

PRECIPITATION (IN)
  YESTERDAY        0.00          8.38 1957   0.25  -0.25     0.00
  MONTH TO DATE    T                         0.98  -0.98     0.42
  SINCE JUN 1     19.25                     25.65  -6.40    29.44
  SINCE JAN 1     27.27                     37.50 -10.23    38.27

SNOWFALL (IN)
  YESTERDAY        0.0
  MONTH TO DATE    0.0
  SINCE SEP 1      0.0
  SINCE JUL 1      0.0
  SNOW DEPTH       0

DEGREE DAYS
 HEATING
  YESTERDAY        0                         0      0        0
  MONTH TO DATE    0                         0      0        0
  SINCE SEP 1      0                         0      0        0
  SINCE JUL 1      0                         0      0        0

 COOLING
  YESTERDAY       20                        18      2       17
  MONTH TO DATE   81                        72      9       71
  SINCE SEP 1     81                        72      9       71
  SINCE JAN 1   3131                      2729    402     2941
..................................................................


WIND (MPH)
  HIGHEST WIND SPEED    15   HIGHEST WIND DIRECTION    NW (300)
  HIGHEST GUST SPEED    20   HIGHEST GUST DIRECTION    NW (300)
  AVERAGE WIND SPEED     5.9


SKY COVER
  AVERAGE SKY COVER 0.1


WEATHER CONDITIONS
 THE FOLLOWING WEATHER WAS RECORDED YESTERDAY.
  THUNDERSTORM
  HAZE


RELATIVE HUMIDITY (PERCENT)
 HIGHEST    91
 LOWEST     56
 AVERAGE    74

..........................................................


THE NAPLES CLIMATE NORMALS FOR TODAY
                         NORMAL    RECORD    YEAR
 MAXIMUM TEMPERATURE (F)   90        97      1948
                                             1944
 MINIMUM TEMPERATURE (F)   76        68      1957


SUNRISE AND SUNSET
SEPTEMBER  5 2015.....SUNRISE   709 AM EDT   SUNSET   743 PM EDT
SEPTEMBER  6 2015.....SUNRISE   709 AM EDT   SUNSET   741 PM EDT


-  INDICATES NEGATIVE NUMBERS.
R  INDICATES RECORD WAS SET OR TIED.
MM INDICATES DATA IS MISSING.
T  INDICATES TRACE AMOUNT.




$$
