000
CDUS42 KMFL 260839
CLIAPF


CLIMATE REPORT
NATIONAL WEATHER SERVICE MIAMI, FL
439 AM EDT TUE SEP 26 2017


...................................

...THE NAPLES CLIMATE SUMMARY FOR SEPTEMBER 25 2017...

CLIMATE NORMAL PERIOD 1981 TO 2010
CLIMATE RECORD PERIOD 1942 TO 2017


WEATHER ITEM   OBSERVED TIME   RECORD YEAR NORMAL DEPARTURE LAST
                VALUE   (LST)  VALUE       VALUE  FROM      YEAR
                                                  NORMAL
..................................................................
TEMPERATURE (F)
 YESTERDAY
  MAXIMUM         89    223 PM  95    1974  89      0       90
                                      1946
  MINIMUM         76    606 AM  66    1961  74      2       74
  AVERAGE         83                        82      1       82

PRECIPITATION (IN)
  YESTERDAY        0.00          2.04 1944   0.25  -0.25     0.55
  MONTH TO DATE   14.66                      6.54   8.12     5.02
  SINCE JUN 1     56.08                     31.21  24.87    26.95
  SINCE JAN 1     61.71                     43.06  18.65    39.05

SNOWFALL (IN)
  YESTERDAY        0.0
  MONTH TO DATE    0.0
  SINCE SEP 1      0.0
  SINCE JUL 1      0.0
  SNOW DEPTH       0

DEGREE DAYS
 HEATING
  YESTERDAY        0                         0      0        0
  MONTH TO DATE    0                         0      0        0
  SINCE SEP 1      0                         0      0        0
  SINCE JUL 1      0                         0      0        0

 COOLING
  YESTERDAY       18                        17      1       17
  MONTH TO DATE  377                       440    -63      468
  SINCE SEP 1    377                       440    -63      468
  SINCE JAN 1   3417                      3097    320     3384
..................................................................


WIND (MPH)
  HIGHEST WIND SPEED    13   HIGHEST WIND DIRECTION     W (270)
  HIGHEST GUST SPEED    19   HIGHEST GUST DIRECTION    NW (330)
  AVERAGE WIND SPEED     5.6


SKY COVER
  AVERAGE SKY COVER 0.1


WEATHER CONDITIONS
 THE FOLLOWING WEATHER WAS RECORDED YESTERDAY.
  NO SIGNIFICANT WEATHER WAS OBSERVED.


RELATIVE HUMIDITY (PERCENT)
 HIGHEST    94
 LOWEST     63
 AVERAGE    79

..........................................................


THE NAPLES CLIMATE NORMALS FOR TODAY
                         NORMAL    RECORD    YEAR
 MAXIMUM TEMPERATURE (F)   89        96      1974
 MINIMUM TEMPERATURE (F)   74        67      1983


SUNRISE AND SUNSET
SEPTEMBER 26 2017.....SUNRISE   717 AM EDT   SUNSET   719 PM EDT
SEPTEMBER 27 2017.....SUNRISE   718 AM EDT   SUNSET   718 PM EDT


-  INDICATES NEGATIVE NUMBERS.
R  INDICATES RECORD WAS SET OR TIED.
MM INDICATES DATA IS MISSING.
T  INDICATES TRACE AMOUNT.




$$
