000
CDUS42 KMFL 242022
CLIAPF


CLIMATE REPORT
NATIONAL WEATHER SERVICE MIAMI, FL
422 PM EDT TUE MAY 24 2016


...................................

...THE NAPLES CLIMATE SUMMARY FOR MAY 24 2016...
VALID TODAY AS OF 0400 PM LOCAL TIME.

CLIMATE NORMAL PERIOD 1981 TO 2010
CLIMATE RECORD PERIOD 1942 TO 2016


WEATHER ITEM   OBSERVED TIME   RECORD YEAR NORMAL DEPARTURE LAST
                VALUE   (LST)  VALUE       VALUE  FROM      YEAR
                                                  NORMAL
..................................................................
TEMPERATURE (F)
 TODAY
  MAXIMUM         91   1154 AM  93    2006  89      2       92
  MINIMUM         72    521 AM  58    1981  70      2       74
  AVERAGE         82                        79      3       83

PRECIPITATION (IN)
  TODAY            0.00          2.70 1970   0.12  -0.12     0.01
  MONTH TO DATE    1.32                      2.14  -0.82     2.00
  SINCE NOV 1     15.56                     14.32   1.24     8.14
  SINCE JAN 1     10.94                     10.83   0.11     6.84

SNOWFALL (IN)
  TODAY            0.0
  MONTH TO DATE    0.0
  SINCE MAR 1      0.0
  SINCE JUL 1      0.0
  SNOW DEPTH       0

DEGREE DAYS
 HEATING
  TODAY            0                         0      0        0
  MONTH TO DATE    0                         0      0        0
  SINCE MAR 1      4                        27    -23        1
  SINCE JUL 1    142                       260   -118      198

 COOLING
  TODAY           17                        14      3       18
  MONTH TO DATE  332                       303     29      346
  SINCE MAR 1    914                       732    182     1063
  SINCE JAN 1   1076                       923    153     1239
..................................................................


WIND (MPH)
  HIGHEST WIND SPEED    16   HIGHEST WIND DIRECTION     W (270)
  HIGHEST GUST SPEED    22   HIGHEST GUST DIRECTION     W (270)
  AVERAGE WIND SPEED     5.4


SKY COVER
  AVERAGE SKY COVER 0.1


WEATHER CONDITIONS
 THE FOLLOWING WEATHER WAS RECORDED TODAY.
  NO SIGNIFICANT WEATHER WAS OBSERVED.


RELATIVE HUMIDITY (PERCENT)
 HIGHEST    93
 LOWEST     41
 AVERAGE    67

..........................................................


THE NAPLES CLIMATE NORMALS FOR TOMORROW
                         NORMAL    RECORD    YEAR
 MAXIMUM TEMPERATURE (F)   89        94      2015
                                             2008
 MINIMUM TEMPERATURE (F)   70        62      1981


SUNRISE AND SUNSET
MAY 24 2016...........SUNRISE   637 AM EDT   SUNSET   811 PM EDT
MAY 25 2016...........SUNRISE   636 AM EDT   SUNSET   812 PM EDT


-  INDICATES NEGATIVE NUMBERS.
R  INDICATES RECORD WAS SET OR TIED.
MM INDICATES DATA IS MISSING.
T  INDICATES TRACE AMOUNT.




$$
