000
CDUS42 KMFL 220821
CLIAPF


CLIMATE REPORT
NATIONAL WEATHER SERVICE MIAMI, FL
421 AM EDT FRI MAY 22 2015


...................................

...THE NAPLES CLIMATE SUMMARY FOR MAY 21 2015...

CLIMATE NORMAL PERIOD 1981 TO 2010
CLIMATE RECORD PERIOD 1942 TO 2015


WEATHER ITEM   OBSERVED TIME   RECORD YEAR NORMAL DEPARTURE LAST
                VALUE   (LST)  VALUE       VALUE  FROM      YEAR
                                                  NORMAL
..................................................................
TEMPERATURE (F)
 YESTERDAY
  MAXIMUM         88   1252 PM  93    2010  89     -1       91
                                      2004
                                      1998
  MINIMUM         77    622 AM  59    1971  70      7       65
  AVERAGE         83                        79      4       78

PRECIPITATION (IN)
  YESTERDAY        0.00          2.45 1996   0.12  -0.12     0.00
  MONTH TO DATE    1.73                      1.77  -0.04     0.50
  SINCE NOV 1      7.87                     13.95  -6.08     8.46
  SINCE JAN 1      6.57                     10.46  -3.89     7.36

SNOWFALL (IN)
  YESTERDAY        0.0
  MONTH TO DATE    0.0
  SINCE MAR 1      0.0
  SINCE JUL 1      0.0
  SNOW DEPTH       0

DEGREE DAYS
 HEATING
  YESTERDAY        0                         0      0        0
  MONTH TO DATE    0                         0      0        0
  SINCE MAR 1      1                        27    -26        7
  SINCE JUL 1    198                       260    -62      149

 COOLING
  YESTERDAY       18                        14      4       13
  MONTH TO DATE  295                       261     34      299
  SINCE MAR 1   1012                       690    322      760
  SINCE JAN 1   1188                       881    307     1033
..................................................................


WIND (MPH)
  HIGHEST WIND SPEED    18   HIGHEST WIND DIRECTION    NW (300)
  HIGHEST GUST SPEED    27   HIGHEST GUST DIRECTION     W (280)
  AVERAGE WIND SPEED     7.4


SKY COVER
  AVERAGE SKY COVER 0.2


WEATHER CONDITIONS
 THE FOLLOWING WEATHER WAS RECORDED YESTERDAY.
  NO SIGNIFICANT WEATHER WAS OBSERVED.


RELATIVE HUMIDITY (PERCENT)
 HIGHEST    85
 LOWEST     57
 AVERAGE    71

..........................................................


THE NAPLES CLIMATE NORMALS FOR TODAY
                         NORMAL    RECORD    YEAR
 MAXIMUM TEMPERATURE (F)   89        94      1975
 MINIMUM TEMPERATURE (F)   70        59      1981


SUNRISE AND SUNSET
MAY 22 2015...........SUNRISE   638 AM EDT   SUNSET   810 PM EDT
MAY 23 2015...........SUNRISE   637 AM EDT   SUNSET   811 PM EDT


-  INDICATES NEGATIVE NUMBERS.
R  INDICATES RECORD WAS SET OR TIED.
MM INDICATES DATA IS MISSING.
T  INDICATES TRACE AMOUNT.




$$
