000
CDUS43 KAPX 280537
CLIAPN


CLIMATE REPORT
NATIONAL WEATHER SERVICE GAYLORD MI
137 AM EDT SAT MAR 28 2015


...................................

...THE ALPENA MI CLIMATE SUMMARY FOR MARCH 27 2015...

CLIMATE NORMAL PERIOD 1981 TO 2010
CLIMATE RECORD PERIOD 1916 TO 2015


WEATHER ITEM   OBSERVED TIME   RECORD YEAR NORMAL DEPARTURE LAST
                VALUE   (LST)  VALUE       VALUE  FROM      YEAR
                                                  NORMAL
..................................................................
TEMPERATURE (F)
 YESTERDAY
  MAXIMUM         22    116 AM  75    1945  43    -21       36
  MINIMUM         13   1159 PM   3    1996  24    -11       24
  AVERAGE         18                        33    -15       30

PRECIPITATION (IN)
  YESTERDAY        0.01          0.62 1991   0.06  -0.05     0.28
  MONTH TO DATE    0.91                      1.60  -0.69     0.90
  SINCE MAR 1      0.91                      1.60  -0.69     0.90
  SINCE JAN 1      2.70                      4.58  -1.88     3.43

SNOWFALL (IN)
  YESTERDAY        0.5           4.0  1948   0.3    0.2      1.3
  MONTH TO DATE    4.5                      11.0   -6.5      7.3
  SINCE OCT 1     46.6                      77.1  -30.5     62.8
  SINCE JUL 1     46.6                      77.1  -30.5     62.8
  SNOW DEPTH       T

DEGREE DAYS
 HEATING
  YESTERDAY       47                        32     15       35
  MONTH TO DATE 1035                      1000     35     1264
  SINCE MAR 1   1035                      1000     35     1264
  SINCE JUL 1   7298                      6732    566     7753

 COOLING
  YESTERDAY        0                         0      0        0
  MONTH TO DATE    0                         0      0        0
  SINCE MAR 1      0                         0      0        0
  SINCE JAN 1      0                         0      0        0
..................................................................


WIND (MPH)
  HIGHEST WIND SPEED    21   HIGHEST WIND DIRECTION     N (350)
  HIGHEST GUST SPEED    26   HIGHEST GUST DIRECTION     N (350)
  AVERAGE WIND SPEED    12.5




RELATIVE HUMIDITY (PERCENT)
 HIGHEST    84
 LOWEST     49
 AVERAGE    67

..........................................................


THE ALPENA MI CLIMATE NORMALS FOR TODAY
                         NORMAL    RECORD    YEAR
 MAXIMUM TEMPERATURE (F)   43        82      1946
 MINIMUM TEMPERATURE (F)   24        -7      1934


SUNRISE AND SUNSET
MARCH 28 2015.........SUNRISE   723 AM EDT   SUNSET   757 PM EDT
MARCH 29 2015.........SUNRISE   721 AM EDT   SUNSET   758 PM EDT


-  INDICATES NEGATIVE NUMBERS.
R  INDICATES RECORD WAS SET OR TIED.
MM INDICATES DATA IS MISSING.
T  INDICATES TRACE AMOUNT.




$$
