000
CDUS43 KAPX 180529
CLIAPN


CLIMATE REPORT
NATIONAL WEATHER SERVICE GAYLORD MI
1229 AM EST SUN FEB 18 2018


...................................

...THE ALPENA MI CLIMATE SUMMARY FOR FEBRUARY 17 2018...

CLIMATE NORMAL PERIOD 1981 TO 2010
CLIMATE RECORD PERIOD 1916 TO 2018


WEATHER ITEM   OBSERVED TIME   RECORD YEAR NORMAL DEPARTURE LAST
                VALUE   (LST)  VALUE       VALUE  FROM      YEAR
                                                  NORMAL
..................................................................
TEMPERATURE (F)
 YESTERDAY
  MAXIMUM         34    448 PM  57    1981  30      4       39
  MINIMUM          9   1208 AM -37    1979  11     -2        7
  AVERAGE         22                        20      2       23

PRECIPITATION (IN)
  YESTERDAY        T             0.55 2008   0.04  -0.04     0.00
  MONTH TO DATE    0.64                      0.74  -0.10     0.86
  SINCE DEC 1      4.03                      4.15  -0.12     5.54
  SINCE JAN 1      2.79                      2.40   0.39     3.50

SNOWFALL (IN)
  YESTERDAY        T             4.2  1941   0.7   -0.7      0.0
  MONTH TO DATE    8.0                      10.8   -2.8      6.1
  SINCE OCT 1     37.1                      59.4  -22.3     49.8
  SINCE JUL 1     37.1                      59.4  -22.3     49.8
  SNOW DEPTH       4

DEGREE DAYS
 HEATING
  YESTERDAY       43                        44     -1       42
  MONTH TO DATE  856                       774     82      714
  SINCE DEC 1   3618                      3433    185     3105
  SINCE JUL 1   5122                      5256   -134     4314
..................................................................


WIND (MPH)
  HIGHEST WIND SPEED    17   HIGHEST WIND DIRECTION    SW (220)
  HIGHEST GUST SPEED    23   HIGHEST GUST DIRECTION    SW (210)
  AVERAGE WIND SPEED     9.2




RELATIVE HUMIDITY (PERCENT)
 HIGHEST    83
 LOWEST     38
 AVERAGE    61

..........................................................


THE ALPENA MI CLIMATE NORMALS FOR TODAY
                         NORMAL    RECORD    YEAR
 MAXIMUM TEMPERATURE (F)   30        58      2017
 MINIMUM TEMPERATURE (F)   12       -34      1979


SUNRISE AND SUNSET
FEBRUARY 18 2018......SUNRISE   731 AM EST   SUNSET   606 PM EST
FEBRUARY 19 2018......SUNRISE   729 AM EST   SUNSET   608 PM EST


-  INDICATES NEGATIVE NUMBERS.
R  INDICATES RECORD WAS SET OR TIED.
MM INDICATES DATA IS MISSING.
T  INDICATES TRACE AMOUNT.




$$
