000
CDUS43 KAPX 012232
CLIAPN


CLIMATE REPORT
NATIONAL WEATHER SERVICE GAYLORD MI
532 PM EST SUN FEB 1 2015


...................................

...THE ALPENA MI CLIMATE SUMMARY FOR FEBRUARY 1 2015...
VALID TODAY AS OF 0500 PM LOCAL TIME.

CLIMATE NORMAL PERIOD 1981 TO 2010
CLIMATE RECORD PERIOD 1916 TO 2015


WEATHER ITEM   OBSERVED TIME   RECORD YEAR NORMAL DEPARTURE LAST
                VALUE   (LST)  VALUE       VALUE  FROM      YEAR
                                                  NORMAL
..................................................................
TEMPERATURE (F)
 TODAY
  MAXIMUM         16   1207 AM  49    1970  27    -11       19
  MINIMUM          6    459 PM -27    1918  10     -4       -9
  AVERAGE         11                        19     -8        5

PRECIPITATION (IN)
  TODAY            0.01          0.69 1968   0.04  -0.03     0.17
  MONTH TO DATE    0.01                      0.04  -0.03     0.17
  SINCE DEC 1      2.89                      3.45  -0.56     3.76
  SINCE JAN 1      1.20                      1.70  -0.50     1.62

SNOWFALL (IN)
  TODAY            0.2           7.5  1986   0.7             2.6
  MONTH TO DATE    0.2                       0.7             2.6
  SINCE OCT 1     31.6                      49.3            45.1
  SINCE JUL 1     31.6                      49.3            45.1

DEGREE DAYS
 HEATING
  TODAY           54                        46      8       60
  MONTH TO DATE   54                        46      8       60
  SINCE DEC 1   2757                      2705     52     3170
  SINCE JUL 1   4690                      4528    162     5038
..................................................................


WIND (MPH)
  RESULTANT WIND SPEED  12   RESULTANT WIND DIRECTION  NE (30)
  HIGHEST WIND SPEED    20   HIGHEST WIND DIRECTION    NE (30)
  HIGHEST GUST SPEED    22   HIGHEST GUST DIRECTION    NE (40)
  AVERAGE WIND SPEED    12.6


SKY COVER
  POSSIBLE SUNSHINE  MM
  AVERAGE SKY COVER 1.0


WEATHER CONDITIONS
 THE FOLLOWING WEATHER WAS RECORDED TODAY.
  LIGHT SNOW
  FOG
  HAZE
  BLOWING SNOW


RELATIVE HUMIDITY (PERCENT)
 HIGHEST    88
 LOWEST     76
 AVERAGE    82

..........................................................


THE ALPENA MI CLIMATE NORMALS FOR TOMORROW
                         NORMAL    RECORD    YEAR
 MAXIMUM TEMPERATURE (F)   27        46      1991
 MINIMUM TEMPERATURE (F)   10       -27      1959


SUNRISE AND SUNSET
FEBRUARY  1 2015......SUNRISE   754 AM EST   SUNSET   542 PM EST
FEBRUARY  2 2015......SUNRISE   753 AM EST   SUNSET   543 PM EST


-  INDICATES NEGATIVE NUMBERS.
R  INDICATES RECORD WAS SET OR TIED.
MM INDICATES DATA IS MISSING.
T  INDICATES TRACE AMOUNT.




$$
