000
CDUS43 KAPX 070528
CLIAPN


CLIMATE REPORT
NATIONAL WEATHER SERVICE GAYLORD MI
1227 AM EST SUN FEB 7 2016


...................................

...THE ALPENA MI CLIMATE SUMMARY FOR FEBRUARY 6 2016...

CLIMATE NORMAL PERIOD 1981 TO 2010
CLIMATE RECORD PERIOD 1916 TO 2016


WEATHER ITEM   OBSERVED TIME   RECORD YEAR NORMAL DEPARTURE LAST
                VALUE   (LST)  VALUE       VALUE  FROM      YEAR
                                                  NORMAL
..................................................................
TEMPERATURE (F)
 YESTERDAY
  MAXIMUM         32    154 PM  46    2005  28      4       29
  MINIMUM         16   1244 AM -16    1962  10      6       14
                                      1935
  AVERAGE         24                        19      5       22

PRECIPITATION (IN)
  YESTERDAY        T             0.64 1924   0.05  -0.05      T
  MONTH TO DATE    1.20                      0.26   0.94     0.02
  SINCE DEC 1      6.89                      3.67   3.22     2.90
  SINCE JAN 1      3.10                      1.92   1.18     1.21

SNOWFALL (IN)
  YESTERDAY        T             4.6  1924   0.7   -0.7       T
  MONTH TO DATE    7.4                       3.9    3.5      0.4
  SINCE OCT 1     32.0                      52.5  -20.5     31.8
  SINCE JUL 1     32.0                      52.5  -20.5     31.8
  SNOW DEPTH       9

DEGREE DAYS
 HEATING
  YESTERDAY       41                        46     -5       43
  MONTH TO DATE  237                       276    -39      317
  SINCE DEC 1   2425                      2935   -510     3020
  SINCE JUL 1   3798                      4758   -960     4953
..................................................................


WIND (MPH)
  HIGHEST WIND SPEED    17   HIGHEST WIND DIRECTION     W (260)
  HIGHEST GUST SPEED    26   HIGHEST GUST DIRECTION    SW (240)
  AVERAGE WIND SPEED     7.8




RELATIVE HUMIDITY (PERCENT)
 HIGHEST    84
 LOWEST     66
 AVERAGE    75

..........................................................


THE ALPENA MI CLIMATE NORMALS FOR TODAY
                         NORMAL    RECORD    YEAR
 MAXIMUM TEMPERATURE (F)   28        51      2009
 MINIMUM TEMPERATURE (F)   11       -23      1936


SUNRISE AND SUNSET
FEBRUARY  7 2016......SUNRISE   747 AM EST   SUNSET   550 PM EST
FEBRUARY  8 2016......SUNRISE   746 AM EST   SUNSET   551 PM EST


-  INDICATES NEGATIVE NUMBERS.
R  INDICATES RECORD WAS SET OR TIED.
MM INDICATES DATA IS MISSING.
T  INDICATES TRACE AMOUNT.




$$
