000
CDUS43 KAPX 240537
CLIAPN


CLIMATE REPORT
NATIONAL WEATHER SERVICE GAYLORD MI
137 AM EDT SUN MAY 24 2015


...................................

...THE ALPENA MI CLIMATE SUMMARY FOR MAY 23 2015...

CLIMATE NORMAL PERIOD 1981 TO 2010
CLIMATE RECORD PERIOD 1916 TO 2015


WEATHER ITEM   OBSERVED TIME   RECORD YEAR NORMAL DEPARTURE LAST
                VALUE   (LST)  VALUE       VALUE  FROM      YEAR
                                                  NORMAL
..................................................................
TEMPERATURE (F)
 YESTERDAY
  MAXIMUM         79    358 PM  89    1964  67     12       71
  MINIMUM         26R   449 AM  26    1958  43    -17       47
  AVERAGE         53                        55     -2       59

PRECIPITATION (IN)
  YESTERDAY        0.00          1.46 2004   0.09  -0.09     0.00
  MONTH TO DATE    1.78                      1.93  -0.15     2.31
  SINCE MAR 1      4.88                      6.18  -1.30     8.97
  SINCE JAN 1      6.67                      9.16  -2.49    11.50

DEGREE DAYS
 HEATING
  YESTERDAY       12                        11      1        6
  MONTH TO DATE  260                       322    -62      357
  SINCE MAR 1   2138                      2149    -11     2537
  SINCE JUL 1   8401                      7881    520     9026

 COOLING
  YESTERDAY        0                         0      0        0
  MONTH TO DATE    8                         0      8        0
  SINCE MAR 1      8                         2      6        0
  SINCE JAN 1      8                         2      6        0
..................................................................


WIND (MPH)
  HIGHEST WIND SPEED    17   HIGHEST WIND DIRECTION    SW (230)
  HIGHEST GUST SPEED    25   HIGHEST GUST DIRECTION    SW (220)
  AVERAGE WIND SPEED     6.7




RELATIVE HUMIDITY (PERCENT)
 HIGHEST    92
 LOWEST     19
 AVERAGE    56

..........................................................


THE ALPENA MI CLIMATE NORMALS FOR TODAY
                         NORMAL    RECORD    YEAR
 MAXIMUM TEMPERATURE (F)   67        88      2007
 MINIMUM TEMPERATURE (F)   43        24      1963


SUNRISE AND SUNSET
MAY 24 2015...........SUNRISE   556 AM EDT   SUNSET   906 PM EDT
MAY 25 2015...........SUNRISE   556 AM EDT   SUNSET   907 PM EDT


-  INDICATES NEGATIVE NUMBERS.
R  INDICATES RECORD WAS SET OR TIED.
MM INDICATES DATA IS MISSING.
T  INDICATES TRACE AMOUNT.




$$
