000
CDUS43 KAPX 290528
CLIAPN


CLIMATE REPORT
NATIONAL WEATHER SERVICE GAYLORD MI
128 AM EDT MON AUG 29 2016


...................................

...THE ALPENA MI CLIMATE SUMMARY FOR AUGUST 28 2016...

CLIMATE NORMAL PERIOD 1981 TO 2010
CLIMATE RECORD PERIOD 1916 TO 2016


WEATHER ITEM   OBSERVED TIME   RECORD YEAR NORMAL DEPARTURE LAST
                VALUE   (LST)  VALUE       VALUE  FROM      YEAR
                                                  NORMAL
..................................................................
TEMPERATURE (F)
 YESTERDAY
  MAXIMUM         83    308 PM  96    1953  75      8       76
  MINIMUM         60   1159 PM  31    1925  52      8       45
  AVERAGE         72                        63      9       61

PRECIPITATION (IN)
  YESTERDAY        0.00          1.84 1984   0.11  -0.11     0.00
  MONTH TO DATE    1.21                      2.91  -1.70     2.15
  SINCE JUN 1      5.19                      8.56  -3.37     5.96
  SINCE JAN 1     19.92                     18.46   1.46    14.51

DEGREE DAYS
 HEATING
  YESTERDAY        0                         3     -3        4
  MONTH TO DATE    5                        60    -55       39
  SINCE JUN 1    130                       247   -117      217
  SINCE JUL 1     22                       104    -82       74

 COOLING
  YESTERDAY        7                         2      5        0
  MONTH TO DATE  194                        74    120      116
  SINCE JUN 1    450                       246    204      266
  SINCE JAN 1    482                       259    223      290
..................................................................


WIND (MPH)
  HIGHEST WIND SPEED    14   HIGHEST WIND DIRECTION     N (340)
  HIGHEST GUST SPEED    19   HIGHEST GUST DIRECTION     W (270)
  AVERAGE WIND SPEED     5.4




RELATIVE HUMIDITY (PERCENT)
 HIGHEST    90
 LOWEST     43
 AVERAGE    67

..........................................................


THE ALPENA MI CLIMATE NORMALS FOR TODAY
                         NORMAL    RECORD    YEAR
 MAXIMUM TEMPERATURE (F)   75        95      1991
                                             1953
 MINIMUM TEMPERATURE (F)   52        30      1982


SUNRISE AND SUNSET
AUGUST 29 2016........SUNRISE   653 AM EDT   SUNSET   816 PM EDT
AUGUST 30 2016........SUNRISE   654 AM EDT   SUNSET   814 PM EDT


-  INDICATES NEGATIVE NUMBERS.
R  INDICATES RECORD WAS SET OR TIED.
MM INDICATES DATA IS MISSING.
T  INDICATES TRACE AMOUNT.




$$
