000
CDUS44 KLCH 260902
CLIARA


CLIMATE REPORT
NATIONAL WEATHER SERVICE LAKE CHARLES, LA
401 AM CDT MON SEP 26 2016


...................................

...THE NEW IBERIA CLIMATE SUMMARY FOR SEPTEMBER 25 2016...

CLIMATE NORMAL PERIOD 1981 TO 2010
CLIMATE RECORD PERIOD 1948 TO 2016


WEATHER ITEM   OBSERVED TIME   RECORD YEAR NORMAL DEPARTURE LAST
                VALUE   (LST)  VALUE       VALUE  FROM      YEAR
                                                  NORMAL
..................................................................
TEMPERATURE (F)
 YESTERDAY
  MAXIMUM         89    214 PM  93    2013  86      3       91
                                      1961
                                      1954
  MINIMUM         72    508 AM  55    1965  67      5       71
  AVERAGE         81                        76      5       81

PRECIPITATION (IN)
  YESTERDAY        0.00          1.72 1992   0.15  -0.15     0.00
  MONTH TO DATE    7.75                      3.72   4.03     3.14
  SINCE SEP 1      7.75                      3.72   4.03     3.14
  SINCE JAN 1     75.10                     44.57  30.53    46.05

SNOWFALL (IN)
  YESTERDAY        0.0           0.0    MM  MM               0.0
  MONTH TO DATE    0.0                      MM               0.0
  SINCE SEP 1      0.0                      MM               0.0
  SINCE JUL 1      0.0                      MM               0.0

DEGREE DAYS
 HEATING
  YESTERDAY        0                         0      0        0
  MONTH TO DATE    0                         0      0        0
  SINCE SEP 1      0                         0      0        0
  SINCE JUL 1      0                         0      0        0

 COOLING
  YESTERDAY       16                        11      5       16
  MONTH TO DATE  454                       361     93      387
  SINCE SEP 1    454                       361     93      387
  SINCE JAN 1   2739                      2504    235     2737
..................................................................


WIND (MPH)
  RESULTANT WIND SPEED   3   RESULTANT WIND DIRECTION   S (160)
  HIGHEST WIND SPEED    17   HIGHEST WIND DIRECTION     S (180)
  HIGHEST GUST SPEED    23   HIGHEST GUST DIRECTION     S (200)
  AVERAGE WIND SPEED     4.0


SKY COVER
  POSSIBLE SUNSHINE  MM
  AVERAGE SKY COVER 0.1


WEATHER CONDITIONS
 THE FOLLOWING WEATHER WAS RECORDED YESTERDAY.
  THUNDERSTORM


RELATIVE HUMIDITY (PERCENT)
 HIGHEST    93           500 AM
 LOWEST     55           100 PM
 AVERAGE    74

..........................................................


THE NEW IBERIA CLIMATE NORMALS FOR TODAY
                         NORMAL    RECORD    YEAR
 MAXIMUM TEMPERATURE (F)   86        95      2005
 MINIMUM TEMPERATURE (F)   66        52      1956


SUNRISE AND SUNSET
SEPTEMBER 26 2016.....SUNRISE   658 AM CDT   SUNSET   658 PM CDT
SEPTEMBER 27 2016.....SUNRISE   659 AM CDT   SUNSET   657 PM CDT


-  INDICATES NEGATIVE NUMBERS.
R  INDICATES RECORD WAS SET OR TIED.
MM INDICATES DATA IS MISSING.
T  INDICATES TRACE AMOUNT.




$$
