000
CDUS44 KLCH 161005
CLIARA


CLIMATE REPORT
NATIONAL WEATHER SERVICE LAKE CHARLES, LA
505 AM CDT WED APR 16 2014


...................................

...THE NEW IBERIA CLIMATE SUMMARY FOR APRIL 15 2014...

CLIMATE NORMAL PERIOD 1981 TO 2010
CLIMATE RECORD PERIOD 1948 TO 2014


WEATHER ITEM   OBSERVED TIME   RECORD YEAR NORMAL DEPARTURE LAST
                VALUE   (LST)  VALUE       VALUE  FROM      YEAR
                                                  NORMAL
..................................................................
TEMPERATURE (F)
 YESTERDAY
  MAXIMUM         61    323 PM  86    2001  79    -18       82
  MINIMUM         44    645 AM  38    2008  57    -13       64
  AVERAGE         53                        68    -15       73

PRECIPITATION (IN)
  YESTERDAY        0.00          4.19 1974   0.14  -0.14     0.00
  MONTH TO DATE    2.24                      2.22   0.02     5.09
  SINCE MAR 1      3.75                      5.99  -2.24     7.82
  SINCE JAN 1     12.09                     15.40  -3.31    24.57

SNOWFALL (IN)
  YESTERDAY        0.0           0.0    MM  MM               0.0
  MONTH TO DATE    0.0                      MM               0.0
  SINCE MAR 1      0.0                      MM               0.0
  SINCE JUL 1      0.1                      MM               0.0

DEGREE DAYS
 HEATING
  YESTERDAY       12                         1     11        0
  MONTH TO DATE   25                        35    -10       23
  SINCE MAR 1    238                       183     55      225
  SINCE JUL 1   1762                      1399    363     1112

 COOLING
  YESTERDAY        0                         4     -4        8
  MONTH TO DATE   49                        53     -4       55
  SINCE MAR 1     72                       105    -33       98
  SINCE JAN 1     90                       136    -46      146
..................................................................


WIND (MPH)
  RESULTANT WIND SPEED  17   RESULTANT WIND DIRECTION   N (0)
  HIGHEST WIND SPEED    31   HIGHEST WIND DIRECTION     N (360)
  HIGHEST GUST SPEED    39   HIGHEST GUST DIRECTION     N (10)
  AVERAGE WIND SPEED    17.7


SKY COVER
  POSSIBLE SUNSHINE  MM
  AVERAGE SKY COVER 0.4


WEATHER CONDITIONS
 THE FOLLOWING WEATHER WAS RECORDED YESTERDAY.
  NO SIGNIFICANT WEATHER WAS OBSERVED.


RELATIVE HUMIDITY (PERCENT)
 HIGHEST    86           200 AM
 LOWEST     29           400 PM
 AVERAGE    58

..........................................................


THE NEW IBERIA CLIMATE NORMALS FOR TODAY
                         NORMAL    RECORD    YEAR
 MAXIMUM TEMPERATURE (F)   79        87      1981
 MINIMUM TEMPERATURE (F)   57        38      1983


SUNRISE AND SUNSET
APRIL 16 2014.........SUNRISE   640 AM CDT   SUNSET   735 PM CDT
APRIL 17 2014.........SUNRISE   638 AM CDT   SUNSET   736 PM CDT


-  INDICATES NEGATIVE NUMBERS.
R  INDICATES RECORD WAS SET OR TIED.
MM INDICATES DATA IS MISSING.
T  INDICATES TRACE AMOUNT.




$$
