090
CDUS44 KLCH 041245
CLIARA


CLIMATE REPORT
NATIONAL WEATHER SERVICE LAKE CHARLES, LA
645 AM CST SUN DEC 4 2016


...................................

...THE NEW IBERIA CLIMATE SUMMARY FOR DECEMBER 3 2016...

CLIMATE NORMAL PERIOD 1981 TO 2010
CLIMATE RECORD PERIOD 1948 TO 2016


WEATHER ITEM   OBSERVED TIME   RECORD YEAR NORMAL DEPARTURE LAST
                VALUE   (LST)  VALUE       VALUE  FROM      YEAR
                                                  NORMAL
..................................................................
TEMPERATURE (F)
 YESTERDAY
  MAXIMUM         65   1157 PM  87    1982  67     -2       61
  MINIMUM         52    906 AM  29    1974  46      6       45
  AVERAGE         59                        56      3       53

PRECIPITATION (IN)
  YESTERDAY        0.71          2.58 1990   0.19   0.52     0.00
  MONTH TO DATE    0.77                      0.58   0.19     0.49
  SINCE DEC 1      0.77                      0.58   0.19     0.49
  SINCE JAN 1     78.05                     55.27  22.78    66.65

SNOWFALL (IN)
  YESTERDAY        0.0           0.0    MM  MM               0.0
  MONTH TO DATE    0.0                      MM               0.0
  SINCE DEC 1      0.0                      MM               0.0
  SINCE JUL 1      0.0                      MM               0.0

DEGREE DAYS
 HEATING
  YESTERDAY        6                        10     -4       12
  MONTH TO DATE   24                        28     -4       22
  SINCE DEC 1     24                        28     -4       22
  SINCE JUL 1    119                       223   -104       93

 COOLING
  YESTERDAY        0                         1     -1        0
  MONTH TO DATE    0                         3     -3        0
  SINCE DEC 1      0                         3     -3        0
  SINCE JAN 1   3143                      2795    348     3173
..................................................................


WIND (MPH)
  RESULTANT WIND SPEED  11   RESULTANT WIND DIRECTION   E (80)
  HIGHEST WIND SPEED    29   HIGHEST WIND DIRECTION     E (100)
  HIGHEST GUST SPEED    35   HIGHEST GUST DIRECTION     E (100)
  AVERAGE WIND SPEED    12.0


SKY COVER
  POSSIBLE SUNSHINE  MM
  AVERAGE SKY COVER 0.9


WEATHER CONDITIONS
 THE FOLLOWING WEATHER WAS RECORDED YESTERDAY.
  THUNDERSTORM
  HEAVY RAIN
  RAIN
  LIGHT RAIN
  FOG
  HAZE


RELATIVE HUMIDITY (PERCENT)
 HIGHEST    89           700 AM
 LOWEST     62           200 AM
 AVERAGE    76

..........................................................


THE NEW IBERIA CLIMATE NORMALS FOR TODAY
                         NORMAL    RECORD    YEAR
 MAXIMUM TEMPERATURE (F)   67        82      1998
                                             1995
                                             1954
 MINIMUM TEMPERATURE (F)   46        28      2006


SUNRISE AND SUNSET
DECEMBER  4 2016......SUNRISE   649 AM CST   SUNSET   507 PM CST
DECEMBER  5 2016......SUNRISE   649 AM CST   SUNSET   507 PM CST


-  INDICATES NEGATIVE NUMBERS.
R  INDICATES RECORD WAS SET OR TIED.
MM INDICATES DATA IS MISSING.
T  INDICATES TRACE AMOUNT.




$$
