000
CDUS44 KLCH 241245
CLIARA


CLIMATE REPORT
NATIONAL WEATHER SERVICE LAKE CHARLES, LA
645 AM CST TUE JAN 24 2017


...................................

...THE NEW IBERIA CLIMATE SUMMARY FOR JANUARY 23 2017...

CLIMATE NORMAL PERIOD 1981 TO 2010
CLIMATE RECORD PERIOD 1948 TO 2017


WEATHER ITEM   OBSERVED TIME   RECORD YEAR NORMAL DEPARTURE LAST
                VALUE   (LST)  VALUE       VALUE  FROM      YEAR
                                                  NORMAL
..................................................................
TEMPERATURE (F)
 YESTERDAY
  MAXIMUM         66    409 PM  80    2002  63      3       53
  MINIMUM         48   1159 PM  24    1948  43      5       33
  AVERAGE         57                        53      4       43

PRECIPITATION (IN)
  YESTERDAY        T             1.40 1999   0.16  -0.16     0.00
  MONTH TO DATE    2.42                      3.83  -1.41     5.88
  SINCE DEC 1     11.12                      8.83   2.29     8.90
  SINCE JAN 1      2.42                      3.83  -1.41     5.88

SNOWFALL (IN)
  YESTERDAY       MM             T    1948  MM               0.0
  MONTH TO DATE    0.0                      MM               0.0
  SINCE DEC 1      0.0                      MM               0.0
  SINCE JUL 1      0.0                      MM               0.0

DEGREE DAYS
 HEATING
  YESTERDAY        8                        12     -4       22
  MONTH TO DATE  132                       297   -165      331
  SINCE DEC 1    368                       649   -281      500
  SINCE JUL 1    463                       844   -381      571

 COOLING
  YESTERDAY        0                         0      0        0
  MONTH TO DATE   60                         9     51        0
  SINCE DEC 1    127                        31     96       83
  SINCE JAN 1     60                         9     51        0
..................................................................


WIND (MPH)
  RESULTANT WIND SPEED   8   RESULTANT WIND DIRECTION  NW (310)
  HIGHEST WIND SPEED    28   HIGHEST WIND DIRECTION    NW (320)
  HIGHEST GUST SPEED    36   HIGHEST GUST DIRECTION    NW (320)
  AVERAGE WIND SPEED     8.9


SKY COVER
  POSSIBLE SUNSHINE  MM
  AVERAGE SKY COVER 0.0


WEATHER CONDITIONS
 THE FOLLOWING WEATHER WAS RECORDED YESTERDAY.
  LIGHT RAIN


RELATIVE HUMIDITY (PERCENT)
 HIGHEST    80           900 PM
 LOWEST     40           300 PM
 AVERAGE    60

..........................................................


THE NEW IBERIA CLIMATE NORMALS FOR TODAY
                         NORMAL    RECORD    YEAR
 MAXIMUM TEMPERATURE (F)   63        80      2002
                                             1950
 MINIMUM TEMPERATURE (F)   43        16      1963


SUNRISE AND SUNSET
JANUARY 24 2017.......SUNRISE   702 AM CST   SUNSET   538 PM CST
JANUARY 25 2017.......SUNRISE   701 AM CST   SUNSET   539 PM CST


-  INDICATES NEGATIVE NUMBERS.
R  INDICATES RECORD WAS SET OR TIED.
MM INDICATES DATA IS MISSING.
T  INDICATES TRACE AMOUNT.




$$
