000
CDUS44 KLCH 160905
CLIARA


CLIMATE REPORT
NATIONAL WEATHER SERVICE LAKE CHARLES, LA
305 AM CST SAT DEC 16 2017


...................................

...THE NEW IBERIA CLIMATE SUMMARY FOR DECEMBER 15 2017...

CLIMATE NORMAL PERIOD 1981 TO 2010
CLIMATE RECORD PERIOD 1948 TO 2017


WEATHER ITEM   OBSERVED TIME   RECORD YEAR NORMAL DEPARTURE LAST
                VALUE   (LST)  VALUE       VALUE  FROM      YEAR
                                                  NORMAL
..................................................................
TEMPERATURE (F)
 YESTERDAY
  MAXIMUM         52    134 AM  81    1995  64    -12       57
  MINIMUM         43   1159 PM  24    1958  44     -1       40
  AVERAGE         48                        54     -6       49

PRECIPITATION (IN)
  YESTERDAY        0.03          1.82 1986   0.16  -0.13     0.00
  MONTH TO DATE    5.54                      2.68   2.86     5.24
  SINCE DEC 1      5.54                      2.68   2.86     5.24
  SINCE JAN 1     65.29                     57.37   7.92    82.52

SNOWFALL (IN)
  YESTERDAY       MM             0.0    MM  MM               0.0
  MONTH TO DATE    2.4                      MM               0.0
  SINCE DEC 1      2.4                      MM               0.0
  SINCE JUL 1      2.4                      MM               0.0

DEGREE DAYS
 HEATING
  YESTERDAY       17                        11      6       16
  MONTH TO DATE  204                       156     48      132
  SINCE DEC 1    204                       156     48      132
  SINCE JUL 1    383                       351     32      227

 COOLING
  YESTERDAY        0                         1     -1        0
  MONTH TO DATE    4                        15    -11       13
  SINCE DEC 1      4                        15    -11       13
  SINCE JAN 1   3091                      2807    284     3156
..................................................................


WIND (MPH)
  RESULTANT WIND SPEED   8   RESULTANT WIND DIRECTION   N (10)
  HIGHEST WIND SPEED    17   HIGHEST WIND DIRECTION     N (20)
  HIGHEST GUST SPEED    19   HIGHEST GUST DIRECTION     N (20)
  AVERAGE WIND SPEED     8.3


SKY COVER
  POSSIBLE SUNSHINE  MM
  AVERAGE SKY COVER 0.5


WEATHER CONDITIONS
 THE FOLLOWING WEATHER WAS RECORDED YESTERDAY.
  LIGHT RAIN


RELATIVE HUMIDITY (PERCENT)
 HIGHEST    83          1200 AM
 LOWEST     56          1100 AM
 AVERAGE    70

..........................................................


THE NEW IBERIA CLIMATE NORMALS FOR TODAY
                         NORMAL    RECORD    YEAR
 MAXIMUM TEMPERATURE (F)   64        79      2012
                                             1984
                                             1975
 MINIMUM TEMPERATURE (F)   44        22      1958


SUNRISE AND SUNSET
DECEMBER 16 2017......SUNRISE   657 AM CST   SUNSET   510 PM CST
DECEMBER 17 2017......SUNRISE   657 AM CST   SUNSET   510 PM CST


-  INDICATES NEGATIVE NUMBERS.
R  INDICATES RECORD WAS SET OR TIED.
MM INDICATES DATA IS MISSING.
T  INDICATES TRACE AMOUNT.




$$
