000
CDUS44 KLCH 050826
CLIARA


CLIMATE REPORT
NATIONAL WEATHER SERVICE LAKE CHARLES, LA
222 AM CST THU MAR 5 2015


...................................

...THE NEW IBERIA CLIMATE SUMMARY FOR MARCH 4 2015...

CLIMATE NORMAL PERIOD 1981 TO 2010
CLIMATE RECORD PERIOD 1948 TO 2015


WEATHER ITEM   OBSERVED TIME   RECORD YEAR NORMAL DEPARTURE LAST
                VALUE   (LST)  VALUE       VALUE  FROM      YEAR
                                                  NORMAL
..................................................................
TEMPERATURE (F)
 YESTERDAY
  MAXIMUM         81R   237 PM  80    2011  70     11       38
                                      2004
                                      1976
  MINIMUM         62    429 AM  25    2002  49     13       31
                                      1980
  AVERAGE         72                        60     12       35

PRECIPITATION (IN)
  YESTERDAY        T             1.68 1973   0.14  -0.14     0.38
  MONTH TO DATE    1.54                      0.57   0.97     0.56
  SINCE MAR 1      1.54                      0.57   0.97     0.56
  SINCE JAN 1      8.00                      9.98  -1.98     8.90

SNOWFALL (IN)
  YESTERDAY        0.0           0.0    MM  MM               0.0
  MONTH TO DATE    0.0                      MM               0.0
  SINCE MAR 1      0.0                      MM               0.0
  SINCE JUL 1      0.0                      MM               0.1

DEGREE DAYS
 HEATING
  YESTERDAY        0                         7     -7       30
  MONTH TO DATE    2                        28    -26       45
  SINCE MAR 1      2                        28    -26       45
  SINCE JUL 1   1345                      1244    101     1569

 COOLING
  YESTERDAY        7                         1      6        0
  MONTH TO DATE   13                         4      9        8
  SINCE MAR 1     13                         4      9        8
  SINCE JAN 1     17                        35    -18       26
..................................................................


WIND (MPH)
  RESULTANT WIND SPEED  10   RESULTANT WIND DIRECTION   S (180)
  HIGHEST WIND SPEED    24   HIGHEST WIND DIRECTION     S (180)
  HIGHEST GUST SPEED    32   HIGHEST GUST DIRECTION     S (170)
  AVERAGE WIND SPEED    10.4


SKY COVER
  POSSIBLE SUNSHINE  MM
  AVERAGE SKY COVER 0.8


WEATHER CONDITIONS
 THE FOLLOWING WEATHER WAS RECORDED YESTERDAY.
  LIGHT RAIN
  FOG
  FOG W/VISIBILITY <= 1/4 MILE


RELATIVE HUMIDITY (PERCENT)
 HIGHEST   100          1200 AM
 LOWEST     69          1200 PM
 AVERAGE    85

..........................................................


THE NEW IBERIA CLIMATE NORMALS FOR TODAY
                         NORMAL    RECORD    YEAR
 MAXIMUM TEMPERATURE (F)   70        83      1955
 MINIMUM TEMPERATURE (F)   49        27      2002


SUNRISE AND SUNSET
MARCH  5 2015.........SUNRISE   629 AM CST   SUNSET   609 PM CST
MARCH  6 2015.........SUNRISE   628 AM CST   SUNSET   610 PM CST


-  INDICATES NEGATIVE NUMBERS.
R  INDICATES RECORD WAS SET OR TIED.
MM INDICATES DATA IS MISSING.
T  INDICATES TRACE AMOUNT.




$$
