000
CDUS44 KLCH 260912
CLIARA


CLIMATE REPORT
NATIONAL WEATHER SERVICE LAKE CHARLES, LA
411 AM CDT SUN MAR 26 2017


...................................

...THE NEW IBERIA CLIMATE SUMMARY FOR MARCH 25 2017...

CLIMATE NORMAL PERIOD 1981 TO 2010
CLIMATE RECORD PERIOD 1948 TO 2017


WEATHER ITEM   OBSERVED TIME   RECORD YEAR NORMAL DEPARTURE LAST
                VALUE   (LST)  VALUE       VALUE  FROM      YEAR
                                                  NORMAL
..................................................................
TEMPERATURE (F)
 YESTERDAY
  MAXIMUM         77    354 PM  85    1949  75      2       72
  MINIMUM         61    545 AM  33    2006  53      8       46
  AVERAGE         69                        64      5       59

PRECIPITATION (IN)
  YESTERDAY        0.74          3.93 1973   0.14   0.60     0.00
  MONTH TO DATE    1.43                      3.03  -1.60     3.55
  SINCE MAR 1      1.43                      3.03  -1.60     3.55
  SINCE JAN 1      4.23                     12.44  -8.21    13.78

SNOWFALL (IN)
  YESTERDAY        0.0           0.0    MM  MM               0.0
  MONTH TO DATE    0.0                      MM               0.0
  SINCE MAR 1      0.0                      MM               0.0
  SINCE JUL 1      0.0                      MM               0.0

DEGREE DAYS
 HEATING
  YESTERDAY        0                         4     -4        6
  MONTH TO DATE   71                       129    -58       64
  SINCE MAR 1     71                       129    -58       64
  SINCE JUL 1    700                      1345   -645      980

 COOLING
  YESTERDAY        4                         2      2        0
  MONTH TO DATE   82                        35     47       73
  SINCE MAR 1     82                        35     47       73
  SINCE JAN 1    217                        66    151       83
..................................................................


WIND (MPH)
  RESULTANT WIND SPEED  11   RESULTANT WIND DIRECTION   S (180)
  HIGHEST WIND SPEED    28   HIGHEST WIND DIRECTION     W (260)
  HIGHEST GUST SPEED    37   HIGHEST GUST DIRECTION     W (270)
  AVERAGE WIND SPEED    10.1


SKY COVER
  POSSIBLE SUNSHINE  MM
  AVERAGE SKY COVER 0.4


WEATHER CONDITIONS
 THE FOLLOWING WEATHER WAS RECORDED YESTERDAY.
  THUNDERSTORM
  HEAVY RAIN
  RAIN
  LIGHT RAIN
  FOG


RELATIVE HUMIDITY (PERCENT)
 HIGHEST    87           900 PM
 LOWEST     50           400 PM
 AVERAGE    69

..........................................................


THE NEW IBERIA CLIMATE NORMALS FOR TODAY
                         NORMAL    RECORD    YEAR
 MAXIMUM TEMPERATURE (F)   75        85      2012
 MINIMUM TEMPERATURE (F)   53        34      1969


SUNRISE AND SUNSET
MARCH 26 2017.........SUNRISE   704 AM CDT   SUNSET   723 PM CDT
MARCH 27 2017.........SUNRISE   703 AM CDT   SUNSET   723 PM CDT


-  INDICATES NEGATIVE NUMBERS.
R  INDICATES RECORD WAS SET OR TIED.
MM INDICATES DATA IS MISSING.
T  INDICATES TRACE AMOUNT.




$$
