000
CDUS44 KLCH 292205
CLIARA


CLIMATE REPORT
NATIONAL WEATHER SERVICE LAKE CHARLES, LA
505 PM CDT SUN MAR 29 2015


...................................

...THE NEW IBERIA CLIMATE SUMMARY FOR MARCH 29 2015...
VALID TODAY AS OF 0500 PM LOCAL TIME.

CLIMATE NORMAL PERIOD 1981 TO 2010
CLIMATE RECORD PERIOD 1948 TO 2015


WEATHER ITEM   OBSERVED TIME   RECORD YEAR NORMAL DEPARTURE LAST
                VALUE   (LST)  VALUE       VALUE  FROM      YEAR
                                                  NORMAL
..................................................................
TEMPERATURE (F)
 TODAY
  MAXIMUM         79    136 PM  86    2011  75      4       74
  MINIMUM         53    436 AM  29    1955  53      0       54
  AVERAGE         66                        64      2       64

PRECIPITATION (IN)
  TODAY            T             1.90 1990   0.13  -0.13      T
  MONTH TO DATE    3.88                      3.55   0.33     1.51
  SINCE MAR 1      3.88                      3.55   0.33     1.51
  SINCE JAN 1     10.34                     12.96  -2.62     9.85

SNOWFALL (IN)
  TODAY            0.0           0.0    MM  MM               0.0
  MONTH TO DATE    T                        MM               0.0
  SINCE MAR 1      T                        MM               0.0
  SINCE JUL 1      T                        MM               0.1

DEGREE DAYS
 HEATING
  TODAY            0                         3     -3        1
  MONTH TO DATE   72                       141    -69      203
  SINCE MAR 1     72                       141    -69      203
  SINCE JUL 1   1415                      1357     58     1727

 COOLING
  TODAY            1                         3     -2        0
  MONTH TO DATE   82                        44     38       23
  SINCE MAR 1     82                        44     38       23
  SINCE JAN 1     86                        75     11       41
..................................................................


WIND (MPH)
  RESULTANT WIND SPEED   8   RESULTANT WIND DIRECTION   S (170)
  HIGHEST WIND SPEED    23   HIGHEST WIND DIRECTION     S (200)
  HIGHEST GUST SPEED    29   HIGHEST GUST DIRECTION     S (200)
  AVERAGE WIND SPEED     9.9


SKY COVER
  POSSIBLE SUNSHINE  MM
  AVERAGE SKY COVER 0.2


WEATHER CONDITIONS
 THE FOLLOWING WEATHER WAS RECORDED TODAY.
  FOG


RELATIVE HUMIDITY (PERCENT)
 HIGHEST   100           400 AM
 LOWEST     54           100 PM
 AVERAGE    77

..........................................................


THE NEW IBERIA CLIMATE NORMALS FOR TOMORROW
                         NORMAL    RECORD    YEAR
 MAXIMUM TEMPERATURE (F)   76        88      1997
 MINIMUM TEMPERATURE (F)   53        32      1987


SUNRISE AND SUNSET
MARCH 29 2015.........SUNRISE   701 AM CDT   SUNSET   724 PM CDT
MARCH 30 2015.........SUNRISE   700 AM CDT   SUNSET   725 PM CDT


-  INDICATES NEGATIVE NUMBERS.
R  INDICATES RECORD WAS SET OR TIED.
MM INDICATES DATA IS MISSING.
T  INDICATES TRACE AMOUNT.




$$
