000
CDUS43 KLOT 280635
CLIARR


CLIMATE REPORT
NATIONAL WEATHER SERVICE CHICAGO IL
134 AM CDT THU MAY 28 2015


...................................

...THE AURORA MUNICIPAL AIRPORT CLIMATE SUMMARY FOR MAY 27 2015...

CLIMATE NORMAL PERIOD 1981 TO 2010
CLIMATE RECORD PERIOD 1998 TO 2015


WEATHER ITEM   OBSERVED TIME   RECORD YEAR NORMAL DEPARTURE LAST
                VALUE   (LST)  VALUE       VALUE  FROM      YEAR
                                                  NORMAL
..................................................................
TEMPERATURE (F)
 YESTERDAY
  MAXIMUM         76    401 PM  97    2012  74      2       86
  MINIMUM         57   1159 PM  42    2008  51      6       65
  AVERAGE         67                        63      4       76

PRECIPITATION (IN)
  YESTERDAY        0.00          0.37 2014   0.13  -0.13     0.37
  MONTH TO DATE    3.74                      3.71   0.03     2.83
  SINCE MAR 1      8.37                      9.24  -0.87     6.14
  SINCE JAN 1      9.05                     12.33  -3.28     7.99

DEGREE DAYS
 HEATING
  YESTERDAY        0                         5     -5        0
  MONTH TO DATE  138                       214    -76      196
  SINCE MAR 1   1532                      1582    -50     1770
  SINCE JUL 1   6987                      6720    267     7346

 COOLING
  YESTERDAY        2                         2      0       11
  MONTH TO DATE   57                        28     29       66
  SINCE MAR 1     57                        31     26       66
  SINCE JAN 1     57                        31     26       66
..................................................................


WIND (MPH)
  RESULTANT WIND SPEED   8   RESULTANT WIND DIRECTION   W (260)
  HIGHEST WIND SPEED    23   HIGHEST WIND DIRECTION     W (270)
  HIGHEST GUST SPEED    29   HIGHEST GUST DIRECTION     W (270)
  AVERAGE WIND SPEED    10.4


SKY COVER
  POSSIBLE SUNSHINE  MM
  AVERAGE SKY COVER 0.3


WEATHER CONDITIONS
 THE FOLLOWING WEATHER WAS RECORDED YESTERDAY.
  NO SIGNIFICANT WEATHER WAS OBSERVED.


RELATIVE HUMIDITY (PERCENT)
 HIGHEST    86          1100 PM
 LOWEST     49           500 PM
 AVERAGE    68

..........................................................


THE AURORA MUNICIPAL AIRPORT CLIMATE NORMALS FOR TODAY
                         NORMAL    RECORD    YEAR
 MAXIMUM TEMPERATURE (F)   74        93      2006
 MINIMUM TEMPERATURE (F)   52        39      2008


SUNRISE AND SUNSET
MAY 28 2015...........SUNRISE   524 AM CDT   SUNSET   819 PM CDT
MAY 29 2015...........SUNRISE   523 AM CDT   SUNSET   820 PM CDT


-  INDICATES NEGATIVE NUMBERS.
R  INDICATES RECORD WAS SET OR TIED.
MM INDICATES DATA IS MISSING.
T  INDICATES TRACE AMOUNT.




$$
