000
CDUS41 KBUF 261010
CLIART


CLIMATE REPORT
NATIONAL WEATHER SERVICE BUFFALO NY
610 AM EDT WED APR 26 2017


...................................

...THE WATERTOWN NY CLIMATE SUMMARY FOR APRIL 25 2017...

CLIMATE NORMAL PERIOD 1981 TO 2010
CLIMATE RECORD PERIOD 1949 TO 2017


WEATHER ITEM   OBSERVED TIME   RECORD YEAR NORMAL DEPARTURE LAST
                VALUE   (LST)  VALUE       VALUE  FROM      YEAR
                                                  NORMAL
..................................................................
TEMPERATURE (F)
 YESTERDAY
  MAXIMUM         57    613 PM  79    2009  59     -2       51
  MINIMUM         37    527 AM  18    1972  37      0       39
  AVERAGE         47                        48     -1       45

PRECIPITATION (IN)
  YESTERDAY        0.17          0.74 1976   0.09   0.08      T
  MONTH TO DATE    3.68                      2.41   1.27     0.85
  SINCE MAR 1      6.03                      4.71   1.32     3.50
  SINCE JAN 1      9.66                      9.59   0.07     9.31

DEGREE DAYS
 HEATING
  YESTERDAY       18                        17      1       20
  MONTH TO DATE  472                       554    -82      634
  SINCE MAR 1   1646                      1620     26     1545
  SINCE JUL 1   6257                      7061   -804     6193

 COOLING
  YESTERDAY        0                         0      0        0
  MONTH TO DATE    4                         0      4        0
  SINCE MAR 1      4                         0      4        0
  SINCE JAN 1      4                         0      4        0
..................................................................


WIND (MPH)
  HIGHEST WIND SPEED    13   HIGHEST WIND DIRECTION    NE (50)
  HIGHEST GUST SPEED    16   HIGHEST GUST DIRECTION    NE (50)
  AVERAGE WIND SPEED     6.4


SKY COVER
  AVERAGE SKY COVER 0.6


WEATHER CONDITIONS
 THE FOLLOWING WEATHER WAS RECORDED YESTERDAY.
  RAIN
  LIGHT RAIN
  FOG


RELATIVE HUMIDITY (PERCENT)
 HIGHEST    93           200 PM
 LOWEST     67          1200 AM
 AVERAGE    80

..........................................................


THE WATERTOWN NY CLIMATE NORMALS FOR TODAY
                         NORMAL    RECORD    YEAR
 MAXIMUM TEMPERATURE (F)   59        82      2008
 MINIMUM TEMPERATURE (F)   37        26      2015
                                             2012
                                             2001


SUNRISE AND SUNSET
APRIL 26 2017.........SUNRISE   603 AM EDT   SUNSET   802 PM EDT
APRIL 27 2017.........SUNRISE   601 AM EDT   SUNSET   803 PM EDT


-  INDICATES NEGATIVE NUMBERS.
R  INDICATES RECORD WAS SET OR TIED.
MM INDICATES DATA IS MISSING.
T  INDICATES TRACE AMOUNT.




$$
