000
CDUS45 KGJT 290801
CLIASE


CLIMATE REPORT
NATIONAL WEATHER SERVICE GRAND JUNCTION CO
159 AM MDT SAT AUG 29 2015


...................................

...THE ASPEN CO CLIMATE SUMMARY FOR AUGUST 28 2015...

CLIMATE NORMAL PERIOD 1981 TO 2010
CLIMATE RECORD PERIOD 9999 TO 9999


WEATHER ITEM   OBSERVED TIME   RECORD YEAR NORMAL DEPARTURE LAST
                VALUE   (LST)  VALUE       VALUE  FROM      YEAR
                                                  NORMAL
..................................................................
TEMPERATURE (F)
 YESTERDAY
  MAXIMUM         76    320 PM  MM      MM  75      1       65
  MINIMUM         43    550 AM  MM      MM  44     -1       44
  AVERAGE         60                        59      1       55

PRECIPITATION (IN)
  YESTERDAY        0.00         MM      MM   0.06  -0.06     0.06
  MONTH TO DATE    1.37                      1.52  -0.15     1.73
  SINCE JUN 1      6.33                      4.36   1.97     3.67
  SINCE JAN 1     13.64                     11.30   2.34     9.20

SNOWFALL (IN)
  YESTERDAY       MM            MM      MM  MM     MM       MM
  MONTH TO DATE   MM                        MM     MM       MM
  SINCE JUN 1     MM                        MM     MM       MM
  SINCE JUL 1     MM                        MM     MM       MM
  SNOW DEPTH      MM

DEGREE DAYS
 HEATING
  YESTERDAY        5                         6     -1       10
  MONTH TO DATE   55                       105    -50      113
  SINCE JUN 1    266                       405   -139      343
  SINCE JUL 1    159                       176    -17      138

 COOLING
  YESTERDAY        0                         0      0        0
  MONTH TO DATE   20                         9     11        1
  SINCE JUN 1     72                        38     34       56
  SINCE JAN 1     72                        38     34       56
..................................................................


WIND (MPH)
  HIGHEST WIND SPEED    13   HIGHEST WIND DIRECTION    NW (330)
  HIGHEST GUST SPEED    17   HIGHEST GUST DIRECTION    NW (310)
  AVERAGE WIND SPEED     5.6


SKY COVER
  POSSIBLE SUNSHINE  MM
  AVERAGE SKY COVER 0.1


WEATHER CONDITIONS
 THE FOLLOWING WEATHER WAS RECORDED YESTERDAY.
  NO SIGNIFICANT WEATHER WAS OBSERVED.


RELATIVE HUMIDITY (PERCENT)
 HIGHEST    93           100 AM
 LOWEST     27           400 PM
 AVERAGE    60

..........................................................


THE ASPEN CO CLIMATE NORMALS FOR TODAY
                         NORMAL    RECORD    YEAR
 MAXIMUM TEMPERATURE (F)   74        MM        MM
 MINIMUM TEMPERATURE (F)   44        MM        MM


SUNRISE AND SUNSET
AUGUST 29 2015........SUNRISE   633 AM MDT   SUNSET   743 PM MDT
AUGUST 30 2015........SUNRISE   634 AM MDT   SUNSET   741 PM MDT


-  INDICATES NEGATIVE NUMBERS.
R  INDICATES RECORD WAS SET OR TIED.
MM INDICATES DATA IS MISSING.
T  INDICATES TRACE AMOUNT.




$$
