000
CDUS46 KPQR 011146
CLIAST


CLIMATE REPORT
NATIONAL WEATHER SERVICE PORTLAND OREGON
445 AM PDT TUE SEP 1 2015


...................................

...THE ASTORIA OR CLIMATE SUMMARY FOR AUGUST 31 2015...

CLIMATE NORMAL PERIOD 1981 TO 2010
CLIMATE RECORD PERIOD 1892 TO 2015


WEATHER ITEM   OBSERVED TIME   RECORD YEAR NORMAL DEPARTURE LAST
                VALUE   (LST)  VALUE       VALUE  FROM      YEAR
                                                  NORMAL
..................................................................
TEMPERATURE (F)
 YESTERDAY
  MAXIMUM         67    329 PM  88    1942  69     -2       69
  MINIMUM         61    716 AM  43    1973  52      9       57
                                      1964
  AVERAGE         64                        60      4       63

PRECIPITATION (IN)
  YESTERDAY        0.08          1.89 1927   0.06   0.02     0.00
  MONTH TO DATE    1.34                      1.16   0.18     0.70
  SINCE OCT 1     54.74                     65.12 -10.38    54.47
  SINCE JAN 1     29.12                     38.10  -8.98    42.31

DEGREE DAYS
 HEATING
  YESTERDAY        1                         5     -4        2
  MONTH TO DATE   49                       128    -79       53
  SINCE JUN 1    237                       523   -286      343
  SINCE JUL 1     88                       281   -193      163

 COOLING
  YESTERDAY        0                         0      0        0
  MONTH TO DATE   16                         4     12        6
  SINCE JUN 1     41                         7     34       14
  SINCE JAN 1     43                         7     36       25
..................................................................


WIND (MPH)
  HIGHEST WIND SPEED    20   HIGHEST WIND DIRECTION     S (200)
  HIGHEST GUST SPEED    28   HIGHEST GUST DIRECTION    SW (210)
  AVERAGE WIND SPEED    11.3


SKY COVER
  POSSIBLE SUNSHINE  MM
  AVERAGE SKY COVER 1.0


WEATHER CONDITIONS
 THE FOLLOWING WEATHER WAS RECORDED YESTERDAY.
  RAIN
  LIGHT RAIN
  FOG


RELATIVE HUMIDITY (PERCENT)
 HIGHEST    97           700 AM
 LOWEST     78          1200 AM
 AVERAGE    88

..........................................................


THE ASTORIA OR CLIMATE NORMALS FOR TODAY
                         NORMAL    RECORD    YEAR
 MAXIMUM TEMPERATURE (F)   69        90      1972
 MINIMUM TEMPERATURE (F)   52        38      1973


SUNRISE AND SUNSET
SEPTEMBER  1 2015.....SUNRISE   636 AM PDT   SUNSET   754 PM PDT
SEPTEMBER  2 2015.....SUNRISE   637 AM PDT   SUNSET   752 PM PDT


-  INDICATES NEGATIVE NUMBERS.
R  INDICATES RECORD WAS SET OR TIED.
MM INDICATES DATA IS MISSING.
T  INDICATES TRACE AMOUNT.




$$
