000
CDUS46 KPQR 231148
CLIAST


CLIMATE REPORT
NATIONAL WEATHER SERVICE PORTLAND OREGON
347 AM PST THU FEB 23 2017


...................................

...THE ASTORIA OR CLIMATE SUMMARY FOR FEBRUARY 22 2017...

CLIMATE NORMAL PERIOD 1981 TO 2010
CLIMATE RECORD PERIOD 1892 TO 2017


WEATHER ITEM   OBSERVED TIME   RECORD YEAR NORMAL DEPARTURE LAST
                VALUE   (LST)  VALUE       VALUE  FROM      YEAR
                                                  NORMAL
..................................................................
TEMPERATURE (F)
 YESTERDAY
  MAXIMUM         46    417 PM  67    1908  52     -6       52
  MINIMUM         30    723 AM  29    1988  37     -7       35
                                      1943
                                      1910
  AVERAGE         38                        45     -7       44

PRECIPITATION (IN)
  YESTERDAY        0.06          1.97 1933   0.25  -0.19     0.11
  MONTH TO DATE   10.94                      5.68   5.26     7.03
  SINCE OCT 1     60.62                     42.90  17.72    63.31
  SINCE JAN 1     16.75                     15.88   0.87    20.78

DEGREE DAYS
 HEATING
  YESTERDAY       27                        20      7       21
  MONTH TO DATE  459                       460     -1      344
  SINCE DEC 1   1964                      1812    152     1508
  SINCE JUL 1   2827                      3225   -398     2508

 COOLING
  YESTERDAY        0                         0      0        0
  MONTH TO DATE    0                         0      0        0
  SINCE DEC 1      0                         0      0        0
  SINCE JAN 1      0                         0      0        0
..................................................................


WIND (MPH)
  HIGHEST WIND SPEED    15   HIGHEST WIND DIRECTION    NW (320)
  HIGHEST GUST SPEED    18   HIGHEST GUST DIRECTION    NW (320)
  AVERAGE WIND SPEED     4.3


SKY COVER
  POSSIBLE SUNSHINE  MM
  AVERAGE SKY COVER 0.5


WEATHER CONDITIONS
 THE FOLLOWING WEATHER WAS RECORDED YESTERDAY.
  LIGHT RAIN
  FOG
  HAZE


RELATIVE HUMIDITY (PERCENT)
 HIGHEST    92           600 AM
 LOWEST     65           200 PM
 AVERAGE    79

..........................................................


THE ASTORIA OR CLIMATE NORMALS FOR TODAY
                         NORMAL    RECORD    YEAR
 MAXIMUM TEMPERATURE (F)   52        68      2005
 MINIMUM TEMPERATURE (F)   37        27      1953


SUNRISE AND SUNSET
FEBRUARY 23 2017......SUNRISE   704 AM PST   SUNSET   554 PM PST
FEBRUARY 24 2017......SUNRISE   703 AM PST   SUNSET   555 PM PST


-  INDICATES NEGATIVE NUMBERS.
R  INDICATES RECORD WAS SET OR TIED.
MM INDICATES DATA IS MISSING.
T  INDICATES TRACE AMOUNT.




$$
