000
CDUS46 KPQR 161152
CLIAST


CLIMATE REPORT
NATIONAL WEATHER SERVICE PORTLAND OREGON
351 AM PST TUE JAN 16 2018


...................................

...THE ASTORIA OR CLIMATE SUMMARY FOR JANUARY 15 2018...

CLIMATE NORMAL PERIOD 1981 TO 2010
CLIMATE RECORD PERIOD 1892 TO 2018


WEATHER ITEM   OBSERVED TIME   RECORD YEAR NORMAL DEPARTURE LAST
                VALUE   (LST)  VALUE       VALUE  FROM      YEAR
                                                  NORMAL
..................................................................
TEMPERATURE (F)
 YESTERDAY
  MAXIMUM         60    230 PM  61    1965  50     10       46
  MINIMUM         47    633 AM  18    1907  38      9       29
  AVERAGE         54                        44     10       38

PRECIPITATION (IN)
  YESTERDAY        0.06          1.70 2011   0.34  -0.28     0.00
  MONTH TO DATE    4.46                      5.18  -0.72     1.78
  SINCE OCT 1     35.25                     32.20   3.05    45.65
  SINCE JAN 1      4.46                      5.18  -0.72     1.78

DEGREE DAYS
 HEATING
  YESTERDAY       11                        21    -10       27
  MONTH TO DATE  261                       324    -63      432
  SINCE DEC 1    955                      1017    -62     1167
  SINCE JUL 1   2247                      2430   -183     2030

 COOLING
  YESTERDAY        0                         0      0        0
  MONTH TO DATE    0                         0      0        0
  SINCE DEC 1      0                         0      0        0
  SINCE JAN 1      0                         0      0        0
..................................................................


WIND (MPH)
  HIGHEST WIND SPEED    22   HIGHEST WIND DIRECTION     E (110)
  HIGHEST GUST SPEED    34   HIGHEST GUST DIRECTION     S (180)
  AVERAGE WIND SPEED     8.6


SKY COVER
  POSSIBLE SUNSHINE  MM
  AVERAGE SKY COVER 0.3


WEATHER CONDITIONS
 THE FOLLOWING WEATHER WAS RECORDED YESTERDAY.
  LIGHT RAIN
  FOG


RELATIVE HUMIDITY (PERCENT)
 HIGHEST    77          1100 PM
 LOWEST     47           100 PM
 AVERAGE    62

..........................................................


THE ASTORIA OR CLIMATE NORMALS FOR TODAY
                         NORMAL    RECORD    YEAR
 MAXIMUM TEMPERATURE (F)   50        61      1944
 MINIMUM TEMPERATURE (F)   38        20      1984


SUNRISE AND SUNSET
JANUARY 16 2018.......SUNRISE   753 AM PST   SUNSET   458 PM PST
JANUARY 17 2018.......SUNRISE   753 AM PST   SUNSET   459 PM PST


-  INDICATES NEGATIVE NUMBERS.
R  INDICATES RECORD WAS SET OR TIED.
MM INDICATES DATA IS MISSING.
T  INDICATES TRACE AMOUNT.




$$
