000
CDUS46 KPQR 301149
CLIAST


CLIMATE REPORT
NATIONAL WEATHER SERVICE PORTLAND OREGON
448 AM PDT TUE JUN 30 2015


...................................

...THE ASTORIA OR CLIMATE SUMMARY FOR JUNE 29 2015...

CLIMATE NORMAL PERIOD 1981 TO 2010
CLIMATE RECORD PERIOD 1892 TO 2015


WEATHER ITEM   OBSERVED TIME   RECORD YEAR NORMAL DEPARTURE LAST
                VALUE   (LST)  VALUE       VALUE  FROM      YEAR
                                                  NORMAL
..................................................................
TEMPERATURE (F)
 YESTERDAY
  MAXIMUM         69   1250 PM  93    1908  66      3       67
  MINIMUM         55    530 AM  42    1966  52      3       54
                                      1949
  AVERAGE         62                        59      3       61

PRECIPITATION (IN)
  YESTERDAY        0.01          0.66 1946   0.05  -0.04     0.05
  MONTH TO DATE    0.73                      2.49  -1.76     1.85
  SINCE OCT 1     53.01                     62.87  -9.86    52.69
  SINCE JAN 1     27.39                     35.85  -8.46    40.53

DEGREE DAYS
 HEATING
  YESTERDAY        3                         6     -3        4
  MONTH TO DATE  148                       237    -89      178
  SINCE JUN 1    148                       237    -89      178
  SINCE JUL 1   3922                      5018  -1096     4825

 COOLING
  YESTERDAY        0                         0      0        0
  MONTH TO DATE    4                         0      4        0
  SINCE JUN 1      4                         0      4        0
  SINCE JAN 1      6                         0      6       11
..................................................................


WIND (MPH)
  HIGHEST WIND SPEED    16   HIGHEST WIND DIRECTION    SW (210)
  HIGHEST GUST SPEED    21   HIGHEST GUST DIRECTION    SW (220)
  AVERAGE WIND SPEED     7.3


SKY COVER
  POSSIBLE SUNSHINE  MM
  AVERAGE SKY COVER 0.9


WEATHER CONDITIONS
 THE FOLLOWING WEATHER WAS RECORDED YESTERDAY.
  FOG


RELATIVE HUMIDITY (PERCENT)
 HIGHEST   100          1200 AM
 LOWEST     68           100 PM
 AVERAGE    84

..........................................................


THE ASTORIA OR CLIMATE NORMALS FOR TODAY
                         NORMAL    RECORD    YEAR
 MAXIMUM TEMPERATURE (F)   66        88      1908
 MINIMUM TEMPERATURE (F)   52        40      1985


SUNRISE AND SUNSET
JUNE 30 2015..........SUNRISE   527 AM PDT   SUNSET   911 PM PDT
JULY  1 2015..........SUNRISE   528 AM PDT   SUNSET   911 PM PDT


-  INDICATES NEGATIVE NUMBERS.
R  INDICATES RECORD WAS SET OR TIED.
MM INDICATES DATA IS MISSING.
T  INDICATES TRACE AMOUNT.




$$
