000
CDUS46 KPQR 271142
CLIAST


CLIMATE REPORT
NATIONAL WEATHER SERVICE PORTLAND OREGON
341 AM PST SAT DEC 27 2014


...................................

...THE ASTORIA OR CLIMATE SUMMARY FOR DECEMBER 26 2014...

CLIMATE NORMAL PERIOD 1981 TO 2010
CLIMATE RECORD PERIOD 1892 TO 2014


WEATHER ITEM   OBSERVED TIME   RECORD YEAR NORMAL DEPARTURE LAST
                VALUE   (LST)  VALUE       VALUE  FROM      YEAR
                                                  NORMAL
..................................................................
TEMPERATURE (F)
 YESTERDAY
  MAXIMUM         51    126 PM  64    1980  48      3       50
  MINIMUM         41    111 AM  19    1924  37      4       32
  AVERAGE         46                        42      4       41

PRECIPITATION (IN)
  YESTERDAY        0.16          3.59 1974   0.32  -0.16     0.00
  MONTH TO DATE    9.59                      8.34   1.25     4.92
  SINCE OCT 1     24.64                     25.47  -0.83    12.08
  SINCE JAN 1     71.89                     65.71   6.18    59.13

DEGREE DAYS
 HEATING
  YESTERDAY       19                        23     -4       24
  MONTH TO DATE  423                       584   -161      712
  SINCE DEC 1    423                       584   -161      712
  SINCE JUL 1   1410                      1997   -587     2065

 COOLING
  YESTERDAY        0                         0      0        0
  MONTH TO DATE    0                         0      0        0
  SINCE DEC 1      0                         0      0        0
  SINCE JAN 1     45                        12     33        9
..................................................................


WIND (MPH)
  HIGHEST WIND SPEED     7   HIGHEST WIND DIRECTION     E (90)
  HIGHEST GUST SPEED     9   HIGHEST GUST DIRECTION     E (70)
  AVERAGE WIND SPEED     2.8


SKY COVER
  POSSIBLE SUNSHINE  MM
  AVERAGE SKY COVER 1.0


WEATHER CONDITIONS
 THE FOLLOWING WEATHER WAS RECORDED YESTERDAY.
  LIGHT RAIN
  FOG


RELATIVE HUMIDITY (PERCENT)
 HIGHEST   100          1200 AM
 LOWEST     80           100 PM
 AVERAGE    90

..........................................................


THE ASTORIA OR CLIMATE NORMALS FOR TODAY
                         NORMAL    RECORD    YEAR
 MAXIMUM TEMPERATURE (F)   48        58      1980
                                             1979
 MINIMUM TEMPERATURE (F)   37        23      1985


SUNRISE AND SUNSET
DECEMBER 27 2014......SUNRISE   757 AM PST   SUNSET   436 PM PST
DECEMBER 28 2014......SUNRISE   758 AM PST   SUNSET   437 PM PST


-  INDICATES NEGATIVE NUMBERS.
R  INDICATES RECORD WAS SET OR TIED.
MM INDICATES DATA IS MISSING.
T  INDICATES TRACE AMOUNT.




$$
