000
CDUS46 KPQR 301141
CLIAST


CLIMATE REPORT
NATIONAL WEATHER SERVICE PORTLAND OREGON
340 AM PST FRI JAN 30 2015


...................................

...THE ASTORIA OR CLIMATE SUMMARY FOR JANUARY 29 2015...

CLIMATE NORMAL PERIOD 1981 TO 2010
CLIMATE RECORD PERIOD 1892 TO 2015


WEATHER ITEM   OBSERVED TIME   RECORD YEAR NORMAL DEPARTURE LAST
                VALUE   (LST)  VALUE       VALUE  FROM      YEAR
                                                  NORMAL
..................................................................
TEMPERATURE (F)
 YESTERDAY
  MAXIMUM         58    206 PM  63    1960  51      7       52
  MINIMUM         39    543 AM  11    1980  38      1       44
  AVERAGE         49                        44      5       48

PRECIPITATION (IN)
  YESTERDAY        0.00          2.82 2006   0.30  -0.30     0.64
  MONTH TO DATE    9.19                      9.61  -0.42     5.71
  SINCE OCT 1     34.81                     36.63  -1.82    17.87
  SINCE JAN 1      9.19                      9.61  -0.42     5.71

DEGREE DAYS
 HEATING
  YESTERDAY       16                        21     -5       17
  MONTH TO DATE  532                       618    -86      573
  SINCE DEC 1   1081                      1311   -230     1408
  SINCE JUL 1   2068                      2724   -656     2761

 COOLING
  YESTERDAY        0                         0      0        0
  MONTH TO DATE    0                         0      0        0
  SINCE DEC 1      0                         0      0        0
  SINCE JAN 1      0                         0      0        0
..................................................................


WIND (MPH)
  HIGHEST WIND SPEED    13   HIGHEST WIND DIRECTION    NE (60)
  HIGHEST GUST SPEED    17   HIGHEST GUST DIRECTION    NE (60)
  AVERAGE WIND SPEED     3.4


SKY COVER
  POSSIBLE SUNSHINE  MM
  AVERAGE SKY COVER 0.0


WEATHER CONDITIONS
 THE FOLLOWING WEATHER WAS RECORDED YESTERDAY.
  FOG
  FOG W/VISIBILITY <= 1/4 MILE


RELATIVE HUMIDITY (PERCENT)
 HIGHEST    96           300 AM
 LOWEST     62           200 PM
 AVERAGE    79

..........................................................


THE ASTORIA OR CLIMATE NORMALS FOR TODAY
                         NORMAL    RECORD    YEAR
 MAXIMUM TEMPERATURE (F)   51        70      1940
 MINIMUM TEMPERATURE (F)   38        18      1950


SUNRISE AND SUNSET
JANUARY 30 2015.......SUNRISE   741 AM PST   SUNSET   517 PM PST
JANUARY 31 2015.......SUNRISE   740 AM PST   SUNSET   519 PM PST


-  INDICATES NEGATIVE NUMBERS.
R  INDICATES RECORD WAS SET OR TIED.
MM INDICATES DATA IS MISSING.
T  INDICATES TRACE AMOUNT.




$$
