000
CDUS46 KPQR 011141
CLIAST


CLIMATE REPORT
NATIONAL WEATHER SERVICE PORTLAND OREGON
440 AM PDT WED OCT 1 2014


...................................

...THE ASTORIA OR CLIMATE SUMMARY FOR SEPTEMBER 30 2014...

CLIMATE NORMAL PERIOD 1981 TO 2010
CLIMATE RECORD PERIOD 1892 TO 2014


WEATHER ITEM   OBSERVED TIME   RECORD YEAR NORMAL DEPARTURE LAST
                VALUE   (LST)  VALUE       VALUE  FROM      YEAR
                                                  NORMAL
..................................................................
TEMPERATURE (F)
 YESTERDAY
  MAXIMUM         66    149 PM  86    1987  65      1       59
  MINIMUM         50    550 AM  34    1985  47      3       51
  AVERAGE         58                        56      2       55

PRECIPITATION (IN)
  YESTERDAY        0.01          2.41 1953   0.10  -0.09     0.19
  MONTH TO DATE    4.94                      2.14   2.80    10.70
  SINCE OCT 1     59.41                     67.26  -7.85    88.67
  SINCE JAN 1     47.25                     40.24   7.01    47.05

DEGREE DAYS
 HEATING
  YESTERDAY        7                         9     -2       10
  MONTH TO DATE   92                       200   -108      146
  SINCE SEP 1     92                       200   -108      146
  SINCE JUL 1    250                       481   -231      393

 COOLING
  YESTERDAY        0                         0      0        0
  MONTH TO DATE   20                         5     15        3
  SINCE SEP 1     20                         5     15        3
  SINCE JAN 1     45                        12     33        9
..................................................................


WIND (MPH)
  HIGHEST WIND SPEED    16   HIGHEST WIND DIRECTION     W (280)
  HIGHEST GUST SPEED    21   HIGHEST GUST DIRECTION     W (280)
  AVERAGE WIND SPEED     6.5


SKY COVER
  POSSIBLE SUNSHINE  MM
  AVERAGE SKY COVER 0.6


WEATHER CONDITIONS
 THE FOLLOWING WEATHER WAS RECORDED YESTERDAY.
  LIGHT RAIN
  FOG
  HAZE


RELATIVE HUMIDITY (PERCENT)
 HIGHEST    96           500 AM
 LOWEST     63           300 PM
 AVERAGE    80

..........................................................


THE ASTORIA OR CLIMATE NORMALS FOR TODAY
                         NORMAL    RECORD    YEAR
 MAXIMUM TEMPERATURE (F)   65        78      1952
                                             1945
 MINIMUM TEMPERATURE (F)   47        35      1983


SUNRISE AND SUNSET
OCTOBER  1 2014.......SUNRISE   714 AM PDT   SUNSET   655 PM PDT
OCTOBER  2 2014.......SUNRISE   715 AM PDT   SUNSET   653 PM PDT


-  INDICATES NEGATIVE NUMBERS.
R  INDICATES RECORD WAS SET OR TIED.
MM INDICATES DATA IS MISSING.
T  INDICATES TRACE AMOUNT.




$$
