000
CDUS46 KPQR 261142
CLIAST


CLIMATE REPORT
NATIONAL WEATHER SERVICE PORTLAND OREGON
442 AM PDT TUE JUL 26 2016


...................................

...THE ASTORIA OR CLIMATE SUMMARY FOR JULY 25 2016...

CLIMATE NORMAL PERIOD 1981 TO 2010
CLIMATE RECORD PERIOD 1892 TO 2016


WEATHER ITEM   OBSERVED TIME   RECORD YEAR NORMAL DEPARTURE LAST
                VALUE   (LST)  VALUE       VALUE  FROM      YEAR
                                                  NORMAL
..................................................................
TEMPERATURE (F)
 YESTERDAY
  MAXIMUM         72    130 PM  86    1899  68      4       69
  MINIMUM         60    514 AM  43    1930  54      6       56
  AVERAGE         66                        61      5       63

PRECIPITATION (IN)
  YESTERDAY        0.01          1.55 1916   0.03  -0.02     0.12
  MONTH TO DATE    1.12                      0.89   0.23     0.37
  SINCE OCT 1     82.88                     63.82  19.06    53.38
  SINCE JAN 1     40.35                     36.80   3.55    27.76

DEGREE DAYS
 HEATING
  YESTERDAY        0                         4     -4        2
  MONTH TO DATE   54                       124    -70       36
  SINCE JUN 1    230                       366   -136      185
  SINCE JUL 1     54                       124    -70       36

 COOLING
  YESTERDAY        1                         0      1        0
  MONTH TO DATE    1                         0      1       14
  SINCE JUN 1      7                         0      7       18
  SINCE JAN 1     10                         0     10       20
..................................................................


WIND (MPH)
  HIGHEST WIND SPEED    18   HIGHEST WIND DIRECTION     W (290)
  HIGHEST GUST SPEED    22   HIGHEST GUST DIRECTION    NW (310)
  AVERAGE WIND SPEED    10.2


SKY COVER
  POSSIBLE SUNSHINE  MM
  AVERAGE SKY COVER 0.9


WEATHER CONDITIONS
 THE FOLLOWING WEATHER WAS RECORDED YESTERDAY.
  LIGHT RAIN
  FOG


RELATIVE HUMIDITY (PERCENT)
 HIGHEST    90           300 AM
 LOWEST     70          1100 AM
 AVERAGE    80

..........................................................


THE ASTORIA OR CLIMATE NORMALS FOR TODAY
                         NORMAL    RECORD    YEAR
 MAXIMUM TEMPERATURE (F)   68        85      1899
 MINIMUM TEMPERATURE (F)   54        42      1930


SUNRISE AND SUNSET
JULY 26 2016..........SUNRISE   551 AM PDT   SUNSET   852 PM PDT
JULY 27 2016..........SUNRISE   552 AM PDT   SUNSET   851 PM PDT


-  INDICATES NEGATIVE NUMBERS.
R  INDICATES RECORD WAS SET OR TIED.
MM INDICATES DATA IS MISSING.
T  INDICATES TRACE AMOUNT.




$$
