000
CDUS46 KPQR 041144
CLIAST


CLIMATE REPORT
NATIONAL WEATHER SERVICE PORTLAND OREGON
443 AM PDT TUE AUG 4 2015


...................................

...THE ASTORIA OR CLIMATE SUMMARY FOR AUGUST 3 2015...

CLIMATE NORMAL PERIOD 1981 TO 2010
CLIMATE RECORD PERIOD 1892 TO 2015


WEATHER ITEM   OBSERVED TIME   RECORD YEAR NORMAL DEPARTURE LAST
                VALUE   (LST)  VALUE       VALUE  FROM      YEAR
                                                  NORMAL
..................................................................
TEMPERATURE (F)
 YESTERDAY
  MAXIMUM         71    219 PM  85    1988  68      3       74
  MINIMUM         58    306 AM  43    1969  54      4       58
  AVERAGE         65                        61      4       66

PRECIPITATION (IN)
  YESTERDAY        0.00          0.36 1962   0.02  -0.02     0.00
  MONTH TO DATE    0.00                      0.07  -0.07     0.00
  SINCE OCT 1     53.40                     64.03 -10.63    53.77
  SINCE JAN 1     27.78                     37.01  -9.23    41.61

DEGREE DAYS
 HEATING
  YESTERDAY        0                         4     -4        0
  MONTH TO DATE    0                        12    -12        3
  SINCE JUN 1    188                       404   -216      293
  SINCE JUL 1     39                       162   -123      113

 COOLING
  YESTERDAY        0                         0      0        1
  MONTH TO DATE    1                         0      1        1
  SINCE JUN 1     26                         3     23        9
  SINCE JAN 1     28                         3     25       20
..................................................................


WIND (MPH)
  HIGHEST WIND SPEED    18   HIGHEST WIND DIRECTION    NW (320)
  HIGHEST GUST SPEED    23   HIGHEST GUST DIRECTION    NW (320)
  AVERAGE WIND SPEED    10.0


SKY COVER
  POSSIBLE SUNSHINE  MM
  AVERAGE SKY COVER 0.8


WEATHER CONDITIONS
 THE FOLLOWING WEATHER WAS RECORDED YESTERDAY.
  NO SIGNIFICANT WEATHER WAS OBSERVED.


RELATIVE HUMIDITY (PERCENT)
 HIGHEST    93           100 AM
 LOWEST     66           100 PM
 AVERAGE    80

..........................................................


THE ASTORIA OR CLIMATE NORMALS FOR TODAY
                         NORMAL    RECORD    YEAR
 MAXIMUM TEMPERATURE (F)   68        92      2012
 MINIMUM TEMPERATURE (F)   54        43      1982


SUNRISE AND SUNSET
AUGUST  4 2015........SUNRISE   601 AM PDT   SUNSET   841 PM PDT
AUGUST  5 2015........SUNRISE   602 AM PDT   SUNSET   840 PM PDT


-  INDICATES NEGATIVE NUMBERS.
R  INDICATES RECORD WAS SET OR TIED.
MM INDICATES DATA IS MISSING.
T  INDICATES TRACE AMOUNT.




$$
