744
CDUS42 KFFC 220919
CLIATL


CLIMATE REPORT
NATIONAL WEATHER SERVICE PEACHTREE CITY GA
417 AM EST SUN JAN 22 2017


...................................

...THE ATLANTA CLIMATE SUMMARY FOR JANUARY 21 2017...

CLIMATE NORMAL PERIOD 1981 TO 2010
CLIMATE RECORD PERIOD 1878 TO 2017


WEATHER ITEM   OBSERVED TIME   RECORD YEAR NORMAL DEPARTURE LAST
                VALUE   (LST)  VALUE       VALUE  FROM      YEAR
                                                  NORMAL
..................................................................
TEMPERATURE (F)
 YESTERDAY
  MAXIMUM         64    536 PM  76    1927  53     11       50
  MINIMUM         56   1239 PM  -8    1985  34     22       37
  AVERAGE         60                        43     17       44

PRECIPITATION (IN)
  YESTERDAY        3.12R         1.97 2012   0.15   2.97     0.70
  MONTH TO DATE    7.04                      2.70   4.34     2.98
  SINCE DEC 1     10.04                      6.60   3.44    15.49
  SINCE JAN 1      7.04                      2.70   4.34     2.98

SNOWFALL (IN)
  YESTERDAY        0.0           T    2014   0.0    0.0      0.0
  MONTH TO DATE    0.0                       0.9   -0.9       T
  SINCE DEC 1      0.0                       1.3   -1.3       T
  SINCE JUL 1      0.0                       1.3   -1.3       T
  SNOW DEPTH       0

DEGREE DAYS
 HEATING
  YESTERDAY        5                        22    -17       21
  MONTH TO DATE  249                       462   -213      491
  SINCE DEC 1    740                      1075   -335      738
  SINCE JUL 1    962                      1543   -581     1042

 COOLING
  YESTERDAY        0                         0      0        0
  MONTH TO DATE    2                         0      2        0
  SINCE DEC 1      2                         1      1       22
  SINCE JAN 1      2                         0      2        0
..................................................................


WIND (MPH)
  RESULTANT WIND SPEED   2   RESULTANT WIND DIRECTION   E (70)
  HIGHEST WIND SPEED    30   HIGHEST WIND DIRECTION    NE (30)
  HIGHEST GUST SPEED    38   HIGHEST GUST DIRECTION    NW (310)
  AVERAGE WIND SPEED     6.3


SKY COVER
  AVERAGE SKY COVER 0.9


WEATHER CONDITIONS
 THE FOLLOWING WEATHER WAS RECORDED YESTERDAY.
  THUNDERSTORM
  HEAVY RAIN
  RAIN
  LIGHT RAIN
  FOG
  FOG W/VISIBILITY <= 1/4 MILE


RELATIVE HUMIDITY (PERCENT)
 HIGHEST   100           200 AM
 LOWEST     78           300 PM
 AVERAGE    89

..........................................................


THE ATLANTA CLIMATE NORMALS FOR TODAY
                         NORMAL    RECORD    YEAR
 MAXIMUM TEMPERATURE (F)   53        74      1999
                                             1937
                                             1929
 MINIMUM TEMPERATURE (F)   34        10      1961


SUNRISE AND SUNSET
JANUARY 22 2017.......SUNRISE   740 AM EST   SUNSET   559 PM EST
JANUARY 23 2017.......SUNRISE   739 AM EST   SUNSET   600 PM EST


-  INDICATES NEGATIVE NUMBERS.
R  INDICATES RECORD WAS SET OR TIED.
MM INDICATES DATA IS MISSING.
T  INDICATES TRACE AMOUNT.




$$
