000
CDUS42 KFFC 120922
CLIATL


CLIMATE REPORT
NATIONAL WEATHER SERVICE PEACHTREE CITY GA
422 AM EST TUE DEC 12 2017


...................................

...THE ATLANTA CLIMATE SUMMARY FOR DECEMBER 11 2017...

CLIMATE NORMAL PERIOD 1981 TO 2010
CLIMATE RECORD PERIOD 1878 TO 2017


WEATHER ITEM   OBSERVED TIME   RECORD YEAR NORMAL DEPARTURE LAST
                VALUE   (LST)  VALUE       VALUE  FROM      YEAR
                                                  NORMAL
..................................................................
TEMPERATURE (F)
 YESTERDAY
  MAXIMUM         61    312 PM  75    2007  55      6       50
  MINIMUM         30    719 AM  13    1962  37     -7       30
  AVERAGE         46                        46      0       40

PRECIPITATION (IN)
  YESTERDAY        0.00          2.14 1963   0.13  -0.13     0.00
  MONTH TO DATE    1.67                      1.48   0.19     2.00
  SINCE DEC 1      1.67                      1.48   0.19     2.00
  SINCE JAN 1     49.77                     47.29   2.48    37.69

SNOWFALL (IN)
  YESTERDAY        0.0           T    2003   0.1   -0.1      0.0
  MONTH TO DATE    2.3                       0.1    2.2      0.0
  SINCE DEC 1      2.3                       0.1    2.2      0.0
  SINCE JUL 1      2.3                       0.1    2.2      0.0
  SNOW DEPTH       T

DEGREE DAYS
 HEATING
  YESTERDAY       19                        19      0       25
  MONTH TO DATE  168                       195    -27      202
  SINCE DEC 1    168                       195    -27      202
  SINCE JUL 1    565                       663    -98      424

 COOLING
  YESTERDAY        0                         0      0        0
  MONTH TO DATE    0                         0      0        0
  SINCE DEC 1      0                         0      0        0
  SINCE JAN 1   2165                      1882    283     2561
..................................................................


WIND (MPH)
  RESULTANT WIND SPEED   6   RESULTANT WIND DIRECTION   W (260)
  HIGHEST WIND SPEED    15   HIGHEST WIND DIRECTION     W (260)
  HIGHEST GUST SPEED    21   HIGHEST GUST DIRECTION     W (270)
  AVERAGE WIND SPEED     6.7


SKY COVER
  AVERAGE SKY COVER 0.1


WEATHER CONDITIONS
 THE FOLLOWING WEATHER WAS RECORDED YESTERDAY.
  NO SIGNIFICANT WEATHER WAS OBSERVED.


RELATIVE HUMIDITY (PERCENT)
 HIGHEST    92           800 AM
 LOWEST     35           400 PM
 AVERAGE    64

..........................................................


THE ATLANTA CLIMATE NORMALS FOR TODAY
                         NORMAL    RECORD    YEAR
 MAXIMUM TEMPERATURE (F)   55        77      1971
 MINIMUM TEMPERATURE (F)   37         5      1962


SUNRISE AND SUNSET
DECEMBER 12 2017......SUNRISE   733 AM EST   SUNSET   530 PM EST
DECEMBER 13 2017......SUNRISE   734 AM EST   SUNSET   530 PM EST


-  INDICATES NEGATIVE NUMBERS.
R  INDICATES RECORD WAS SET OR TIED.
MM INDICATES DATA IS MISSING.
T  INDICATES TRACE AMOUNT.




$$
