000
CDUS42 KFFC 310023
CLIATL


CLIMATE REPORT
NATIONAL WEATHER SERVICE PEACHTREE CITY GA
823 PM EDT MON MAY 30 2016


...................................

...THE ATLANTA CLIMATE SUMMARY FOR MAY 30 2016...
VALID AS OF 0800 PM LOCAL TIME.

CLIMATE NORMAL PERIOD 1981 TO 2010
CLIMATE RECORD PERIOD 1878 TO 2016


WEATHER ITEM   OBSERVED TIME   RECORD YEAR NORMAL DEPARTURE LAST
                VALUE   (LST)  VALUE       VALUE  FROM      YEAR
                                                  NORMAL
..................................................................
TEMPERATURE (F)
 TODAY
  MAXIMUM         93    254 PM  94    1898  83     10       85
  MINIMUM         67    448 AM  44    1984  64      3       67
  AVERAGE         80                        74      6       76

PRECIPITATION (IN)
  TODAY            0.00          2.03 1959   0.11  -0.11     0.00
  MONTH TO DATE    1.25                      3.55  -2.30     4.25
  SINCE MAR 1      6.61                     11.72  -5.11    15.02
  SINCE JAN 1     19.14                     20.59  -1.45    23.53

SNOWFALL (IN)
  TODAY            0.0           9.0  2008   0.0    0.0      0.0
  MONTH TO DATE    0.0                       0.0    0.0      0.0
  SINCE MAR 1      T                         0.8   -0.8      0.0
  SINCE JUL 1      0.3                       2.9   -2.6       T
  SNOW DEPTH       0

DEGREE DAYS
 HEATING
  TODAY            0                         0      0        0
  MONTH TO DATE   19                        24     -5        6
  SINCE MAR 1    284                       509   -225      298
  SINCE JUL 1   1999                      2764   -765     2656

 COOLING
  TODAY           15                         9      6       11
  MONTH TO DATE  200                       174     26      252
  SINCE MAR 1    312                       239     73      348
  SINCE JAN 1    312                       240     72      348
..................................................................


WIND (MPH)
  RESULTANT WIND SPEED   3   RESULTANT WIND DIRECTION  NW (300)
  HIGHEST WIND SPEED    16   HIGHEST WIND DIRECTION    NW (320)
  HIGHEST GUST SPEED    27   HIGHEST GUST DIRECTION     N (350)
  AVERAGE WIND SPEED     6.5


SKY COVER
  AVERAGE SKY COVER 0.5


WEATHER CONDITIONS
 THE FOLLOWING WEATHER WAS RECORDED TODAY.
  NO SIGNIFICANT WEATHER WAS OBSERVED.


RELATIVE HUMIDITY (PERCENT)
 HIGHEST    81           400 AM
 LOWEST     28           400 PM

..........................................................


THE ATLANTA CLIMATE NORMALS FOR TOMORROW
                         NORMAL    RECORD    YEAR
 MAXIMUM TEMPERATURE (F)   83        95      1953
 MINIMUM TEMPERATURE (F)   65        41      1889


SUNRISE AND SUNSET
MAY 30 2016...........SUNRISE   629 AM EDT   SUNSET   842 PM EDT
MAY 31 2016...........SUNRISE   629 AM EDT   SUNSET   843 PM EDT


-  INDICATES NEGATIVE NUMBERS.
R  INDICATES RECORD WAS SET OR TIED.
MM INDICATES DATA IS MISSING.
T  INDICATES TRACE AMOUNT.




$$
