277
CDUS42 KFFC 060835
CLIATL


CLIMATE REPORT
NATIONAL WEATHER SERVICE PEACHTREE CITY GA
435 AM EDT FRI MAY 6 2016


...................................

...THE ATLANTA CLIMATE SUMMARY FOR MAY 5 2016...

CLIMATE NORMAL PERIOD 1981 TO 2010
CLIMATE RECORD PERIOD 1878 TO 2016


WEATHER ITEM   OBSERVED TIME   RECORD YEAR NORMAL DEPARTURE LAST
                VALUE   (LST)  VALUE       VALUE  FROM      YEAR
                                                  NORMAL
..................................................................
TEMPERATURE (F)
 YESTERDAY
  MAXIMUM         67        MM  91    1952  77    -10       81
  MINIMUM         49        MM  41    1954  57     -8       59
  AVERAGE         58                        67     -9       70

PRECIPITATION (IN)
  YESTERDAY        T             2.49 2003   0.13  -0.13     0.00
  MONTH TO DATE    0.23                      0.64  -0.41     0.00
  SINCE MAR 1      5.59                      8.81  -3.22    10.77
  SINCE JAN 1     18.12                     17.68   0.44    19.28

DEGREE DAYS
 HEATING
  YESTERDAY        7                         2      5        0
  MONTH TO DATE    9                        10     -1        6
  SINCE MAR 1    274                       495   -221      298
  SINCE JUL 1   1989                      2750   -761     2656

 COOLING
  YESTERDAY        0                         4     -4        5
  MONTH TO DATE   25                        17      8       12
  SINCE MAR 1    137                        82     55      108
  SINCE JAN 1    137                        83     54      108
..................................................................


WIND (MPH)
  RESULTANT WIND SPEED  14   RESULTANT WIND DIRECTION  NW (310)
  HIGHEST WIND SPEED    24   HIGHEST WIND DIRECTION    NW (300)
  HIGHEST GUST SPEED    36   HIGHEST GUST DIRECTION     W (290)
  AVERAGE WIND SPEED    15.3


SKY COVER
  AVERAGE SKY COVER 0.0


WEATHER CONDITIONS
 THE FOLLOWING WEATHER WAS RECORDED YESTERDAY.
  NO SIGNIFICANT WEATHER WAS OBSERVED.


RELATIVE HUMIDITY (PERCENT)
 HIGHEST     0          1200 AM
 LOWEST      0          1200 AM
 AVERAGE     0

..........................................................


THE ATLANTA CLIMATE NORMALS FOR TODAY
                         NORMAL    RECORD    YEAR
 MAXIMUM TEMPERATURE (F)   78        92      1952
 MINIMUM TEMPERATURE (F)   57        40      1917


SUNRISE AND SUNSET
MAY  6 2016...........SUNRISE   644 AM EDT   SUNSET   825 PM EDT
MAY  7 2016...........SUNRISE   643 AM EDT   SUNSET   826 PM EDT


-  INDICATES NEGATIVE NUMBERS.
R  INDICATES RECORD WAS SET OR TIED.
MM INDICATES DATA IS MISSING.
T  INDICATES TRACE AMOUNT.




$$
