000
CDUS44 KEWX 180819
CLIATT


CLIMATE REPORT
NATIONAL WEATHER SERVICE AUSTIN/SAN ANTONIO, TX
218 AM CST MON DEC 18 2017


...................................

...THE AUSTIN CAMP MABRY CLIMATE SUMMARY FOR DECEMBER 17 2017...

CLIMATE NORMAL PERIOD 1981 TO 2010
CLIMATE RECORD PERIOD 1897 TO 2017


WEATHER ITEM   OBSERVED TIME   RECORD YEAR NORMAL DEPARTURE LAST
                VALUE   (LST)  VALUE       VALUE  FROM      YEAR
                                                  NORMAL
..................................................................
TEMPERATURE (F)
 YESTERDAY
  MAXIMUM         59    328 PM  82    1990  62     -3       76
                                      1924
  MINIMUM         45    726 AM  21    1932  42      3       34
  AVERAGE         52                        52      0

PRECIPITATION (IN)
  YESTERDAY        0.00          1.00 1934   0.08  -0.08     0.00
                                      1898
  MONTH TO DATE    2.50                      1.30   1.20     2.53
  SINCE DEC 1      2.50                      1.30   1.20     2.53
  SINCE JAN 1     32.91                     33.22  -0.31    38.84

SNOWFALL (IN)
  YESTERDAY        0.0
  MONTH TO DATE    0.4
  SINCE DEC 1      0.4
  SINCE JUL 1      0.4
  SNOW DEPTH       0

DEGREE DAYS
 HEATING
  YESTERDAY       13                        13      0       10
  MONTH TO DATE  194                       203     -9      221
  SINCE DEC 1    194                       203     -9      221
  SINCE JUL 1    317                       415    -98      281

 COOLING
  YESTERDAY        0                         0      0        0
  MONTH TO DATE   14                         6      8        0
  SINCE DEC 1     14                         6      8        0
  SINCE JAN 1   3655                      3132    523     3450
..................................................................


WIND (MPH)
  HIGHEST WIND SPEED     9   HIGHEST WIND DIRECTION    SE (140)
  HIGHEST GUST SPEED    12   HIGHEST GUST DIRECTION    SE (150)
  AVERAGE WIND SPEED     1.7


SKY COVER
  AVERAGE SKY COVER 0.8


WEATHER CONDITIONS
 THE FOLLOWING WEATHER WAS RECORDED YESTERDAY.
  FOG


RELATIVE HUMIDITY (PERCENT)
 HIGHEST   100          1200 AM
 LOWEST     77           200 PM
 AVERAGE    89

..........................................................


THE AUSTIN CAMP MABRY CLIMATE NORMALS FOR TODAY
                         NORMAL    RECORD    YEAR
 MAXIMUM TEMPERATURE (F)   62        83      2012
 MINIMUM TEMPERATURE (F)   42        22      1983


SUNRISE AND SUNSET
DECEMBER 18 2017......SUNRISE   722 AM CST   SUNSET   533 PM CST
DECEMBER 19 2017......SUNRISE   722 AM CST   SUNSET   534 PM CST


-  INDICATES NEGATIVE NUMBERS.
R  INDICATES RECORD WAS SET OR TIED.
MM INDICATES DATA IS MISSING.
T  INDICATES TRACE AMOUNT.




$$
