000
CDUS44 KEWX 260719
CLIATT


CLIMATE REPORT
NATIONAL WEATHER SERVICE AUSTIN/SAN ANTONIO, TX
219 AM CDT SAT JUL 26 2014


...................................

...THE AUSTIN CAMP MABRY CLIMATE SUMMARY FOR JULY 25 2014...

CLIMATE NORMAL PERIOD 1981 TO 2010
CLIMATE RECORD PERIOD 1898 TO 2014


WEATHER ITEM   OBSERVED TIME   RECORD YEAR NORMAL DEPARTURE LAST
                VALUE   (LST)  VALUE       VALUE  FROM      YEAR
                                                  NORMAL
..................................................................
TEMPERATURE (F)
 YESTERDAY
  MAXIMUM         96    334 PM 105    2011  97     -1      100
                                      1923
  MINIMUM         75    605 AM  65    1924  75      0       76
  AVERAGE         86                        86      0

PRECIPITATION (IN)
  YESTERDAY        0.00          1.22 1908   0.05  -0.05     0.00
  MONTH TO DATE    5.58                      1.54   4.04     2.12
  SINCE JUN 1      8.66                      5.87   2.79     3.04
  SINCE JAN 1     19.74                     19.40   0.34    16.72

SNOWFALL (IN)
  YESTERDAY        0.0
  MONTH TO DATE    0.0
  SINCE JUN 1      0.0
  SINCE JUL 1      0.0
  SNOW DEPTH       0

DEGREE DAYS
 HEATING
  YESTERDAY        0                         0      0        0
  MONTH TO DATE    0                         0      0        0
  SINCE JUN 1      0                         0      0        0
  SINCE JUL 1      0                         0      0        0

 COOLING
  YESTERDAY       21                        21      0       23
  MONTH TO DATE  476                       494    -18      515
  SINCE JUN 1    995                      1010    -15     1127
  SINCE JAN 1   1569                      1623    -54     1751
..................................................................


WIND (MPH)
  HIGHEST WIND SPEED    12   HIGHEST WIND DIRECTION     S (170)
  HIGHEST GUST SPEED    18   HIGHEST GUST DIRECTION    SE (150)
  AVERAGE WIND SPEED     4.7


SKY COVER
  AVERAGE SKY COVER 0.1


WEATHER CONDITIONS
 THE FOLLOWING WEATHER WAS RECORDED YESTERDAY.
  NO SIGNIFICANT WEATHER WAS OBSERVED.


RELATIVE HUMIDITY (PERCENT)
 HIGHEST    87           400 AM
 LOWEST     39           500 PM
 AVERAGE    63

..........................................................


THE AUSTIN CAMP MABRY CLIMATE NORMALS FOR TODAY
                         NORMAL    RECORD    YEAR
 MAXIMUM TEMPERATURE (F)   97       109      1954
 MINIMUM TEMPERATURE (F)   75        67      1924


SUNRISE AND SUNSET
JULY 26 2014..........SUNRISE   646 AM CDT   SUNSET   829 PM CDT
JULY 27 2014..........SUNRISE   646 AM CDT   SUNSET   828 PM CDT


-  INDICATES NEGATIVE NUMBERS.
R  INDICATES RECORD WAS SET OR TIED.
MM INDICATES DATA IS MISSING.
T  INDICATES TRACE AMOUNT.




$$
