000
CDUS44 KEWX 230725
CLIATT


CLIMATE REPORT
NATIONAL WEATHER SERVICE AUSTIN/SAN ANTONIO, TX
224 AM CDT TUE MAY 23 2017


...................................

...THE AUSTIN CAMP MABRY CLIMATE SUMMARY FOR MAY 22 2017...

CLIMATE NORMAL PERIOD 1981 TO 2010
CLIMATE RECORD PERIOD 1897 TO 2017


WEATHER ITEM   OBSERVED TIME   RECORD YEAR NORMAL DEPARTURE LAST
                VALUE   (LST)  VALUE       VALUE  FROM      YEAR
                                                  NORMAL
..................................................................
TEMPERATURE (F)
 YESTERDAY
  MAXIMUM         77    228 PM  98    1939  88    -11       87
  MINIMUM         61    722 AM  54    2001  68     -7       72
  AVERAGE         69                        78     -9

PRECIPITATION (IN)
  YESTERDAY        0.02          1.30 1898   0.16  -0.14      T
  MONTH TO DATE    2.29                      2.99  -0.70     4.69
  SINCE MAR 1      5.99                      7.84  -1.85    15.32
  SINCE JAN 1     12.21                     12.08   0.13    17.00

SNOWFALL (IN)
  YESTERDAY        0.0
  MONTH TO DATE    T
  SINCE MAR 1      T
  SINCE JUL 1      T
  SNOW DEPTH       0

DEGREE DAYS
 HEATING
  YESTERDAY        0                         0      0        0
  MONTH TO DATE    0                         0      0        1
  SINCE MAR 1     56                       200   -144       84
  SINCE JUL 1    834                      1537   -703     1081

 COOLING
  YESTERDAY        4                        13     -9       15
  MONTH TO DATE  238                       234      4      177
  SINCE MAR 1    624                       459    165      460
  SINCE JAN 1    741                       486    255      499
..................................................................


WIND (MPH)
  HIGHEST WIND SPEED     9   HIGHEST WIND DIRECTION    NE (50)
  HIGHEST GUST SPEED    16   HIGHEST GUST DIRECTION     N (360)
  AVERAGE WIND SPEED     4.2


SKY COVER
  AVERAGE SKY COVER 0.9


WEATHER CONDITIONS
 THE FOLLOWING WEATHER WAS RECORDED YESTERDAY.
  LIGHT RAIN


RELATIVE HUMIDITY (PERCENT)
 HIGHEST    93           300 AM
 LOWEST     69           200 PM
 AVERAGE    81

..........................................................


THE AUSTIN CAMP MABRY CLIMATE NORMALS FOR TODAY
                         NORMAL    RECORD    YEAR
 MAXIMUM TEMPERATURE (F)   88       100      2008
 MINIMUM TEMPERATURE (F)   68        50      1913


SUNRISE AND SUNSET
MAY 23 2017...........SUNRISE   632 AM CDT   SUNSET   823 PM CDT
MAY 24 2017...........SUNRISE   632 AM CDT   SUNSET   824 PM CDT


-  INDICATES NEGATIVE NUMBERS.
R  INDICATES RECORD WAS SET OR TIED.
MM INDICATES DATA IS MISSING.
T  INDICATES TRACE AMOUNT.




$$
