000
CDUS44 KEWX 202254
CLIATT


CLIMATE REPORT
NATIONAL WEATHER SERVICE AUSTIN/SAN ANTONIO, TX
553 PM CDT SUN AUG 20 2017


...................................

...THE AUSTIN CAMP MABRY CLIMATE SUMMARY FOR AUGUST 20 2017...
VALID TODAY AS OF 550 PM LOCAL TIME.

CLIMATE NORMAL PERIOD 1981 TO 2010
CLIMATE RECORD PERIOD 1897 TO 2017


WEATHER ITEM   OBSERVED TIME   RECORD YEAR NORMAL DEPARTURE LAST
                VALUE   (LST)  VALUE       VALUE  FROM      YEAR
                                                  NORMAL
..................................................................
TEMPERATURE (F)
 TODAY
  MAXIMUM        101    340 PM 106    2011  97      4       83
                                      1999
  MINIMUM         76    623 AM  64    1940  75      1       73
  AVERAGE         89                        86      3       78

PRECIPITATION (IN)
  TODAY            0.00          0.74 2016   0.09  -0.09     0.74
  MONTH TO DATE    2.44                      1.30   1.14     6.43
  SINCE JUN 1      5.72                      7.51  -1.79    10.98
  SINCE JAN 1     18.50                     21.04  -2.54    30.44

SNOWFALL (IN)
  TODAY            0.0
  MONTH TO DATE    0.0
  SINCE JUN 1      0.0
  SINCE JUL 1      0.0
  SNOW DEPTH       0

DEGREE DAYS
 HEATING
  TODAY            0                         0      0        0
  MONTH TO DATE    0                         0      0        0
  SINCE JUN 1      0                         0      0        0
  SINCE JUL 1      0                         0      0        0

 COOLING
  TODAY           24                        21      3       13
  MONTH TO DATE  452                       420     32      410
  SINCE JUN 1   1778                      1556    222     1680
  SINCE JAN 1   2640                      2169    471     2295
..................................................................


WIND (MPH)
  HIGHEST WIND SPEED    13   HIGHEST WIND DIRECTION    SE (140)
  HIGHEST GUST SPEED    18   HIGHEST GUST DIRECTION     S (160)
  AVERAGE WIND SPEED     4.5


SKY COVER
  AVERAGE SKY COVER 0.0


WEATHER CONDITIONS
 THE FOLLOWING WEATHER WAS RECORDED TODAY.
  NO SIGNIFICANT WEATHER WAS OBSERVED.


RELATIVE HUMIDITY (PERCENT)
 HIGHEST    88           600 AM
 LOWEST     33           300 PM
 AVERAGE    61

..........................................................


THE AUSTIN CAMP MABRY CLIMATE NORMALS FOR TOMORROW
                         NORMAL    RECORD    YEAR
 MAXIMUM TEMPERATURE (F)   97       107      1925
 MINIMUM TEMPERATURE (F)   75        62      1940


SUNRISE AND SUNSET
AUGUST 20 2017........SUNRISE   701 AM CDT   SUNSET   807 PM CDT
AUGUST 21 2017........SUNRISE   701 AM CDT   SUNSET   806 PM CDT


-  INDICATES NEGATIVE NUMBERS.
R  INDICATES RECORD WAS SET OR TIED.
MM INDICATES DATA IS MISSING.
T  INDICATES TRACE AMOUNT.




$$
