000
CDUS44 KEWX 272258
CLIATT


CLIMATE REPORT
NATIONAL WEATHER SERVICE AUSTIN/SAN ANTONIO, TX
557 PM CDT WED MAY 27 2015


...................................

...THE AUSTIN CAMP MABRY CLIMATE SUMMARY FOR MAY 27 2015...
VALID TODAY AS OF 557 PM LOCAL TIME.

CLIMATE NORMAL PERIOD 1981 TO 2010
CLIMATE RECORD PERIOD 1897 TO 2015


WEATHER ITEM   OBSERVED TIME   RECORD YEAR NORMAL DEPARTURE LAST
                VALUE   (LST)  VALUE       VALUE  FROM      YEAR
                                                  NORMAL
..................................................................
TEMPERATURE (F)
 TODAY
  MAXIMUM         85    359 PM 100    2011  89     -4       73
  MINIMUM         67    605 AM  45    1901  69     -2       63
  AVERAGE         76                        79     -3       68

PRECIPITATION (IN)
  TODAY            T             1.75 2014   0.16  -0.16     1.75
  MONTH TO DATE   16.72                      3.77  12.95     7.09
  SINCE MAR 1     23.86                      8.62  15.24    10.25
  SINCE JAN 1     29.38                     12.86  16.52    11.08

SNOWFALL (IN)
  TODAY            0.0
  MONTH TO DATE    0.0
  SINCE MAR 1      T
  SINCE JUL 1      T
  SNOW DEPTH       0

DEGREE DAYS
 HEATING
  TODAY            0                         0      0        0
  MONTH TO DATE    0                         0      0        5
  SINCE MAR 1    215                       200     15      280
  SINCE JUL 1   1698                      1537    161     1776

 COOLING
  TODAY           11                        14     -3        3
  MONTH TO DATE  272                       302    -30      252
  SINCE MAR 1    539                       527     12      476
  SINCE JAN 1    550                       554     -4      517
..................................................................


WIND (MPH)
  HIGHEST WIND SPEED    10   HIGHEST WIND DIRECTION    NE (40)
  HIGHEST GUST SPEED    18   HIGHEST GUST DIRECTION    NE (30)
  AVERAGE WIND SPEED     3.9


SKY COVER
  AVERAGE SKY COVER 0.9


WEATHER CONDITIONS
 THE FOLLOWING WEATHER WAS RECORDED TODAY.
  THUNDERSTORM
  LIGHT RAIN
  FOG


RELATIVE HUMIDITY (PERCENT)
 HIGHEST    94           200 AM
 LOWEST     79           300 PM
 AVERAGE    87

..........................................................


THE AUSTIN CAMP MABRY CLIMATE NORMALS FOR TOMORROW
                         NORMAL    RECORD    YEAR
 MAXIMUM TEMPERATURE (F)   89       100      2011
 MINIMUM TEMPERATURE (F)   70        47      1901


SUNRISE AND SUNSET
MAY 27 2015...........SUNRISE   631 AM CDT   SUNSET   825 PM CDT
MAY 28 2015...........SUNRISE   631 AM CDT   SUNSET   826 PM CDT


-  INDICATES NEGATIVE NUMBERS.
R  INDICATES RECORD WAS SET OR TIED.
MM INDICATES DATA IS MISSING.
T  INDICATES TRACE AMOUNT.




$$
