000
CDUS44 KEWX 120721
CLIATT


CLIMATE REPORT
NATIONAL WEATHER SERVICE AUSTIN/SAN ANTONIO, TX
119 AM CST FRI FEB 12 2016


...................................

...THE AUSTIN CAMP MABRY CLIMATE SUMMARY FOR FEBRUARY 11 2016...

CLIMATE NORMAL PERIOD 1981 TO 2010
CLIMATE RECORD PERIOD 1897 TO 2016


WEATHER ITEM   OBSERVED TIME   RECORD YEAR NORMAL DEPARTURE LAST
                VALUE   (LST)  VALUE       VALUE  FROM      YEAR
                                                  NORMAL
..................................................................
TEMPERATURE (F)
 YESTERDAY
  MAXIMUM         83R   304 PM  83    1976  64     19       78
  MINIMUM         52    719 AM  17    1981  44      8       51
  AVERAGE         68                        54     14

PRECIPITATION (IN)
  YESTERDAY        0.00          1.29 1977   0.08  -0.08     0.00
  MONTH TO DATE    T                         0.76  -0.76     0.34
  SINCE DEC 1      3.34                      5.38  -2.04     6.42
  SINCE JAN 1      0.34                      2.98  -2.64     5.36

SNOWFALL (IN)
  YESTERDAY        0.0
  MONTH TO DATE    0.0
  SINCE DEC 1      0.0
  SINCE JUL 1      0.0
  SNOW DEPTH       0

DEGREE DAYS
 HEATING
  YESTERDAY        0                        11    -11        0
  MONTH TO DATE  110                       133    -23      116
  SINCE DEC 1    775                       961   -186      926
  SINCE JUL 1    935                      1173   -238     1216

 COOLING
  YESTERDAY        3                         1      2        0
  MONTH TO DATE    4                         6     -2        6
  SINCE DEC 1     32                        28      4       18
  SINCE JAN 1     12                        15     -3        9
..................................................................


WIND (MPH)
  HIGHEST WIND SPEED    13   HIGHEST WIND DIRECTION    SW (210)
  HIGHEST GUST SPEED    20   HIGHEST GUST DIRECTION    SW (230)
  AVERAGE WIND SPEED     4.8


SKY COVER
  AVERAGE SKY COVER 0.0


WEATHER CONDITIONS
 THE FOLLOWING WEATHER WAS RECORDED YESTERDAY.
  NO SIGNIFICANT WEATHER WAS OBSERVED.


RELATIVE HUMIDITY (PERCENT)
 HIGHEST    52          1100 PM
 LOWEST     20           200 PM
 AVERAGE    36

..........................................................


THE AUSTIN CAMP MABRY CLIMATE NORMALS FOR TODAY
                         NORMAL    RECORD    YEAR
 MAXIMUM TEMPERATURE (F)   65        83      1951
 MINIMUM TEMPERATURE (F)   44        -1      1899


SUNRISE AND SUNSET
FEBRUARY 12 2016......SUNRISE   714 AM CST   SUNSET   616 PM CST
FEBRUARY 13 2016......SUNRISE   713 AM CST   SUNSET   617 PM CST


-  INDICATES NEGATIVE NUMBERS.
R  INDICATES RECORD WAS SET OR TIED.
MM INDICATES DATA IS MISSING.
T  INDICATES TRACE AMOUNT.




$$
