000
CDUS43 KABR 141014
CLIATY


CLIMATE REPORT
NATIONAL WEATHER SERVICE ABERDEEN SD
413 AM CST SUN FEB 14 2016


...................................

...THE WATERTOWN SD CLIMATE SUMMARY FOR FEBRUARY 13 2016...

CLIMATE NORMAL PERIOD 1981 TO 2010
CLIMATE RECORD PERIOD 1898 TO 2016


WEATHER ITEM   OBSERVED TIME   RECORD YEAR NORMAL DEPARTURE LAST
                VALUE   (LST)  VALUE       VALUE  FROM      YEAR
                                                  NORMAL
..................................................................
TEMPERATURE (F)
 YESTERDAY
  MAXIMUM         12   1159 PM  56    1983  27    -15       31
  MINIMUM         -9   1228 AM -31    1905   7    -16        8
  AVERAGE          2                        17    -15       20

PRECIPITATION (IN)
  YESTERDAY       MM             0.51 1915   0.01  MM        0.00
  MONTH TO DATE    0.14                      0.21  -0.07     0.18
  SINCE DEC 1      0.94                      1.26  -0.32     1.22
  SINCE JAN 1      0.62                      0.73  -0.11     0.58

SNOWFALL (IN)
  YESTERDAY       MM
  MONTH TO DATE    2.9
  SINCE OCT 1     23.2
  SINCE JUL 1     23.2
  SNOW DEPTH       7

DEGREE DAYS
 HEATING
  YESTERDAY       63                        48     15       45
  MONTH TO DATE  628                       648    -20      646
  SINCE DEC 1   3403                      3790   -387     3449
  SINCE JUL 1   4762                      5730   -968     5530

 COOLING
  YESTERDAY        0                         0      0        0
  MONTH TO DATE    0                         0      0        0
  SINCE DEC 1      0                         0      0        0
  SINCE JAN 1      0                         0      0        0
..................................................................


WIND (MPH)
  HIGHEST WIND SPEED    26   HIGHEST WIND DIRECTION    SE (150)
  HIGHEST GUST SPEED    33   HIGHEST GUST DIRECTION    SE (150)
  AVERAGE WIND SPEED    14.1


SKY COVER
  POSSIBLE SUNSHINE  MM
  AVERAGE SKY COVER 0.8


WEATHER CONDITIONS
 THE FOLLOWING WEATHER WAS RECORDED YESTERDAY.
  LIGHT SNOW
  HAZE


RELATIVE HUMIDITY (PERCENT)
 HIGHEST    83          1000 PM
 LOWEST     59           600 AM
 AVERAGE    71

..........................................................


THE WATERTOWN SD CLIMATE NORMALS FOR TODAY
                         NORMAL    RECORD    YEAR
 MAXIMUM TEMPERATURE (F)   27        58      1999
 MINIMUM TEMPERATURE (F)    7       -32      1936


SUNRISE AND SUNSET
FEBRUARY 14 2016......SUNRISE   731 AM CST   SUNSET   555 PM CST
FEBRUARY 15 2016......SUNRISE   730 AM CST   SUNSET   556 PM CST


-  INDICATES NEGATIVE NUMBERS.
R  INDICATES RECORD WAS SET OR TIED.
MM INDICATES DATA IS MISSING.
T  INDICATES TRACE AMOUNT.




$$
