000
CDUS43 KABR 232333
CLIATY


CLIMATE REPORT
NATIONAL WEATHER SERVICE ABERDEEN SD
533 PM CST MON JAN 23 2017


...................................

...THE WATERTOWN SD CLIMATE SUMMARY FOR JANUARY 23 2017...
VALID TODAY AS OF 0500 PM LOCAL TIME.

CLIMATE NORMAL PERIOD 1981 TO 2010
CLIMATE RECORD PERIOD 1898 TO 2017


WEATHER ITEM   OBSERVED TIME   RECORD YEAR NORMAL DEPARTURE LAST
                VALUE   (LST)  VALUE       VALUE  FROM      YEAR
                                                  NORMAL
..................................................................
TEMPERATURE (F)
 TODAY
  MAXIMUM         30    343 AM  57    1981  22      8       27
  MINIMUM         28    229 PM -31    1948   3     25        8
  AVERAGE         29                        13     16       18

PRECIPITATION (IN)
  TODAY           MM             0.25 2010   0.02  MM        0.00
  MONTH TO DATE    0.58                      0.39   0.19     0.21
  SINCE DEC 1      1.83                      0.92   0.91     0.53
  SINCE JAN 1      0.58                      0.39   0.19     0.21

SNOWFALL (IN)
  TODAY           MM
  MONTH TO DATE    9.0
  SINCE OCT 1     26.7
  SINCE JUL 1     26.7
  SNOW DEPTH       7

DEGREE DAYS
 HEATING
  TODAY           36                        52    -16       47
  MONTH TO DATE 1255                      1210     45     1207
  SINCE DEC 1   2850                      2729    121     2472
  SINCE JUL 1   4221                      4669   -448     3831

 COOLING
  TODAY            0                         0      0        0
  MONTH TO DATE    0                         0      0        0
  SINCE DEC 1      0                         0      0        0
  SINCE JAN 1      0                         0      0        0
..................................................................


WIND (MPH)
  HIGHEST WIND SPEED    15   HIGHEST WIND DIRECTION    NW (310)
  HIGHEST GUST SPEED    19   HIGHEST GUST DIRECTION    NW (310)
  AVERAGE WIND SPEED     7.1


SKY COVER
  POSSIBLE SUNSHINE  MM
  AVERAGE SKY COVER 1.0


WEATHER CONDITIONS
 THE FOLLOWING WEATHER WAS RECORDED TODAY.
  FOG


RELATIVE HUMIDITY (PERCENT)
 HIGHEST    92          1200 AM
 LOWEST     85           200 AM
 AVERAGE    89

..........................................................


THE WATERTOWN SD CLIMATE NORMALS FOR TOMORROW
                         NORMAL    RECORD    YEAR
 MAXIMUM TEMPERATURE (F)   23        65      1981
 MINIMUM TEMPERATURE (F)    3       -36      1904


SUNRISE AND SUNSET
JANUARY 23 2017.......SUNRISE   757 AM CST   SUNSET   525 PM CST
JANUARY 24 2017.......SUNRISE   756 AM CST   SUNSET   526 PM CST


-  INDICATES NEGATIVE NUMBERS.
R  INDICATES RECORD WAS SET OR TIED.
MM INDICATES DATA IS MISSING.
T  INDICATES TRACE AMOUNT.




$$
