000
CDUS43 KABR 281009
CLIATY


CLIMATE REPORT
NATIONAL WEATHER SERVICE ABERDEEN SD
408 AM CST TUE FEB 28 2017


...................................

...THE WATERTOWN SD CLIMATE SUMMARY FOR FEBRUARY 27 2017...

CLIMATE NORMAL PERIOD 1981 TO 2010
CLIMATE RECORD PERIOD 1898 TO 2017


WEATHER ITEM   OBSERVED TIME   RECORD YEAR NORMAL DEPARTURE LAST
                VALUE   (LST)  VALUE       VALUE  FROM      YEAR
                                                  NORMAL
..................................................................
TEMPERATURE (F)
 YESTERDAY
  MAXIMUM         44    400 PM  60    2016  31     13       60
                                      1921
  MINIMUM         19    716 AM -23    1962  13      6       28
  AVERAGE         32                        22     10       44

PRECIPITATION (IN)
  YESTERDAY        0.00          0.49 1948   0.02  -0.02     0.00
  MONTH TO DATE    0.11                      0.53  -0.42     0.39
  SINCE DEC 1      2.02                      1.58   0.44     1.19
  SINCE JAN 1      0.77                      1.05  -0.28     0.87

SNOWFALL (IN)
  YESTERDAY        0.0
  MONTH TO DATE    T
  SINCE OCT 1     27.5
  SINCE JUL 1     27.5
  SNOW DEPTH       0

DEGREE DAYS
 HEATING
  YESTERDAY       33                        43    -10       21
  MONTH TO DATE 1019                      1286   -267     1113
  SINCE DEC 1   4193                      4428   -235     3888
  SINCE JUL 1   5564                      6368   -804     5247

 COOLING
  YESTERDAY        0                         0      0        0
  MONTH TO DATE    0                         0      0        0
  SINCE DEC 1      0                         0      0        0
  SINCE JAN 1      0                         0      0        0
..................................................................


WIND (MPH)
  HIGHEST WIND SPEED    25   HIGHEST WIND DIRECTION     S (200)
  HIGHEST GUST SPEED    33   HIGHEST GUST DIRECTION    SW (210)
  AVERAGE WIND SPEED     9.8


SKY COVER
  POSSIBLE SUNSHINE  MM
  AVERAGE SKY COVER 0.3


WEATHER CONDITIONS
 THE FOLLOWING WEATHER WAS RECORDED YESTERDAY.
  NO SIGNIFICANT WEATHER WAS OBSERVED.


RELATIVE HUMIDITY (PERCENT)
 HIGHEST    91           600 AM
 LOWEST     38           100 PM
 AVERAGE    65

..........................................................


THE WATERTOWN SD CLIMATE NORMALS FOR TODAY
                         NORMAL    RECORD    YEAR
 MAXIMUM TEMPERATURE (F)   32        58      2000
                                             1934
 MINIMUM TEMPERATURE (F)   13       -31      1962


SUNRISE AND SUNSET
FEBRUARY 28 2017......SUNRISE   708 AM CST   SUNSET   615 PM CST
MARCH  1 2017.........SUNRISE   706 AM CST   SUNSET   617 PM CST


-  INDICATES NEGATIVE NUMBERS.
R  INDICATES RECORD WAS SET OR TIED.
MM INDICATES DATA IS MISSING.
T  INDICATES TRACE AMOUNT.




$$
