000
CDUS43 KABR 290907
CLIATY


CLIMATE REPORT
NATIONAL WEATHER SERVICE ABERDEEN SD
407 AM CDT FRI AUG 29 2014


...................................

...THE WATERTOWN SD CLIMATE SUMMARY FOR AUGUST 28 2014...

CLIMATE NORMAL PERIOD 1981 TO 2010
CLIMATE RECORD PERIOD 1898 TO 2014


WEATHER ITEM   OBSERVED TIME   RECORD YEAR NORMAL DEPARTURE LAST
                VALUE   (LST)  VALUE       VALUE  FROM      YEAR
                                                  NORMAL
..................................................................
TEMPERATURE (F)
 YESTERDAY
  MAXIMUM         68    400 PM  98    1984  78    -10       90
  MINIMUM         64   1211 AM  32    1965  55      9       71
  AVERAGE         66                        66      0       81

PRECIPITATION (IN)
  YESTERDAY        0.22          1.41 1932   0.09   0.13     0.05
  MONTH TO DATE    2.90                      2.53   0.37     0.53
  SINCE JUN 1      8.75                      9.13  -0.38     8.83
  SINCE JAN 1     13.62                     15.98  -2.36    16.82

DEGREE DAYS
 HEATING
  YESTERDAY        0                         2     -2        0
  MONTH TO DATE   19                        34    -15       19
  SINCE JUN 1    117                       129    -12      139
  SINCE JUL 1     54                        51      3       51

 COOLING
  YESTERDAY        1                         3     -2       16
  MONTH TO DATE  100                       140    -40      167
  SINCE JUN 1    282                       442   -160      453
  SINCE JAN 1    323                       464   -141      475
..................................................................


WIND (MPH)
  HIGHEST WIND SPEED    14   HIGHEST WIND DIRECTION    SE (140)
  HIGHEST GUST SPEED    19   HIGHEST GUST DIRECTION    SE (140)
  AVERAGE WIND SPEED     6.8


SKY COVER
  POSSIBLE SUNSHINE  MM
  AVERAGE SKY COVER 0.9


WEATHER CONDITIONS
 THE FOLLOWING WEATHER WAS RECORDED YESTERDAY.
  LIGHT RAIN
  FOG


RELATIVE HUMIDITY (PERCENT)
 HIGHEST   100          1200 PM
 LOWEST     87           100 AM
 AVERAGE    94

..........................................................


THE WATERTOWN SD CLIMATE NORMALS FOR TODAY
                         NORMAL    RECORD    YEAR
 MAXIMUM TEMPERATURE (F)   77        97      1961
                                             1961
 MINIMUM TEMPERATURE (F)   55        35      1911


SUNRISE AND SUNSET
AUGUST 29 2014........SUNRISE   647 AM CDT   SUNSET   811 PM CDT
AUGUST 30 2014........SUNRISE   648 AM CDT   SUNSET   809 PM CDT


-  INDICATES NEGATIVE NUMBERS.
R  INDICATES RECORD WAS SET OR TIED.
MM INDICATES DATA IS MISSING.
T  INDICATES TRACE AMOUNT.




$$
