000
CDUS43 KABR 021040
CLIATY


CLIMATE REPORT
NATIONAL WEATHER SERVICE ABERDEEN SD
539 AM CDT THU JUL 2 2015


...................................

...THE WATERTOWN SD CLIMATE SUMMARY FOR JULY 1 2015...

CLIMATE NORMAL PERIOD 1981 TO 2010
CLIMATE RECORD PERIOD 1898 TO 2015


WEATHER ITEM   OBSERVED TIME   RECORD YEAR NORMAL DEPARTURE LAST
                VALUE   (LST)  VALUE       VALUE  FROM      YEAR
                                                  NORMAL
..................................................................
TEMPERATURE (F)
 YESTERDAY
  MAXIMUM         72    512 PM 100    1911  81     -9       63
  MINIMUM         61   1159 PM  40    1898  59      2       52
  AVERAGE         67                        70     -3       58

PRECIPITATION (IN)
  YESTERDAY        0.06          1.62 1969   0.10  -0.04     0.06
  MONTH TO DATE    0.06                      0.10  -0.04     0.06
  SINCE JUN 1      2.99                      3.68  -0.69     4.66
  SINCE JAN 1      8.99                     10.53  -1.54     9.53

DEGREE DAYS
 HEATING
  YESTERDAY        0                         1     -1        7
  MONTH TO DATE    0                         1     -1        7
  SINCE JUN 1     27                        79    -52       70
  SINCE JUL 1      0                         1     -1        7

 COOLING
  YESTERDAY        2                         6     -4        0
  MONTH TO DATE    2                         6     -4        0
  SINCE JUN 1     99                       102     -3       61
  SINCE JAN 1    107                       124    -17      102
..................................................................


WIND (MPH)
  HIGHEST WIND SPEED    14   HIGHEST WIND DIRECTION    SE (130)
  HIGHEST GUST SPEED    18   HIGHEST GUST DIRECTION    SE (130)
  AVERAGE WIND SPEED     6.3


SKY COVER
  POSSIBLE SUNSHINE  MM
  AVERAGE SKY COVER 0.7


WEATHER CONDITIONS
 THE FOLLOWING WEATHER WAS RECORDED YESTERDAY.
  LIGHT RAIN
  FOG


RELATIVE HUMIDITY (PERCENT)
 HIGHEST    87          1200 AM
 LOWEST     61           500 PM
 AVERAGE    74

..........................................................


THE WATERTOWN SD CLIMATE NORMALS FOR TODAY
                         NORMAL    RECORD    YEAR
 MAXIMUM TEMPERATURE (F)   82        96      1944
 MINIMUM TEMPERATURE (F)   59        43      1940


SUNRISE AND SUNSET
JULY  2 2015..........SUNRISE   547 AM CDT   SUNSET   918 PM CDT
JULY  3 2015..........SUNRISE   547 AM CDT   SUNSET   918 PM CDT


-  INDICATES NEGATIVE NUMBERS.
R  INDICATES RECORD WAS SET OR TIED.
MM INDICATES DATA IS MISSING.
T  INDICATES TRACE AMOUNT.




$$
