930
CDUS43 KABR 262243
CLIATY


CLIMATE REPORT
NATIONAL WEATHER SERVICE ABERDEEN SD
541 PM CDT WED JUL 26 2017


...................................

...THE WATERTOWN SD CLIMATE SUMMARY FOR JULY 26 2017...
VALID TODAY AS OF 0500 PM LOCAL TIME.

CLIMATE NORMAL PERIOD 1981 TO 2010
CLIMATE RECORD PERIOD 1898 TO 2017


WEATHER ITEM   OBSERVED TIME   RECORD YEAR NORMAL DEPARTURE LAST
                VALUE   (LST)  VALUE       VALUE  FROM      YEAR
                                                  NORMAL
..................................................................
TEMPERATURE (F)
 TODAY
  MAXIMUM         81    355 PM 106    1930  83     -2       85
  MINIMUM         68    655 AM  45    1911  60      8       67
  AVERAGE         75                        71      4       76

PRECIPITATION (IN)
  TODAY            T             1.29 1963   0.10  -0.10     0.18
  MONTH TO DATE    3.21                      2.53   0.68     2.35
  SINCE JUN 1      6.95                      6.11   0.84     3.88
  SINCE JAN 1     11.90                     12.96  -1.06     9.53

SNOWFALL (IN)
  TODAY            0.0
  MONTH TO DATE    0.0
  SINCE OCT 1     40.7
  SINCE JUL 1      0.0
  SNOW DEPTH       0

DEGREE DAYS
 HEATING
  TODAY            0                         1     -1        0
  MONTH TO DATE    1                        13    -12       12
  SINCE JUN 1     49                        91    -42       37
  SINCE JUL 1      1                        13    -12       12

 COOLING
  TODAY           10                         7      3       11
  MONTH TO DATE  196                       175     21      212
  SINCE JUN 1    301                       271     30      411
  SINCE JAN 1    312                       293     19      435
..................................................................


WIND (MPH)
  HIGHEST WIND SPEED    16   HIGHEST WIND DIRECTION    NE (40)
  HIGHEST GUST SPEED    18   HIGHEST GUST DIRECTION    NE (50)
  AVERAGE WIND SPEED     7.0


SKY COVER
  POSSIBLE SUNSHINE  MM
  AVERAGE SKY COVER 0.3


WEATHER CONDITIONS
 THE FOLLOWING WEATHER WAS RECORDED TODAY.
  LIGHT RAIN


RELATIVE HUMIDITY (PERCENT)
 HIGHEST    97           200 AM
 LOWEST     51           400 PM
 AVERAGE    74

..........................................................


THE WATERTOWN SD CLIMATE NORMALS FOR TOMORROW
                         NORMAL    RECORD    YEAR
 MAXIMUM TEMPERATURE (F)   83       105      1931
 MINIMUM TEMPERATURE (F)   60        42      2013


SUNRISE AND SUNSET
JULY 26 2017..........SUNRISE   608 AM CDT   SUNSET   902 PM CDT
JULY 27 2017..........SUNRISE   609 AM CDT   SUNSET   901 PM CDT


-  INDICATES NEGATIVE NUMBERS.
R  INDICATES RECORD WAS SET OR TIED.
MM INDICATES DATA IS MISSING.
T  INDICATES TRACE AMOUNT.




$$
