000
CDUS43 KABR 242337
CLIATY


CLIMATE REPORT
NATIONAL WEATHER SERVICE ABERDEEN SD
535 PM CST WED DEC 24 2014


...................................

...THE WATERTOWN SD CLIMATE SUMMARY FOR DECEMBER 24 2014...
VALID TODAY AS OF 0500 PM LOCAL TIME.

CLIMATE NORMAL PERIOD 1981 TO 2010
CLIMATE RECORD PERIOD 1898 TO 2014


WEATHER ITEM   OBSERVED TIME   RECORD YEAR NORMAL DEPARTURE LAST
                VALUE   (LST)  VALUE       VALUE  FROM      YEAR
                                                  NORMAL
..................................................................
TEMPERATURE (F)
 TODAY
  MAXIMUM         29    220 AM  44    1963  23      6       20
  MINIMUM         23   1020 AM -28    1983   5     18      -19
  AVERAGE         26                        14     12        1

PRECIPITATION (IN)
  TODAY            0.00          0.40 1931   0.01  -0.01     0.12
  MONTH TO DATE    0.34                      0.41  -0.07     0.47
  SINCE DEC 1      0.34                      0.41  -0.07     0.47
  SINCE JAN 1     16.13                     21.96  -5.83    24.62

SNOWFALL (IN)
  TODAY            0.0
  MONTH TO DATE    1.1
  SINCE OCT 1     11.5
  SINCE JUL 1     11.5
  SNOW DEPTH       0

DEGREE DAYS
 HEATING
  TODAY           39                        51    -12       64
  MONTH TO DATE  941                      1156   -215     1378
  SINCE DEC 1    941                      1156   -215     1378
  SINCE JUL 1   3022                      3096    -74     3216

 COOLING
  TODAY            0                         0      0        0
  MONTH TO DATE    0                         0      0        0
  SINCE DEC 1      0                         0      0        0
  SINCE JAN 1    369                       515   -146      618
..................................................................


WIND (MPH)
  HIGHEST WIND SPEED    21   HIGHEST WIND DIRECTION    NW (330)
  HIGHEST GUST SPEED    25   HIGHEST GUST DIRECTION     N (350)
  AVERAGE WIND SPEED    11.6


SKY COVER
  POSSIBLE SUNSHINE  MM
  AVERAGE SKY COVER 1.0


WEATHER CONDITIONS
 THE FOLLOWING WEATHER WAS RECORDED TODAY.
  FOG
  FOG W/VISIBILITY <= 1/4 MILE


RELATIVE HUMIDITY (PERCENT)
 HIGHEST   100           300 AM
 LOWEST     88          1000 AM
 AVERAGE    94

..........................................................


THE WATERTOWN SD CLIMATE NORMALS FOR TOMORROW
                         NORMAL    RECORD    YEAR
 MAXIMUM TEMPERATURE (F)   23        49      1943
 MINIMUM TEMPERATURE (F)    5       -24      1902


SUNRISE AND SUNSET
DECEMBER 24 2014......SUNRISE   805 AM CST   SUNSET   452 PM CST
DECEMBER 25 2014......SUNRISE   805 AM CST   SUNSET   452 PM CST


-  INDICATES NEGATIVE NUMBERS.
R  INDICATES RECORD WAS SET OR TIED.
MM INDICATES DATA IS MISSING.
T  INDICATES TRACE AMOUNT.




$$
