000
CDUS43 KABR 231028
CLIATY


CLIMATE REPORT
NATIONAL WEATHER SERVICE ABERDEEN SD
528 AM CDT TUE SEP 23 2014


...................................

...THE WATERTOWN SD CLIMATE SUMMARY FOR SEPTEMBER 22 2014...

CLIMATE NORMAL PERIOD 1981 TO 2010
CLIMATE RECORD PERIOD 1898 TO 2014


WEATHER ITEM   OBSERVED TIME   RECORD YEAR NORMAL DEPARTURE LAST
                VALUE   (LST)  VALUE       VALUE  FROM      YEAR
                                                  NORMAL
..................................................................
TEMPERATURE (F)
 YESTERDAY
  MAXIMUM         74    227 PM  99    1936  68      6       84
  MINIMUM         41    615 AM  21    1974  45     -4       54
  AVERAGE         58                        56      2       69

PRECIPITATION (IN)
  YESTERDAY        0.00          1.13 2004   0.09  -0.09     0.00
  MONTH TO DATE    0.55                      2.01  -1.46     1.27
  SINCE SEP 1      0.55                      2.01  -1.46     1.27
  SINCE JAN 1     14.17                     18.24  -4.07    18.09

DEGREE DAYS
 HEATING
  YESTERDAY        7                         9     -2        0
  MONTH TO DATE  165                       129     36       68
  SINCE SEP 1    165                       129     36       68
  SINCE JUL 1    219                       186     33      119

 COOLING
  YESTERDAY        0                         0      0        4
  MONTH TO DATE   18                        37    -19       93
  SINCE SEP 1     18                        37    -19       93
  SINCE JAN 1    351                       511   -160      607
..................................................................


WIND (MPH)
  HIGHEST WIND SPEED    17   HIGHEST WIND DIRECTION     S (200)
  HIGHEST GUST SPEED    22   HIGHEST GUST DIRECTION    SW (210)
  AVERAGE WIND SPEED     8.7


SKY COVER
  POSSIBLE SUNSHINE  MM
  AVERAGE SKY COVER 0.0


WEATHER CONDITIONS
 THE FOLLOWING WEATHER WAS RECORDED YESTERDAY.
  NO SIGNIFICANT WEATHER WAS OBSERVED.


RELATIVE HUMIDITY (PERCENT)
 HIGHEST    93          1200 AM
 LOWEST     35           200 PM
 AVERAGE    64

..........................................................


THE WATERTOWN SD CLIMATE NORMALS FOR TODAY
                         NORMAL    RECORD    YEAR
 MAXIMUM TEMPERATURE (F)   67        95      1935
 MINIMUM TEMPERATURE (F)   44        23      1983


SUNRISE AND SUNSET
SEPTEMBER 23 2014.....SUNRISE   717 AM CDT   SUNSET   724 PM CDT
SEPTEMBER 24 2014.....SUNRISE   718 AM CDT   SUNSET   722 PM CDT


-  INDICATES NEGATIVE NUMBERS.
R  INDICATES RECORD WAS SET OR TIED.
MM INDICATES DATA IS MISSING.
T  INDICATES TRACE AMOUNT.




$$
