000
CDUS43 KABR 271029
CLIATY


CLIMATE REPORT
NATIONAL WEATHER SERVICE ABERDEEN SD
429 AM CST THU NOV 27 2014


...................................

...THE WATERTOWN SD CLIMATE SUMMARY FOR NOVEMBER 26 2014...

CLIMATE NORMAL PERIOD 1981 TO 2010
CLIMATE RECORD PERIOD 1898 TO 2014


WEATHER ITEM   OBSERVED TIME   RECORD YEAR NORMAL DEPARTURE LAST
                VALUE   (LST)  VALUE       VALUE  FROM      YEAR
                                                  NORMAL
..................................................................
TEMPERATURE (F)
 YESTERDAY
  MAXIMUM         28   1252 AM  66    1914  32     -4       27
  MINIMUM         -8   1139 PM -15    1993  15    -23        4
  AVERAGE         10                        24    -14       16

PRECIPITATION (IN)
  YESTERDAY        0.03          0.42 1965   0.02   0.01      T
  MONTH TO DATE    0.72                      0.68   0.04      T
  SINCE SEP 1      2.17                      5.24  -3.07     7.33
  SINCE JAN 1     15.79                     21.47  -5.68    24.15

SNOWFALL (IN)
  YESTERDAY        0.5
  MONTH TO DATE   10.4
  SINCE OCT 1     10.4
  SINCE JUL 1     10.4
  SNOW DEPTH       4

DEGREE DAYS
 HEATING
  YESTERDAY       55                        41     14       49
  MONTH TO DATE 1082                       885    197      895
  SINCE SEP 1   1810                      1712     98     1610
  SINCE JUL 1   1864                      1769     95     1661

 COOLING
  YESTERDAY        0                         0      0        0
  MONTH TO DATE    0                         0      0        0
  SINCE SEP 1     36                        41     -5      104
  SINCE JAN 1    369                       515   -146      618
..................................................................


WIND (MPH)
  HIGHEST WIND SPEED    26   HIGHEST WIND DIRECTION     N (20)
  HIGHEST GUST SPEED    35   HIGHEST GUST DIRECTION     N (20)
  AVERAGE WIND SPEED    15.2


SKY COVER
  POSSIBLE SUNSHINE  MM
  AVERAGE SKY COVER 0.7


WEATHER CONDITIONS
 THE FOLLOWING WEATHER WAS RECORDED YESTERDAY.
  LIGHT SNOW
  FOG
  HAZE


RELATIVE HUMIDITY (PERCENT)
 HIGHEST    88           200 AM
 LOWEST     63           700 PM
 AVERAGE    76

..........................................................


THE WATERTOWN SD CLIMATE NORMALS FOR TODAY
                         NORMAL    RECORD    YEAR
 MAXIMUM TEMPERATURE (F)   32        60      1941
 MINIMUM TEMPERATURE (F)   14       -15      1985


SUNRISE AND SUNSET
NOVEMBER 27 2014......SUNRISE   742 AM CST   SUNSET   451 PM CST
NOVEMBER 28 2014......SUNRISE   743 AM CST   SUNSET   450 PM CST


-  INDICATES NEGATIVE NUMBERS.
R  INDICATES RECORD WAS SET OR TIED.
MM INDICATES DATA IS MISSING.
T  INDICATES TRACE AMOUNT.




$$
