000
CDUS43 KABR 232234
CLIATY


CLIMATE REPORT
NATIONAL WEATHER SERVICE ABERDEEN SD
533 PM CDT SAT SEP 23 2017


...................................

...THE WATERTOWN SD CLIMATE SUMMARY FOR SEPTEMBER 23 2017...
VALID TODAY AS OF 0500 PM LOCAL TIME.

CLIMATE NORMAL PERIOD 1981 TO 2010
CLIMATE RECORD PERIOD 1898 TO 2017


WEATHER ITEM   OBSERVED TIME   RECORD YEAR NORMAL DEPARTURE LAST
                VALUE   (LST)  VALUE       VALUE  FROM      YEAR
                                                  NORMAL
..................................................................
TEMPERATURE (F)
 TODAY
  MAXIMUM         61   1208 AM  95    1935  67     -6       68
  MINIMUM         52    359 PM  23    1983  44      8       58
  AVERAGE         57                        56      1       63

PRECIPITATION (IN)
  TODAY            0.44          2.40 1977   0.08   0.36     0.15
  MONTH TO DATE    3.09                      2.09   1.00     1.96
  SINCE SEP 1      3.09                      2.09   1.00     1.96
  SINCE JAN 1     18.30                     18.32  -0.02    18.60

SNOWFALL (IN)
  TODAY            0.0
  MONTH TO DATE    0.0
  SINCE OCT 1     40.7
  SINCE JUL 1      0.0
  SNOW DEPTH       0

DEGREE DAYS
 HEATING
  TODAY            8                        10     -2        2
  MONTH TO DATE   75                       139    -64       60
  SINCE SEP 1     75                       139    -64       60
  SINCE JUL 1    103                       196    -93       86

 COOLING
  TODAY            0                         0      0        0
  MONTH TO DATE   65                        37     28       32
  SINCE SEP 1     65                        37     28       32
  SINCE JAN 1    440                       511    -71      717
..................................................................


WIND (MPH)
  HIGHEST WIND SPEED    20   HIGHEST WIND DIRECTION    NE (40)
  HIGHEST GUST SPEED    25   HIGHEST GUST DIRECTION    NE (40)
  AVERAGE WIND SPEED    10.2


SKY COVER
  POSSIBLE SUNSHINE  MM
  AVERAGE SKY COVER 0.8


WEATHER CONDITIONS
 THE FOLLOWING WEATHER WAS RECORDED TODAY.
  THUNDERSTORM
  HEAVY RAIN
  RAIN
  LIGHT RAIN
  FOG


RELATIVE HUMIDITY (PERCENT)
 HIGHEST   100           300 AM
 LOWEST    100           300 AM
 AVERAGE   100

..........................................................


THE WATERTOWN SD CLIMATE NORMALS FOR TOMORROW
                         NORMAL    RECORD    YEAR
 MAXIMUM TEMPERATURE (F)   67        91      1935
 MINIMUM TEMPERATURE (F)   44        24      1942


SUNRISE AND SUNSET
SEPTEMBER 23 2017.....SUNRISE   717 AM CDT   SUNSET   724 PM CDT
SEPTEMBER 24 2017.....SUNRISE   718 AM CDT   SUNSET   722 PM CDT


-  INDICATES NEGATIVE NUMBERS.
R  INDICATES RECORD WAS SET OR TIED.
MM INDICATES DATA IS MISSING.
T  INDICATES TRACE AMOUNT.




$$
