513
CDUS43 KABR 201534
CLIATY


CLIMATE REPORT
NATIONAL WEATHER SERVICE ABERDEEN SD
933 AM CST TUE FEB 20 2018


...................................

...THE WATERTOWN SD CLIMATE SUMMARY FOR FEBRUARY 19 2018...

CLIMATE NORMAL PERIOD 1981 TO 2010
CLIMATE RECORD PERIOD 1898 TO 2018


WEATHER ITEM   OBSERVED TIME   RECORD YEAR NORMAL DEPARTURE LAST
                VALUE   (LST)  VALUE       VALUE  FROM      YEAR
                                                  NORMAL
..................................................................
TEMPERATURE (F)
 YESTERDAY
  MAXIMUM         11    223 AM  63    1930  29    -18       57
  MINIMUM          4   1159 PM -38    1929   9     -5       36
  AVERAGE          8                        19    -11       47

PRECIPITATION (IN)
  YESTERDAY        0.07          0.63 1955   0.02   0.05     0.00
  MONTH TO DATE    0.18                      0.33  -0.15     0.08
  SINCE DEC 1      0.54                      1.38  -0.84     1.99
  SINCE JAN 1      0.29                      0.85  -0.56     0.74

SNOWFALL (IN)
  YESTERDAY        0.8
  MONTH TO DATE    3.5
  SINCE OCT 1     11.6
  SINCE JUL 1     11.6
  SNOW DEPTH       1

DEGREE DAYS
 HEATING
  YESTERDAY       57                        46     11       18
  MONTH TO DATE 1093                       931    162      757
  SINCE DEC 1   4126                      4073     53     3931
  SINCE JUL 1   5891                      6013   -122     5302

 COOLING
  YESTERDAY        0                         0      0        0
  MONTH TO DATE    0                         0      0        0
  SINCE DEC 1      0                         0      0        0
  SINCE JAN 1      0                         0      0        0
..................................................................


WIND (MPH)
  HIGHEST WIND SPEED    31   HIGHEST WIND DIRECTION     N (10)
  HIGHEST GUST SPEED    40   HIGHEST GUST DIRECTION     N (360)
  AVERAGE WIND SPEED    21.3


SKY COVER
  POSSIBLE SUNSHINE  MM
  AVERAGE SKY COVER 1.0


WEATHER CONDITIONS
 THE FOLLOWING WEATHER WAS RECORDED YESTERDAY.
  LIGHT SNOW
  FOG
  HAZE


RELATIVE HUMIDITY (PERCENT)
 HIGHEST    88           700 PM
 LOWEST     76           500 AM
 AVERAGE    82

..........................................................


THE WATERTOWN SD CLIMATE NORMALS FOR TODAY
                         NORMAL    RECORD    YEAR
 MAXIMUM TEMPERATURE (F)   29        65      1930
 MINIMUM TEMPERATURE (F)   10       -28      2008


SUNRISE AND SUNSET
FEBRUARY 20 2018......SUNRISE   721 AM CST   SUNSET   604 PM CST
FEBRUARY 21 2018......SUNRISE   720 AM CST   SUNSET   605 PM CST


-  INDICATES NEGATIVE NUMBERS.
R  INDICATES RECORD WAS SET OR TIED.
MM INDICATES DATA IS MISSING.
T  INDICATES TRACE AMOUNT.




$$
