000
CDUS43 KABR 260907
CLIATY


CLIMATE REPORT
NATIONAL WEATHER SERVICE ABERDEEN SD
406 AM CDT TUE JUL 26 2016


...................................

...THE WATERTOWN SD CLIMATE SUMMARY FOR JULY 25 2016...

CLIMATE NORMAL PERIOD 1981 TO 2010
CLIMATE RECORD PERIOD 1898 TO 2016


WEATHER ITEM   OBSERVED TIME   RECORD YEAR NORMAL DEPARTURE LAST
                VALUE   (LST)  VALUE       VALUE  FROM      YEAR
                                                  NORMAL
..................................................................
TEMPERATURE (F)
 YESTERDAY
  MAXIMUM         88    404 PM 105    1931  83      5       86
  MINIMUM         59    502 AM  43    1904  60     -1       62
  AVERAGE         74                        71      3       74

PRECIPITATION (IN)
  YESTERDAY        0.00          2.61 1953   0.09  -0.09     0.68
  MONTH TO DATE    2.17                      2.43  -0.26     2.74
  SINCE JUN 1      3.70                      6.01  -2.31     5.67
  SINCE JAN 1      9.35                     12.86  -3.51    11.67

DEGREE DAYS
 HEATING
  YESTERDAY        0                         1     -1        0
  MONTH TO DATE   12                        12      0       13
  SINCE JUN 1     37                        90    -53       40
  SINCE JUL 1     12                        12      0       13

 COOLING
  YESTERDAY        9                         7      2        9
  MONTH TO DATE  201                       168     33      180
  SINCE JUN 1    400                       264    136      277
  SINCE JAN 1    424                       286    138      285
..................................................................


WIND (MPH)
  HIGHEST WIND SPEED    20   HIGHEST WIND DIRECTION     S (200)
  HIGHEST GUST SPEED    24   HIGHEST GUST DIRECTION     S (200)
  AVERAGE WIND SPEED     8.8


SKY COVER
  POSSIBLE SUNSHINE  MM
  AVERAGE SKY COVER 0.0


WEATHER CONDITIONS
 THE FOLLOWING WEATHER WAS RECORDED YESTERDAY.
  NO SIGNIFICANT WEATHER WAS OBSERVED.


RELATIVE HUMIDITY (PERCENT)
 HIGHEST    93           300 AM
 LOWEST     36           100 PM
 AVERAGE    65

..........................................................


THE WATERTOWN SD CLIMATE NORMALS FOR TODAY
                         NORMAL    RECORD    YEAR
 MAXIMUM TEMPERATURE (F)   83       106      1930
 MINIMUM TEMPERATURE (F)   60        45      1911


SUNRISE AND SUNSET
JULY 26 2016..........SUNRISE   608 AM CDT   SUNSET   901 PM CDT
JULY 27 2016..........SUNRISE   609 AM CDT   SUNSET   900 PM CDT


-  INDICATES NEGATIVE NUMBERS.
R  INDICATES RECORD WAS SET OR TIED.
MM INDICATES DATA IS MISSING.
T  INDICATES TRACE AMOUNT.




$$
