000
CDUS41 KGYX 232044
CLIAUG


CLIMATE REPORT
NATIONAL WEATHER SERVICE GRAY ME
444 PM EDT WED AUG 23 2017


...................................

...THE AUGUSTA CLIMATE SUMMARY FOR AUGUST 23 2017...
VALID TODAY AS OF 0400 PM LOCAL TIME.

CLIMATE NORMAL PERIOD 1981 TO 2010
CLIMATE RECORD PERIOD 1948 TO 2017


WEATHER ITEM   OBSERVED TIME   RECORD YEAR NORMAL DEPARTURE LAST
                VALUE   (LST)  VALUE       VALUE  FROM      YEAR
                                                  NORMAL
..................................................................
TEMPERATURE (F)
 TODAY
  MAXIMUM         79    228 PM  88    1949  77      2       78
  MINIMUM         68    625 AM  44    1988  58     10       54
  AVERAGE         74                        67      7       66

PRECIPITATION (IN)
  TODAY            0.08          1.76 2009   0.10  -0.02     0.00
  MONTH TO DATE    2.67                      2.50   0.17     2.31
  SINCE JUN 1      6.24                      9.48  -3.24     8.01
  SINCE JAN 1     25.19                     25.37  -0.18    21.58

DEGREE DAYS
 HEATING
  TODAY            0                         1     -1        0
  MONTH TO DATE    6                        12     -6        4
  SINCE JUN 1     95                       122    -27      103
  SINCE JUL 1     17                        28    -11       25

 COOLING
  TODAY            9                         3      6        1
  MONTH TO DATE  119                       103     16      151
  SINCE JUN 1    353                       324     29      392
  SINCE JAN 1    364                       333     31      407
..................................................................


WIND (MPH)
  HIGHEST WIND SPEED    16   HIGHEST WIND DIRECTION     W (290)
  HIGHEST GUST SPEED    22   HIGHEST GUST DIRECTION    NW (320)
  AVERAGE WIND SPEED     8.5


SKY COVER
  AVERAGE SKY COVER 0.5


WEATHER CONDITIONS
 THE FOLLOWING WEATHER WAS RECORDED TODAY.
  RAIN
  LIGHT RAIN
  FOG


RELATIVE HUMIDITY (PERCENT)
 HIGHEST    97           100 AM
 LOWEST     35           200 PM
 AVERAGE    66

..........................................................


THE AUGUSTA CLIMATE NORMALS FOR TOMORROW
                         NORMAL    RECORD    YEAR
 MAXIMUM TEMPERATURE (F)   77        90      1948
 MINIMUM TEMPERATURE (F)   57        46      1975


SUNRISE AND SUNSET
AUGUST 23 2017........SUNRISE   552 AM EDT   SUNSET   731 PM EDT
AUGUST 24 2017........SUNRISE   553 AM EDT   SUNSET   729 PM EDT


-  INDICATES NEGATIVE NUMBERS.
R  INDICATES RECORD WAS SET OR TIED.
MM INDICATES DATA IS MISSING.
T  INDICATES TRACE AMOUNT.




$$
