000
CDUS41 KGYX 201141
CLIAUG


CLIMATE REPORT
NATIONAL WEATHER SERVICE GRAY ME
741 AM EDT MON OCT 20 2014


...................................

...THE AUGUSTA CLIMATE SUMMARY FOR OCTOBER 19 2014...

CLIMATE NORMAL PERIOD 1981 TO 2010
CLIMATE RECORD PERIOD 1948 TO 2014


WEATHER ITEM   OBSERVED TIME   NORMAL DEPARTURE LAST
                VALUE   (LST)  VALUE  FROM      YEAR
                                      NORMAL
......................................................
TEMPERATURE (F)
 YESTERDAY
  MAXIMUM         52   1235 PM  56     -4       63
  MINIMUM         38   1159 PM  39     -1       43
  AVERAGE         45            47     -2       53

PRECIPITATION (IN)
  YESTERDAY        0.00          0.15  -0.15     0.00
  MONTH TO DATE    2.06          2.62  -0.56     0.93
  SINCE SEP 1      2.65          6.36  -3.71     8.44
  SINCE JAN 1     33.28         32.54   0.74    35.58

DEGREE DAYS
 HEATING
  YESTERDAY       20            18      2       12
  MONTH TO DATE  188           277    -89      176
  SINCE SEP 1    383           455    -72      364
  SINCE JUL 1    402           497    -95      377

 COOLING
  YESTERDAY        0             0      0        0
  MONTH TO DATE    4             0      4        0
  SINCE SEP 1     57            30     27       37
  SINCE JAN 1    371           387    -16      428
......................................................


WIND (MPH)
  HIGHEST WIND SPEED    22   HIGHEST WIND DIRECTION    NW (330)
  HIGHEST GUST SPEED    31   HIGHEST GUST DIRECTION    NW (310)
  AVERAGE WIND SPEED    10.5


SKY COVER
  AVERAGE SKY COVER 0.8


WEATHER CONDITIONS
 THE FOLLOWING WEATHER WAS RECORDED YESTERDAY.
  NO SIGNIFICANT WEATHER WAS OBSERVED.


RELATIVE HUMIDITY (PERCENT)
 HIGHEST    93          1200 AM
 LOWEST     41           100 PM
 AVERAGE    67

..........................................................


THE AUGUSTA CLIMATE NORMALS FOR TODAY
                         NORMAL
 MAXIMUM TEMPERATURE (F)   56
 MINIMUM TEMPERATURE (F)   38


SUNRISE AND SUNSET
OCTOBER 20 2014.......SUNRISE   700 AM EDT   SUNSET   547 PM EDT
OCTOBER 21 2014.......SUNRISE   702 AM EDT   SUNSET   545 PM EDT


-  INDICATES NEGATIVE NUMBERS.
R  INDICATES RECORD WAS SET OR TIED.
MM INDICATES DATA IS MISSING.
T  INDICATES TRACE AMOUNT.




$$
