000
CDUS41 KGYX 292047
CLIAUG


CLIMATE REPORT
NATIONAL WEATHER SERVICE GRAY ME
447 PM EDT SAT APR 29 2017


...................................

...THE AUGUSTA CLIMATE SUMMARY FOR APRIL 29 2017...
VALID TODAY AS OF 0400 PM LOCAL TIME.

CLIMATE NORMAL PERIOD 1981 TO 2010
CLIMATE RECORD PERIOD 1948 TO 2017


WEATHER ITEM   OBSERVED TIME   RECORD YEAR NORMAL DEPARTURE LAST
                VALUE   (LST)  VALUE       VALUE  FROM      YEAR
                                                  NORMAL
..................................................................
TEMPERATURE (F)
 TODAY
  MAXIMUM         79R       MM  76    1986  59     20       51
  MINIMUM         51        MM  27    2016  39     12       27
  AVERAGE         65                        49     16       39

PRECIPITATION (IN)
  TODAY            0.00          3.14 2008   0.14  -0.14     0.00
  MONTH TO DATE    3.97                      3.66   0.31     2.72
  SINCE MAR 1      7.46                      7.03   0.43     6.22
  SINCE JAN 1     13.94                     12.07   1.87    12.09

DEGREE DAYS
 HEATING
  TODAY            0                        16    -16       26
  MONTH TO DATE  534                       619    -85      671
  SINCE MAR 1   1726                      1645     81     1604
  SINCE JUL 1   6538                      6988   -450     6283

 COOLING
  TODAY            0                         0      0        0
  MONTH TO DATE    0                         0      0        0
  SINCE MAR 1      0                         0      0        0
  SINCE JAN 1      0                         0      0        0
..................................................................


WIND (MPH)
  HIGHEST WIND SPEED    16   HIGHEST WIND DIRECTION    SW (240)
  HIGHEST GUST SPEED    25   HIGHEST GUST DIRECTION    SW (240)
  AVERAGE WIND SPEED     5.2


SKY COVER
  AVERAGE SKY COVER 0.6


WEATHER CONDITIONS
 THE FOLLOWING WEATHER WAS RECORDED TODAY.
  FOG
  FOG W/VISIBILITY <= 1/4 MILE


RELATIVE HUMIDITY (PERCENT)
 HIGHEST    96          1200 AM
 LOWEST     29          1100 AM
 AVERAGE    63

..........................................................


THE AUGUSTA CLIMATE NORMALS FOR TOMORROW
                         NORMAL    RECORD    YEAR
 MAXIMUM TEMPERATURE (F)   60        85      2004
 MINIMUM TEMPERATURE (F)   40        28      1964


SUNRISE AND SUNSET
APRIL 29 2017.........SUNRISE   533 AM EDT   SUNSET   741 PM EDT
APRIL 30 2017.........SUNRISE   531 AM EDT   SUNSET   742 PM EDT


-  INDICATES NEGATIVE NUMBERS.
R  INDICATES RECORD WAS SET OR TIED.
MM INDICATES DATA IS MISSING.
T  INDICATES TRACE AMOUNT.




$$
