000
CDUS41 KGYX 240903
CLIAUG


CLIMATE REPORT
NATIONAL WEATHER SERVICE GRAY ME
403 AM EST MON NOV 24 2014


...................................

...THE AUGUSTA CLIMATE SUMMARY FOR NOVEMBER 23 2014...

CLIMATE NORMAL PERIOD 1981 TO 2010
CLIMATE RECORD PERIOD 1948 TO 2014


WEATHER ITEM   OBSERVED TIME   NORMAL DEPARTURE LAST
                VALUE   (LST)  VALUE  FROM      YEAR
                                      NORMAL
......................................................
TEMPERATURE (F)
 YESTERDAY
  MAXIMUM         53    205 PM  42     11       38
  MINIMUM         33   1230 AM  28      5       27
  AVERAGE         43            35      8       33

PRECIPITATION (IN)
  YESTERDAY        0.00          0.15  -0.15     0.01
  MONTH TO DATE    1.04          3.42  -2.38     1.11
  SINCE SEP 1      6.57         11.52  -4.95     9.96
  SINCE JAN 1     37.20         37.70  -0.50    37.10

DEGREE DAYS
 HEATING
  YESTERDAY       22            30     -8       32
  MONTH TO DATE  657           593     64      600
  SINCE SEP 1   1252          1286    -34     1221
  SINCE JUL 1   1271          1328    -57     1234

 COOLING
  YESTERDAY        0             0      0        0
  MONTH TO DATE    0             0      0        0
  SINCE SEP 1     57            31     26       37
  SINCE JAN 1    371           388    -17      428
......................................................


WIND (MPH)
  HIGHEST WIND SPEED     9   HIGHEST WIND DIRECTION     W (260)
  HIGHEST GUST SPEED    13   HIGHEST GUST DIRECTION     W (290)
  AVERAGE WIND SPEED     3.0


SKY COVER
  AVERAGE SKY COVER 0.5


WEATHER CONDITIONS
 THE FOLLOWING WEATHER WAS RECORDED YESTERDAY.
  FOG


RELATIVE HUMIDITY (PERCENT)
 HIGHEST    92          1100 PM
 LOWEST     41          1200 AM
 AVERAGE    67

..........................................................


THE AUGUSTA CLIMATE NORMALS FOR TODAY
                         NORMAL
 MAXIMUM TEMPERATURE (F)   42
 MINIMUM TEMPERATURE (F)   28


SUNRISE AND SUNSET
NOVEMBER 24 2014......SUNRISE   646 AM EST   SUNSET   405 PM EST
NOVEMBER 25 2014......SUNRISE   648 AM EST   SUNSET   404 PM EST


-  INDICATES NEGATIVE NUMBERS.
R  INDICATES RECORD WAS SET OR TIED.
MM INDICATES DATA IS MISSING.
T  INDICATES TRACE AMOUNT.




$$
