000
CDUS41 KGYX 190939
CLIAUG


CLIMATE REPORT
NATIONAL WEATHER SERVICE GRAY ME
439 AM EST MON FEB 19 2018


...................................

...THE AUGUSTA CLIMATE SUMMARY FOR FEBRUARY 18 2018...

CLIMATE NORMAL PERIOD 1981 TO 2010
CLIMATE RECORD PERIOD 1948 TO 2018


WEATHER ITEM   OBSERVED TIME   RECORD YEAR NORMAL DEPARTURE LAST
                VALUE   (LST)  VALUE       VALUE  FROM      YEAR
                                                  NORMAL
..................................................................
TEMPERATURE (F)
 YESTERDAY
  MAXIMUM         38    315 PM  60    1981  33      5       40
  MINIMUM         25    808 AM -10    1979  15     10       22
  AVERAGE         32                        24      8       31

PRECIPITATION (IN)
  YESTERDAY        0.20          1.60 1952   0.08   0.12     0.00
  MONTH TO DATE    2.15                      1.52   0.63     3.25
  SINCE DEC 1      9.47                      7.37   2.10     9.96
  SINCE JAN 1      6.55                      4.13   2.42     5.99

DEGREE DAYS
 HEATING
  YESTERDAY       33                        41     -8       34
  MONTH TO DATE  729                       777    -48      800
  SINCE DEC 1   3463                      3400     63     3223
  SINCE JUL 1   4699                      4948   -249     4541

 COOLING
  YESTERDAY        0                         0      0        0
  MONTH TO DATE    0                         0      0        0
  SINCE DEC 1      0                         0      0        0
  SINCE JAN 1      0                         0      0        0
..................................................................


WIND (MPH)
  HIGHEST WIND SPEED    23   HIGHEST WIND DIRECTION    NW (330)
  HIGHEST GUST SPEED    30   HIGHEST GUST DIRECTION    NW (330)
  AVERAGE WIND SPEED     7.4


SKY COVER
  AVERAGE SKY COVER 0.5


WEATHER CONDITIONS
 THE FOLLOWING WEATHER WAS RECORDED YESTERDAY.
  LIGHT RAIN
  SNOW
  LIGHT SNOW
  FOG
  HAZE


RELATIVE HUMIDITY (PERCENT)
 HIGHEST   100           100 AM
 LOWEST     44           300 PM
 AVERAGE    72

..........................................................


THE AUGUSTA CLIMATE NORMALS FOR TODAY
                         NORMAL    RECORD    YEAR
 MAXIMUM TEMPERATURE (F)   33        54      1954
 MINIMUM TEMPERATURE (F)   16        -8      1967


SUNRISE AND SUNSET
FEBRUARY 19 2018......SUNRISE   633 AM EST   SUNSET   514 PM EST
FEBRUARY 20 2018......SUNRISE   631 AM EST   SUNSET   515 PM EST


-  INDICATES NEGATIVE NUMBERS.
R  INDICATES RECORD WAS SET OR TIED.
MM INDICATES DATA IS MISSING.
T  INDICATES TRACE AMOUNT.




$$
