321
CDUS41 KGYX 060903
CLIAUG


CLIMATE REPORT
NATIONAL WEATHER SERVICE GRAY ME
402 AM EST SAT FEB 6 2016


...................................

...THE AUGUSTA CLIMATE SUMMARY FOR FEBRUARY 5 2016...

CLIMATE NORMAL PERIOD 1981 TO 2010
CLIMATE RECORD PERIOD 1948 TO 2016


WEATHER ITEM   OBSERVED TIME   RECORD YEAR NORMAL DEPARTURE LAST
                VALUE   (LST)  VALUE       VALUE  FROM      YEAR
                                                  NORMAL
..................................................................
TEMPERATURE (F)
 YESTERDAY
  MAXIMUM         38   1218 AM  MM      MM  29      9       28
  MINIMUM         19   1159 PM  MM      MM  12      7       -2
  AVERAGE         29                        21      8       13

PRECIPITATION (IN)
  YESTERDAY        0.08         MM      MM   0.09  -0.01     0.09
  MONTH TO DATE    0.78                      0.42   0.36     0.23
  SINCE DEC 1      7.15                      6.27   0.88     6.33
  SINCE JAN 1      3.18                      3.03   0.15     1.85

DEGREE DAYS
 HEATING
  YESTERDAY       36                        44     -8       52
  MONTH TO DATE  137                       223    -86      282
  SINCE DEC 1   2319                      2846   -527     2891
  SINCE JUL 1   3697                      4394   -697     4380

 COOLING
  YESTERDAY        0                         0      0        0
  MONTH TO DATE    0                         0      0        0
  SINCE DEC 1      0                         0      0        0
  SINCE JAN 1      0                         0      0        0
..................................................................


WIND (MPH)
  HIGHEST WIND SPEED    23   HIGHEST WIND DIRECTION     N (350)
  HIGHEST GUST SPEED    34   HIGHEST GUST DIRECTION     N (350)
  AVERAGE WIND SPEED    11.3


SKY COVER
  AVERAGE SKY COVER 0.8


WEATHER CONDITIONS
 THE FOLLOWING WEATHER WAS RECORDED YESTERDAY.
  HEAVY SNOW
  SNOW
  LIGHT SNOW
  FOG
  FOG W/VISIBILITY <= 1/4 MILE


RELATIVE HUMIDITY (PERCENT)
 HIGHEST    92           900 AM
 LOWEST     59           100 AM
 AVERAGE    76

..........................................................


THE AUGUSTA CLIMATE NORMALS FOR TODAY
                         NORMAL
 MAXIMUM TEMPERATURE (F)   30
 MINIMUM TEMPERATURE (F)   12


SUNRISE AND SUNSET
FEBRUARY  6 2016......SUNRISE   652 AM EST   SUNSET   455 PM EST
FEBRUARY  7 2016......SUNRISE   651 AM EST   SUNSET   456 PM EST


-  INDICATES NEGATIVE NUMBERS.
R  INDICATES RECORD WAS SET OR TIED.
MM INDICATES DATA IS MISSING.
T  INDICATES TRACE AMOUNT.




$$
