000
CDUS41 KGYX 020803
CLIAUG


CLIMATE REPORT
NATIONAL WEATHER SERVICE GRAY ME
403 AM EDT THU OCT 2 2014


...................................

...THE AUGUSTA CLIMATE SUMMARY FOR OCTOBER 1 2014...

CLIMATE NORMAL PERIOD 1981 TO 2010
CLIMATE RECORD PERIOD 1948 TO 2014


WEATHER ITEM   OBSERVED TIME   NORMAL DEPARTURE LAST
                VALUE   (LST)  VALUE  FROM      YEAR
                                      NORMAL
......................................................
TEMPERATURE (F)
 YESTERDAY
  MAXIMUM         60   1245 PM  63     -3       74
  MINIMUM         53   1159 PM  45      8       43
  AVERAGE         57            54      3       59

PRECIPITATION (IN)
  YESTERDAY        T             0.14  -0.14     0.00
  MONTH TO DATE    T             0.14  -0.14     0.00
  SINCE SEP 1      0.59          3.88  -3.29     7.51
  SINCE JAN 1     31.22         30.06   1.16    34.65

DEGREE DAYS
 HEATING
  YESTERDAY        8            11     -3        6
  MONTH TO DATE    8            11     -3        6
  SINCE SEP 1    203           189     14      194
  SINCE JUL 1    222           231     -9      207

 COOLING
  YESTERDAY        0             0      0        0
  MONTH TO DATE    0             0      0        0
  SINCE SEP 1     53            30     23       37
  SINCE JAN 1    367           387    -20      428
......................................................


WIND (MPH)
  HIGHEST WIND SPEED    17   HIGHEST WIND DIRECTION    NE (40)
  HIGHEST GUST SPEED    23   HIGHEST GUST DIRECTION    NE (30)
  AVERAGE WIND SPEED     9.3


SKY COVER
  AVERAGE SKY COVER 1.0


WEATHER CONDITIONS
 THE FOLLOWING WEATHER WAS RECORDED YESTERDAY.
  NO SIGNIFICANT WEATHER WAS OBSERVED.


RELATIVE HUMIDITY (PERCENT)
 HIGHEST    89           200 AM
 LOWEST     75           100 PM
 AVERAGE    82

..........................................................


THE AUGUSTA CLIMATE NORMALS FOR TODAY
                         NORMAL
 MAXIMUM TEMPERATURE (F)   63
 MINIMUM TEMPERATURE (F)   44


SUNRISE AND SUNSET
OCTOBER  2 2014.......SUNRISE   638 AM EDT   SUNSET   618 PM EDT
OCTOBER  3 2014.......SUNRISE   639 AM EDT   SUNSET   616 PM EDT


-  INDICATES NEGATIVE NUMBERS.
R  INDICATES RECORD WAS SET OR TIED.
MM INDICATES DATA IS MISSING.
T  INDICATES TRACE AMOUNT.




$$
