000
CDUS41 KGYX 240808
CLIAUG


CLIMATE REPORT
NATIONAL WEATHER SERVICE GRAY ME
408 AM EDT FRI MAR 24 2017


...................................

...THE AUGUSTA CLIMATE SUMMARY FOR MARCH 23 2017...

CLIMATE NORMAL PERIOD 1981 TO 2010
CLIMATE RECORD PERIOD 1948 TO 2017


WEATHER ITEM   OBSERVED TIME   RECORD YEAR NORMAL DEPARTURE LAST
                VALUE   (LST)  VALUE       VALUE  FROM      YEAR
                                                  NORMAL
..................................................................
TEMPERATURE (F)
 YESTERDAY
  MAXIMUM         30    257 PM  66    1979  43    -13       45
  MINIMUM          9    559 AM   7    2015  26    -17       31
  AVERAGE         20                        34    -14       38

PRECIPITATION (IN)
  YESTERDAY        0.00          1.80 2010   0.12  -0.12     0.00
  MONTH TO DATE    2.88                      2.42   0.46     2.36
  SINCE MAR 1      2.88                      2.42   0.46     2.36
  SINCE JAN 1      9.36                      7.46   1.90     8.23

DEGREE DAYS
 HEATING
  YESTERDAY       45                        31     14       27
  MONTH TO DATE  933                       795    138      710
  SINCE MAR 1    933                       795    138      710
  SINCE JUL 1   5745                      6138   -393     5389

 COOLING
  YESTERDAY        0                         0      0        0
  MONTH TO DATE    0                         0      0        0
  SINCE MAR 1      0                         0      0        0
  SINCE JAN 1      0                         0      0        0
..................................................................


WIND (MPH)
  HIGHEST WIND SPEED    22   HIGHEST WIND DIRECTION    NW (300)
  HIGHEST GUST SPEED    31   HIGHEST GUST DIRECTION    NW (300)
  AVERAGE WIND SPEED    11.0


SKY COVER
  AVERAGE SKY COVER 0.0


WEATHER CONDITIONS
 THE FOLLOWING WEATHER WAS RECORDED YESTERDAY.
  NO SIGNIFICANT WEATHER WAS OBSERVED.


RELATIVE HUMIDITY (PERCENT)
 HIGHEST    50           600 AM
 LOWEST     22           300 PM
 AVERAGE    36

..........................................................


THE AUGUSTA CLIMATE NORMALS FOR TODAY
                         NORMAL    RECORD    YEAR
 MAXIMUM TEMPERATURE (F)   43        62      1987
 MINIMUM TEMPERATURE (F)   26         5      2014


SUNRISE AND SUNSET
MARCH 24 2017.........SUNRISE   635 AM EDT   SUNSET   657 PM EDT
MARCH 25 2017.........SUNRISE   633 AM EDT   SUNSET   658 PM EDT


-  INDICATES NEGATIVE NUMBERS.
R  INDICATES RECORD WAS SET OR TIED.
MM INDICATES DATA IS MISSING.
T  INDICATES TRACE AMOUNT.




$$
