000
CDUS41 KGYX 190804
CLIAUG


CLIMATE REPORT
NATIONAL WEATHER SERVICE GRAY ME
403 AM EDT THU OCT 19 2017


...................................

...THE AUGUSTA CLIMATE SUMMARY FOR OCTOBER 18 2017...

CLIMATE NORMAL PERIOD 1981 TO 2010
CLIMATE RECORD PERIOD 1948 TO 2017


WEATHER ITEM   OBSERVED TIME   RECORD YEAR NORMAL DEPARTURE LAST
                VALUE   (LST)  VALUE       VALUE  FROM      YEAR
                                                  NORMAL
..................................................................
TEMPERATURE (F)
 YESTERDAY
  MAXIMUM         68    334 PM  78    1968  56     12       55
  MINIMUM         39    555 AM  22    1974  39      0       48
  AVERAGE         54                        48      6       52

PRECIPITATION (IN)
  YESTERDAY        0.00          2.43 1981   0.14  -0.14      T
  MONTH TO DATE    0.66                      2.47  -1.81     0.81
  SINCE SEP 1      3.64                      6.21  -2.57     1.94
  SINCE JAN 1     28.83                     32.39  -3.56    23.52

DEGREE DAYS
 HEATING
  YESTERDAY       11                        17     -6       13
  MONTH TO DATE  151                       259   -108      208
  SINCE SEP 1    226                       437   -211      312
  SINCE JUL 1    267                       479   -212      337

 COOLING
  YESTERDAY        0                         0      0        0
  MONTH TO DATE    7                         0      7        0
  SINCE SEP 1     86                        30     56       73
  SINCE JAN 1    446                       387     59      530
..................................................................


WIND (MPH)
  HIGHEST WIND SPEED    14   HIGHEST WIND DIRECTION     W (290)
  HIGHEST GUST SPEED    22   HIGHEST GUST DIRECTION     W (290)
  AVERAGE WIND SPEED     4.7


SKY COVER
  AVERAGE SKY COVER 0.1


WEATHER CONDITIONS
 THE FOLLOWING WEATHER WAS RECORDED YESTERDAY.
  NO SIGNIFICANT WEATHER WAS OBSERVED.


RELATIVE HUMIDITY (PERCENT)
 HIGHEST    82          1100 PM
 LOWEST     27           300 PM
 AVERAGE    55

..........................................................


THE AUGUSTA CLIMATE NORMALS FOR TODAY
                         NORMAL    RECORD    YEAR
 MAXIMUM TEMPERATURE (F)   56        80      1963
 MINIMUM TEMPERATURE (F)   39        21      1974


SUNRISE AND SUNSET
OCTOBER 19 2017.......SUNRISE   659 AM EDT   SUNSET   548 PM EDT
OCTOBER 20 2017.......SUNRISE   701 AM EDT   SUNSET   546 PM EDT


-  INDICATES NEGATIVE NUMBERS.
R  INDICATES RECORD WAS SET OR TIED.
MM INDICATES DATA IS MISSING.
T  INDICATES TRACE AMOUNT.




$$
