000
CDUS41 KGYX 012044
CLIAUG


CLIMATE REPORT
NATIONAL WEATHER SERVICE GRAY ME
444 PM EDT SAT OCT 1 2016


...................................

...THE AUGUSTA CLIMATE SUMMARY FOR OCTOBER 1 2016...
VALID TODAY AS OF 0400 PM LOCAL TIME.

CLIMATE NORMAL PERIOD 1981 TO 2010
CLIMATE RECORD PERIOD 1948 TO 2016


WEATHER ITEM   OBSERVED TIME   RECORD YEAR NORMAL DEPARTURE LAST
                VALUE   (LST)  VALUE       VALUE  FROM      YEAR
                                                  NORMAL
..................................................................
TEMPERATURE (F)
 TODAY
  MAXIMUM         61    259 PM  85    1954  63     -2       58
  MINIMUM         47    121 AM  31    1974  45      2       47
  AVERAGE         54                        54      0       53

PRECIPITATION (IN)
  TODAY            T             2.42 1977   0.14  -0.14     0.00
  MONTH TO DATE    T                         0.14  -0.14     0.00
  SINCE SEP 1      1.13                      3.88  -2.75     7.06
  SINCE JAN 1     22.71                     30.06  -7.35    29.52

DEGREE DAYS
 HEATING
  TODAY           11                        11      0       12
  MONTH TO DATE   11                        11      0       12
  SINCE SEP 1    111                       189    -78      102
  SINCE JUL 1    136                       231    -95      120

 COOLING
  TODAY            0                         0      0        0
  MONTH TO DATE    0                         0      0        0
  SINCE SEP 1     73                        30     43      100
  SINCE JAN 1    530                       387    143      457
..................................................................


WIND (MPH)
  HIGHEST WIND SPEED     8   HIGHEST WIND DIRECTION     N (20)
  HIGHEST GUST SPEED    11   HIGHEST GUST DIRECTION    NE (30)
  AVERAGE WIND SPEED     4.2


SKY COVER
  AVERAGE SKY COVER 0.6


WEATHER CONDITIONS
 THE FOLLOWING WEATHER WAS RECORDED TODAY.
  LIGHT RAIN


RELATIVE HUMIDITY (PERCENT)
 HIGHEST    86          1200 AM
 LOWEST     46           200 PM
 AVERAGE    66

..........................................................


THE AUGUSTA CLIMATE NORMALS FOR TOMORROW
                         NORMAL    RECORD    YEAR
 MAXIMUM TEMPERATURE (F)   63        82      1971
 MINIMUM TEMPERATURE (F)   44        32      1992


SUNRISE AND SUNSET
OCTOBER  1 2016.......SUNRISE   637 AM EDT   SUNSET   619 PM EDT
OCTOBER  2 2016.......SUNRISE   639 AM EDT   SUNSET   617 PM EDT


-  INDICATES NEGATIVE NUMBERS.
R  INDICATES RECORD WAS SET OR TIED.
MM INDICATES DATA IS MISSING.
T  INDICATES TRACE AMOUNT.




$$
