655
CDUS44 KEWX 140652
CLIAUS


CLIMATE REPORT
NATIONAL WEATHER SERVICE AUSTIN/SAN ANTONIO, TX
1248 AM CST THU DEC 14 2017


...................................

...THE AUSTIN BERGSTROM CLIMATE SUMMARY FOR DECEMBER 13 2017...

CLIMATE NORMAL PERIOD 1981 TO 2010
CLIMATE RECORD PERIOD 1943 TO 2017


WEATHER ITEM   OBSERVED TIME   RECORD YEAR NORMAL DEPARTURE LAST
                VALUE   (LST)  VALUE       VALUE  FROM      YEAR
                                                  NORMAL
..................................................................
TEMPERATURE (F)
 YESTERDAY
  MAXIMUM         62    340 PM  81    1995  64     -2       78
  MINIMUM         27    502 AM  12    1989  37    -10       48
  AVERAGE         45                        50     -5       63

PRECIPITATION (IN)
  YESTERDAY        0.00          1.18 2015   0.07  -0.07     0.00
  MONTH TO DATE    1.39                      0.93   0.46     3.03
  SINCE DEC 1      1.39                      0.93   0.46     3.03
  SINCE JAN 1     39.26                     33.36   5.90    53.78

SNOWFALL (IN)
  YESTERDAY        0.0
  MONTH TO DATE    1.3
  SINCE DEC 1      1.3
  SINCE JUL 1      1.3
  SNOW DEPTH       0

DEGREE DAYS
 HEATING
  YESTERDAY       20                        15      5        2
  MONTH TO DATE  170                       180    -10      188
  SINCE DEC 1    170                       180    -10      188
  SINCE JUL 1    377                       465    -88      282

 COOLING
  YESTERDAY        0                         0      0        0
  MONTH TO DATE   12                         5      7        0
  SINCE DEC 1     12                         5      7        0
  SINCE JAN 1   3362                      2746    616     3082
..................................................................


WIND (MPH)
  HIGHEST WIND SPEED    16   HIGHEST WIND DIRECTION     S (200)
  HIGHEST GUST SPEED    21   HIGHEST GUST DIRECTION    SW (210)
  AVERAGE WIND SPEED     5.1


SKY COVER
  AVERAGE SKY COVER 0.6


WEATHER CONDITIONS
 THE FOLLOWING WEATHER WAS RECORDED YESTERDAY.
  NO SIGNIFICANT WEATHER WAS OBSERVED.


RELATIVE HUMIDITY (PERCENT)
 HIGHEST   100           400 AM
 LOWEST     34           300 PM
 AVERAGE    67

..........................................................


THE AUSTIN BERGSTROM CLIMATE NORMALS FOR TODAY
                         NORMAL    RECORD    YEAR
 MAXIMUM TEMPERATURE (F)   64        83      1995
 MINIMUM TEMPERATURE (F)   37        22      2004
                                             1966


SUNRISE AND SUNSET
DECEMBER 14 2017......SUNRISE   719 AM CST   SUNSET   532 PM CST
DECEMBER 15 2017......SUNRISE   720 AM CST   SUNSET   532 PM CST


-  INDICATES NEGATIVE NUMBERS.
R  INDICATES RECORD WAS SET OR TIED.
MM INDICATES DATA IS MISSING.
T  INDICATES TRACE AMOUNT.




$$
