000
CDUS44 KEWX 262345
CLIAUS


CLIMATE REPORT
NATIONAL WEATHER SERVICE AUSTIN/SAN ANTONIO, TX
544 PM CST WED NOV 26 2014


...................................

...THE AUSTIN BERGSTROM CLIMATE SUMMARY FOR NOVEMBER 26 2014...
VALID TODAY AS OF 0544 PM LOCAL TIME.

CLIMATE NORMAL PERIOD 1981 TO 2010
CLIMATE RECORD PERIOD 1943 TO 2014


WEATHER ITEM   OBSERVED TIME   RECORD YEAR NORMAL DEPARTURE LAST
                VALUE   (LST)  VALUE       VALUE  FROM      YEAR
                                                  NORMAL
..................................................................
TEMPERATURE (F)
 TODAY
  MAXIMUM         76    400 PM  85    1988  68      8       53
  MINIMUM         39    723 AM  27    1999  42     -3       38
  AVERAGE         58                        55      3       46

PRECIPITATION (IN)
  TODAY            0.00          1.56 1982   0.09  -0.09      T
  MONTH TO DATE    6.64                      2.60   4.04     2.16
  SINCE SEP 1     11.80                      9.46   2.34    16.96
  SINCE JAN 1     27.35                     32.56  -5.21    36.18

SNOWFALL (IN)
  TODAY            0.0
  MONTH TO DATE    T
  SINCE SEP 1      T
  SINCE JUL 1      T
  SNOW DEPTH       0

DEGREE DAYS
 HEATING
  TODAY            7                        11     -4       19
  MONTH TO DATE  309                       187    122      212
  SINCE SEP 1    311                       238     73      248
  SINCE JUL 1    311                       238     73      248

 COOLING
  TODAY            0                         1     -1        0
  MONTH TO DATE   10                        36    -26       37
  SINCE SEP 1    664                       599     65      701
  SINCE JAN 1   2824                      2739     85     3040
..................................................................


WIND (MPH)
  HIGHEST WIND SPEED    18   HIGHEST WIND DIRECTION    SW (220)
  HIGHEST GUST SPEED    25   HIGHEST GUST DIRECTION    SW (210)
  AVERAGE WIND SPEED     8.1


SKY COVER
  AVERAGE SKY COVER 0.0


WEATHER CONDITIONS
 THE FOLLOWING WEATHER WAS RECORDED TODAY.
  NO SIGNIFICANT WEATHER WAS OBSERVED.


RELATIVE HUMIDITY (PERCENT)
 HIGHEST    79           700 AM
 LOWEST     21           200 PM
 AVERAGE    50

..........................................................


THE AUSTIN BERGSTROM CLIMATE NORMALS FOR TOMORROW
                         NORMAL    RECORD    YEAR
 MAXIMUM TEMPERATURE (F)   67        87      2005
 MINIMUM TEMPERATURE (F)   41        22      2010


SUNRISE AND SUNSET
NOVEMBER 26 2014......SUNRISE   705 AM CST   SUNSET   530 PM CST
NOVEMBER 27 2014......SUNRISE   706 AM CST   SUNSET   530 PM CST


-  INDICATES NEGATIVE NUMBERS.
R  INDICATES RECORD WAS SET OR TIED.
MM INDICATES DATA IS MISSING.
T  INDICATES TRACE AMOUNT.




$$
