000
CDUS44 KEWX 302256
CLIAUS


CLIMATE REPORT
NATIONAL WEATHER SERVICE AUSTIN/SAN ANTONIO, TX
555 PM CDT SUN APR 30 2017


...................................

...THE AUSTIN BERGSTROM CLIMATE SUMMARY FOR APRIL 30 2017...
VALID TODAY AS OF 550 PM LOCAL TIME.

CLIMATE NORMAL PERIOD 1981 TO 2010
CLIMATE RECORD PERIOD 1943 TO 2017


WEATHER ITEM   OBSERVED TIME   RECORD YEAR NORMAL DEPARTURE LAST
                VALUE   (LST)  VALUE       VALUE  FROM      YEAR
                                                  NORMAL
..................................................................
TEMPERATURE (F)
 TODAY
  MAXIMUM         78    441 PM  93    2002  83     -5       85
  MINIMUM         53    642 AM  44    2015  59     -6       62
                                      2008
  AVERAGE         66                        71     -5       74

PRECIPITATION (IN)
  TODAY            0.09          1.10 2016   0.10  -0.01     1.10
  MONTH TO DATE    1.15                      2.27  -1.12     6.48
  SINCE MAR 1      4.48                      5.05  -0.57    10.29
  SINCE JAN 1     11.79                      9.56   2.23    12.47

SNOWFALL (IN)
  TODAY            0.0
  MONTH TO DATE    0.0
  SINCE MAR 1      0.0
  SINCE JUL 1      0.0
  SNOW DEPTH       0

DEGREE DAYS
 HEATING
  TODAY            0                         1     -1        0
  MONTH TO DATE   13                        64    -51       35
  SINCE MAR 1     86                       285   -199      143
  SINCE JUL 1    960                      1900   -940     1377

 COOLING
  TODAY            1                         7     -6        9
  MONTH TO DATE  191                       130     61      134
  SINCE MAR 1    344                       172    172      206
  SINCE JAN 1    453                       188    265      229
..................................................................


WIND (MPH)
  HIGHEST WIND SPEED    21   HIGHEST WIND DIRECTION    NW (300)
  HIGHEST GUST SPEED    52   HIGHEST GUST DIRECTION    NW (330)
  AVERAGE WIND SPEED    11.2


SKY COVER
  AVERAGE SKY COVER 0.5


WEATHER CONDITIONS
 THE FOLLOWING WEATHER WAS RECORDED TODAY.
  THUNDERSTORM
  HEAVY RAIN
  RAIN
  LIGHT RAIN
  HAIL


RELATIVE HUMIDITY (PERCENT)
 HIGHEST    80           400 AM
 LOWEST     22           400 PM
 AVERAGE    51

..........................................................


THE AUSTIN BERGSTROM CLIMATE NORMALS FOR TOMORROW
                         NORMAL    RECORD    YEAR
 MAXIMUM TEMPERATURE (F)   83        95      2011
                                             2002
 MINIMUM TEMPERATURE (F)   59        42      2005


SUNRISE AND SUNSET
APRIL 30 2017.........SUNRISE   648 AM CDT   SUNSET   808 PM CDT
MAY  1 2017...........SUNRISE   647 AM CDT   SUNSET   809 PM CDT


-  INDICATES NEGATIVE NUMBERS.
R  INDICATES RECORD WAS SET OR TIED.
MM INDICATES DATA IS MISSING.
T  INDICATES TRACE AMOUNT.




$$
