496
CDUS44 KEWX 022356
CLIAUS


CLIMATE REPORT
NATIONAL WEATHER SERVICE AUSTIN/SAN ANTONIO, TX
555 PM CST FRI DEC 2 2016


...................................

...THE AUSTIN BERGSTROM CLIMATE SUMMARY FOR DECEMBER 2 2016...
VALID TODAY AS OF 555 PM LOCAL TIME.

CLIMATE NORMAL PERIOD 1981 TO 2010
CLIMATE RECORD PERIOD 1943 TO 2016


WEATHER ITEM   OBSERVED TIME   RECORD YEAR NORMAL DEPARTURE LAST
                VALUE   (LST)  VALUE       VALUE  FROM      YEAR
                                                  NORMAL
..................................................................
TEMPERATURE (F)
 TODAY
  MAXIMUM         65   1209 PM  85    2007  66     -1       68
  MINIMUM         43    132 AM  25    2008  40      3       40
  AVERAGE         54                        53      1       54

PRECIPITATION (IN)
  TODAY            0.08          2.86 1965   0.08   0.00     0.00
  MONTH TO DATE    0.08                      0.17  -0.09     0.00
  SINCE DEC 1      0.08                      0.17  -0.09     0.00
  SINCE JAN 1     50.83                     32.60  18.23    56.00

SNOWFALL (IN)
  TODAY           MM
  MONTH TO DATE    0.0
  SINCE DEC 1      0.0
  SINCE JUL 1      0.0
  SNOW DEPTH       0

DEGREE DAYS
 HEATING
  TODAY           11                        13     -2       11
  MONTH TO DATE   25                        26     -1       24
  SINCE DEC 1     25                        26     -1       24
  SINCE JUL 1    119                       311   -192      202

 COOLING
  TODAY            0                         1     -1        0
  MONTH TO DATE    0                         2     -2        0
  SINCE DEC 1      0                         2     -2        0
  SINCE JAN 1   3082                      2743    339     2852
..................................................................


WIND (MPH)
  HIGHEST WIND SPEED    15   HIGHEST WIND DIRECTION     E (70)
  HIGHEST GUST SPEED    18   HIGHEST GUST DIRECTION     E (70)
  AVERAGE WIND SPEED     5.7


SKY COVER
  AVERAGE SKY COVER 0.8


WEATHER CONDITIONS
 THE FOLLOWING WEATHER WAS RECORDED TODAY.
  LIGHT RAIN
  FOG


RELATIVE HUMIDITY (PERCENT)
 HIGHEST    89           100 AM
 LOWEST     63          1200 PM
 AVERAGE    76

..........................................................


THE AUSTIN BERGSTROM CLIMATE NORMALS FOR TOMORROW
                         NORMAL    RECORD    YEAR
 MAXIMUM TEMPERATURE (F)   66        86      2013
 MINIMUM TEMPERATURE (F)   40        27      1976


SUNRISE AND SUNSET
DECEMBER  2 2016......SUNRISE   711 AM CST   SUNSET   530 PM CST
DECEMBER  3 2016......SUNRISE   711 AM CST   SUNSET   530 PM CST


-  INDICATES NEGATIVE NUMBERS.
R  INDICATES RECORD WAS SET OR TIED.
MM INDICATES DATA IS MISSING.
T  INDICATES TRACE AMOUNT.




$$
