000
CDUS44 KEWX 230717
CLIAUS


CLIMATE REPORT
NATIONAL WEATHER SERVICE AUSTIN/SAN ANTONIO, TX
216 AM CDT TUE SEP 23 2014


...................................

...THE AUSTIN BERGSTROM CLIMATE SUMMARY FOR SEPTEMBER 22 2014...

CLIMATE NORMAL PERIOD 1981 TO 2010
CLIMATE RECORD PERIOD 1943 TO 2014


WEATHER ITEM   OBSERVED TIME   RECORD YEAR NORMAL DEPARTURE LAST
                VALUE   (LST)  VALUE       VALUE  FROM      YEAR
                                                  NORMAL
..................................................................
TEMPERATURE (F)
 YESTERDAY
  MAXIMUM         91    420 PM 103    2005  89      2       84
  MINIMUM         66    614 AM  47    1983  63      3       56
  AVERAGE         79                        76      3       70

PRECIPITATION (IN)
  YESTERDAY        0.00          4.56 1965   0.07  -0.07     0.00
  MONTH TO DATE    3.21                      1.90   1.31     3.88
  SINCE SEP 1      3.21                      1.90   1.31     3.88
  SINCE JAN 1     18.76                     25.00  -6.24    23.10

SNOWFALL (IN)
  YESTERDAY        0.0
  MONTH TO DATE    0.0
  SINCE SEP 1      0.0
  SINCE JUL 1      0.0
  SNOW DEPTH       0

DEGREE DAYS
 HEATING
  YESTERDAY        0                         0      0        0
  MONTH TO DATE    1                         0      1        0
  SINCE SEP 1      1                         0      1        0
  SINCE JUL 1      1                         0      1        0

 COOLING
  YESTERDAY       14                        11      3        5
  MONTH TO DATE  371                       307     64      374
  SINCE SEP 1    371                       307     64      374
  SINCE JAN 1   2531                      2447     84     2713
..................................................................


WIND (MPH)
  HIGHEST WIND SPEED    20   HIGHEST WIND DIRECTION    NE (40)
  HIGHEST GUST SPEED    22   HIGHEST GUST DIRECTION    NE (40)
  AVERAGE WIND SPEED     6.3


SKY COVER
  AVERAGE SKY COVER 0.5


WEATHER CONDITIONS
 THE FOLLOWING WEATHER WAS RECORDED YESTERDAY.
  NO SIGNIFICANT WEATHER WAS OBSERVED.


RELATIVE HUMIDITY (PERCENT)
 HIGHEST    97          1200 AM
 LOWEST     47           400 PM
 AVERAGE    72

..........................................................


THE AUSTIN BERGSTROM CLIMATE NORMALS FOR TODAY
                         NORMAL    RECORD    YEAR
 MAXIMUM TEMPERATURE (F)   89       101      2005
                                             2000
 MINIMUM TEMPERATURE (F)   63        45      1999


SUNRISE AND SUNSET
SEPTEMBER 23 2014.....SUNRISE   720 AM CDT   SUNSET   726 PM CDT
SEPTEMBER 24 2014.....SUNRISE   720 AM CDT   SUNSET   725 PM CDT


-  INDICATES NEGATIVE NUMBERS.
R  INDICATES RECORD WAS SET OR TIED.
MM INDICATES DATA IS MISSING.
T  INDICATES TRACE AMOUNT.




$$
