000
CDUS44 KEWX 010639
CLIAUS


CLIMATE REPORT
NATIONAL WEATHER SERVICE AUSTIN/SAN ANTONIO, TX
138 AM CDT WED JUN 1 2016


...................................

...THE AUSTIN BERGSTROM CLIMATE SUMMARY FOR MAY 31 2016...

CLIMATE NORMAL PERIOD 1981 TO 2010
CLIMATE RECORD PERIOD 1943 TO 2016


WEATHER ITEM   OBSERVED TIME   RECORD YEAR NORMAL DEPARTURE LAST
                VALUE   (LST)  VALUE       VALUE  FROM      YEAR
                                                  NORMAL
..................................................................
TEMPERATURE (F)
 YESTERDAY
  MAXIMUM         83        MM 100    1998  90     -7       84
  MINIMUM         67        MM  51    1995  68     -1       64
  AVERAGE         75                        79     -4       74

PRECIPITATION (IN)
  YESTERDAY        0.67          1.52 1950   0.13   0.54     0.00
  MONTH TO DATE   15.82                      4.05  11.77    13.44
  SINCE MAR 1     26.11                      9.10  17.01    19.83
  SINCE JAN 1     28.29                     13.61  14.68    25.57

SNOWFALL (IN)
  YESTERDAY        0.0
  MONTH TO DATE    T
  SINCE MAR 1      T
  SINCE JUL 1      T
  SNOW DEPTH       0

DEGREE DAYS
 HEATING
  YESTERDAY        0                         0      0        0
  MONTH TO DATE    3                         0      3        0
  SINCE MAR 1    146                       288   -142      265
  SINCE JUL 1   1380                      1903   -523     1979

 COOLING
  YESTERDAY       10                        14     -4        9
  MONTH TO DATE  275                       319    -44      285
  SINCE MAR 1    481                       491    -10      491
  SINCE JAN 1    504                       507     -3      493
..................................................................


WIND (MPH)
  HIGHEST WIND SPEED    20   HIGHEST WIND DIRECTION     W (280)
  HIGHEST GUST SPEED    28   HIGHEST GUST DIRECTION     W (290)
  AVERAGE WIND SPEED     5.8


SKY COVER
  AVERAGE SKY COVER 0.8


WEATHER CONDITIONS
 THE FOLLOWING WEATHER WAS RECORDED YESTERDAY.
  THUNDERSTORM
  RAIN
  LIGHT RAIN
  FOG


RELATIVE HUMIDITY (PERCENT)
 HIGHEST   100           400 PM
 LOWEST     74          1100 AM
 AVERAGE    87

..........................................................


THE AUSTIN BERGSTROM CLIMATE NORMALS FOR TODAY
                         NORMAL    RECORD    YEAR
 MAXIMUM TEMPERATURE (F)   90       100      1998
 MINIMUM TEMPERATURE (F)   68        56      1984
                                             1975
                                             1964


SUNRISE AND SUNSET
JUNE  1 2016..........SUNRISE   629 AM CDT   SUNSET   828 PM CDT
JUNE  2 2016..........SUNRISE   629 AM CDT   SUNSET   829 PM CDT


-  INDICATES NEGATIVE NUMBERS.
R  INDICATES RECORD WAS SET OR TIED.
MM INDICATES DATA IS MISSING.
T  INDICATES TRACE AMOUNT.




$$
