000
CDUS44 KEWX 070722
CLIAUS


CLIMATE REPORT
NATIONAL WEATHER SERVICE AUSTIN/SAN ANTONIO, TX
222 AM CDT TUE JUL 7 2015


...................................

...THE AUSTIN BERGSTROM CLIMATE SUMMARY FOR JULY 6 2015...

CLIMATE NORMAL PERIOD 1981 TO 2010
CLIMATE RECORD PERIOD 1943 TO 2015


WEATHER ITEM   OBSERVED TIME   RECORD YEAR NORMAL DEPARTURE LAST
                VALUE   (LST)  VALUE       VALUE  FROM      YEAR
                                                  NORMAL
..................................................................
TEMPERATURE (F)
 YESTERDAY
  MAXIMUM         92    255 PM 103    2005  94     -2       93
  MINIMUM         76    642 AM  63    1968  71      5       68
  AVERAGE         84                        83      1       81

PRECIPITATION (IN)
  YESTERDAY        0.00          1.19 1958   0.09  -0.09     0.00
  MONTH TO DATE    0.01                      0.61  -0.60     0.69
  SINCE JUN 1      3.22                      5.24  -2.02     2.37
  SINCE JAN 1     28.79                     18.85   9.94    14.19

SNOWFALL (IN)
  YESTERDAY        0.0
  MONTH TO DATE    0.0
  SINCE JUN 1      0.0
  SINCE JUL 1      0.0
  SNOW DEPTH       0

DEGREE DAYS
 HEATING
  YESTERDAY        0                         0      0        0
  MONTH TO DATE    0                         0      0        0
  SINCE JUN 1      0                         0      0        0
  SINCE JUL 1      0                         0      0        0

 COOLING
  YESTERDAY       19                        18      1       16
  MONTH TO DATE   97                       108    -11      101
  SINCE JUN 1    527                       589    -62      608
  SINCE JAN 1   1020                      1096    -76     1063
..................................................................


WIND (MPH)
  HIGHEST WIND SPEED    24   HIGHEST WIND DIRECTION     S (170)
  HIGHEST GUST SPEED    33   HIGHEST GUST DIRECTION    SE (150)
  AVERAGE WIND SPEED    13.5


SKY COVER
  AVERAGE SKY COVER 0.7


WEATHER CONDITIONS
 THE FOLLOWING WEATHER WAS RECORDED YESTERDAY.
  NO SIGNIFICANT WEATHER WAS OBSERVED.


RELATIVE HUMIDITY (PERCENT)
 HIGHEST    94           300 AM
 LOWEST     52          1200 PM
 AVERAGE    73

..........................................................


THE AUSTIN BERGSTROM CLIMATE NORMALS FOR TODAY
                         NORMAL    RECORD    YEAR
 MAXIMUM TEMPERATURE (F)   94       104      2005
 MINIMUM TEMPERATURE (F)   71        64      1968


SUNRISE AND SUNSET
JULY  7 2015..........SUNRISE   635 AM CDT   SUNSET   836 PM CDT
JULY  8 2015..........SUNRISE   636 AM CDT   SUNSET   836 PM CDT


-  INDICATES NEGATIVE NUMBERS.
R  INDICATES RECORD WAS SET OR TIED.
MM INDICATES DATA IS MISSING.
T  INDICATES TRACE AMOUNT.




$$
