000
CDUS44 KEWX 220718
CLIAUS


CLIMATE REPORT
NATIONAL WEATHER SERVICE AUSTIN/SAN ANTONIO, TX
216 AM CDT SUN OCT 22 2017


...................................

...THE AUSTIN BERGSTROM CLIMATE SUMMARY FOR OCTOBER 21 2017...

CLIMATE NORMAL PERIOD 1981 TO 2010
CLIMATE RECORD PERIOD 1943 TO 2017


WEATHER ITEM   OBSERVED TIME   RECORD YEAR NORMAL DEPARTURE LAST
                VALUE   (LST)  VALUE       VALUE  FROM      YEAR
                                                  NORMAL
..................................................................
TEMPERATURE (F)
 YESTERDAY
  MAXIMUM         90    307 PM  92    1953  81      9       76
  MINIMUM         71   1220 AM  36    1976  54     17       48
  AVERAGE         81                        68     13       62

PRECIPITATION (IN)
  YESTERDAY        T             1.23 1984   0.16  -0.16     0.00
  MONTH TO DATE    0.95                      2.79  -1.84     0.25
  SINCE SEP 1      4.76                      5.33  -0.57     3.42
  SINCE JAN 1     36.02                     28.04   7.98    48.30

SNOWFALL (IN)
  YESTERDAY        0.0
  MONTH TO DATE    0.0
  SINCE SEP 1      0.0
  SINCE JUL 1      0.0
  SNOW DEPTH       0

DEGREE DAYS
 HEATING
  YESTERDAY        0                         2     -2        3
  MONTH TO DATE   11                        23    -12        3
  SINCE SEP 1     11                        25    -14        3
  SINCE JUL 1     11                        25    -14        3

 COOLING
  YESTERDAY       16                         4     12        0
  MONTH TO DATE  196                       139     57      213
  SINCE SEP 1    600                       527     73      684
  SINCE JAN 1   3241                      2667    574     2941
..................................................................


WIND (MPH)
  HIGHEST WIND SPEED    22   HIGHEST WIND DIRECTION     S (180)
  HIGHEST GUST SPEED    28   HIGHEST GUST DIRECTION     S (200)
  AVERAGE WIND SPEED    10.1


SKY COVER
  AVERAGE SKY COVER 0.8


WEATHER CONDITIONS
 THE FOLLOWING WEATHER WAS RECORDED YESTERDAY.
  LIGHT RAIN


RELATIVE HUMIDITY (PERCENT)
 HIGHEST   100           100 AM
 LOWEST     50           300 PM
 AVERAGE    75

..........................................................


THE AUSTIN BERGSTROM CLIMATE NORMALS FOR TODAY
                         NORMAL    RECORD    YEAR
 MAXIMUM TEMPERATURE (F)   81        92      2003
 MINIMUM TEMPERATURE (F)   54        41      1999


SUNRISE AND SUNSET
OCTOBER 22 2017.......SUNRISE   738 AM CDT   SUNSET   652 PM CDT
OCTOBER 23 2017.......SUNRISE   738 AM CDT   SUNSET   651 PM CDT


-  INDICATES NEGATIVE NUMBERS.
R  INDICATES RECORD WAS SET OR TIED.
MM INDICATES DATA IS MISSING.
T  INDICATES TRACE AMOUNT.




$$
