000
CDUS44 KEWX 021355 CCA
CLIAUS

CLIMATE REPORT...CORRECTED TO REMOVE THUNDERSTORM UNDER WEATHER CONDITIONS
NATIONAL WEATHER SERVICE AUSTIN/SAN ANTONIO, TX
855 AM CDT WED SEP 2 2015

...................................

...THE AUSTIN BERGSTROM CLIMATE SUMMARY FOR SEPTEMBER 1 2015...

CLIMATE NORMAL PERIOD 1981 TO 2010
CLIMATE RECORD PERIOD 1943 TO 2015


WEATHER ITEM   OBSERVED TIME   RECORD YEAR NORMAL DEPARTURE LAST
                VALUE   (LST)  VALUE       VALUE  FROM      YEAR
                                                  NORMAL
..................................................................
TEMPERATURE (F)
 YESTERDAY
  MAXIMUM         93    406 PM 107    1951  94     -1      100
  MINIMUM         69   1159 PM  63    2004  69      0       77
  AVERAGE         81                        82     -1       89

PRECIPITATION (IN)
  YESTERDAY        0.03          0.98 1970   0.08  -0.05     0.00
  MONTH TO DATE    0.03                      0.08  -0.05     0.00
  SINCE SEP 1      0.03                      0.08  -0.05     0.00
  SINCE JAN 1     29.56                     22.79   6.77    15.55

SNOWFALL (IN)
  YESTERDAY        0.0
  MONTH TO DATE    0.0
  SINCE SEP 1      0.0
  SINCE JUL 1      0.0
  SNOW DEPTH       0

DEGREE DAYS
 HEATING
  YESTERDAY        0                         0      0        0
  MONTH TO DATE    0                         0      0        0
  SINCE SEP 1      0                         0      0        0
  SINCE JUL 1      0                         0      0        0

 COOLING
  YESTERDAY       16                        17     -1       24
  MONTH TO DATE   16                        17     -1       24
  SINCE SEP 1     16                        17     -1       24
  SINCE JAN 1   2111                      2157    -46     2184
..................................................................


WIND (MPH)
  HIGHEST WIND SPEED    18   HIGHEST WIND DIRECTION    SE (120)
  HIGHEST GUST SPEED    25   HIGHEST GUST DIRECTION     E (110)
  AVERAGE WIND SPEED     6.7


SKY COVER
  AVERAGE SKY COVER 0.6


WEATHER CONDITIONS
 THE FOLLOWING WEATHER WAS RECORDED YESTERDAY.
  LIGHT RAIN


RELATIVE HUMIDITY (PERCENT)
 HIGHEST   100           300 AM
 LOWEST     47           300 PM
 AVERAGE    74

..........................................................


THE AUSTIN BERGSTROM CLIMATE NORMALS FOR TODAY
                         NORMAL    RECORD    YEAR
 MAXIMUM TEMPERATURE (F)   94       106      2000
 MINIMUM TEMPERATURE (F)   69        63      2004


SUNRISE AND SUNSET
SEPTEMBER  2 2015.....SUNRISE   708 AM CDT   SUNSET   752 PM CDT
SEPTEMBER  3 2015.....SUNRISE   708 AM CDT   SUNSET   751 PM CDT


-  INDICATES NEGATIVE NUMBERS.
R  INDICATES RECORD WAS SET OR TIED.
MM INDICATES DATA IS MISSING.
T  INDICATES TRACE AMOUNT.

$$
