000
CDUS43 KGRB 210711
CLIAUW


CLIMATE REPORT
NATIONAL WEATHER SERVICE GREEN BAY
211 AM CDT FRI JUL 21 2017


...................................

...THE WAUSAU WI CLIMATE SUMMARY FOR JULY 20 2017...

CLIMATE NORMAL PERIOD 1981 TO 2010
CLIMATE RECORD PERIOD 1896 TO 2017


WEATHER ITEM   OBSERVED TIME   RECORD YEAR NORMAL DEPARTURE LAST
                VALUE   (LST)  VALUE       VALUE  FROM      YEAR
                                                  NORMAL
..................................................................
TEMPERATURE (F)
 YESTERDAY
  MAXIMUM         86    414 PM 100    1932  80      6       83
  MINIMUM         67    118 AM  41    1900  59      8       64
  AVERAGE         77                        70      7

PRECIPITATION (IN)
  YESTERDAY        0.00          1.74 1957   0.13  -0.13     0.00
  MONTH TO DATE    2.95                      2.42   0.53     2.15
  SINCE JUN 1      8.29                      6.73   1.56     7.37
  SINCE JAN 1     24.08                     16.64   7.44    19.03

SNOWFALL (IN)
  YESTERDAY        0.0           0.0    MM   0.0    0.0      0.0
  MONTH TO DATE    0.0                       0.0    0.0      0.0
  SINCE JUL 1      0.0                       0.0    0.0      0.0
  SNOW DEPTH       0

DEGREE DAYS
 HEATING
  YESTERDAY        0                         1     -1        0
  MONTH TO DATE    3                        20    -17        8
  SINCE JUN 1     57                       109    -52       38
  SINCE JUL 1      3                        20    -17        8

 COOLING
  YESTERDAY       12                         5      7        9
  MONTH TO DATE   94                       100     -6       93
  SINCE JUN 1    173                       185    -12      197
  SINCE JAN 1    174                       204    -30      244
..................................................................


WIND (MPH)
  HIGHEST WIND SPEED    16   HIGHEST WIND DIRECTION     W (290)
  HIGHEST GUST SPEED    21   HIGHEST GUST DIRECTION     W (290)
  AVERAGE WIND SPEED     7.9


SKY COVER
  POSSIBLE SUNSHINE  MM
  AVERAGE SKY COVER 0.3


WEATHER CONDITIONS
 THE FOLLOWING WEATHER WAS RECORDED YESTERDAY.
  NO SIGNIFICANT WEATHER WAS OBSERVED.


RELATIVE HUMIDITY (PERCENT)
 HIGHEST    93           300 AM
 LOWEST     44           500 PM
 AVERAGE    69

..........................................................


THE WAUSAU WI CLIMATE NORMALS FOR TODAY
                         NORMAL    RECORD    YEAR
 MAXIMUM TEMPERATURE (F)   80        95      2002
 MINIMUM TEMPERATURE (F)   59        37      1904


SUNRISE AND SUNSET
JULY 21 2017..........SUNRISE   532 AM CDT   SUNSET   837 PM CDT
JULY 22 2017..........SUNRISE   533 AM CDT   SUNSET   836 PM CDT


-  INDICATES NEGATIVE NUMBERS.
R  INDICATES RECORD WAS SET OR TIED.
MM INDICATES DATA IS MISSING.
T  INDICATES TRACE AMOUNT.




$$
