000
CDUS43 KGRB 270752
CLIAUW

CLIMATE REPORT
NATIONAL WEATHER SERVICE GREEN BAY
150 AM CST THU NOV 27 2014

...................................

...THE WAUSAU WI CLIMATE SUMMARY FOR NOVEMBER 26 2014...

CLIMATE NORMAL PERIOD 1981 TO 2010
CLIMATE RECORD PERIOD 1896 TO 2014

WEATHER ITEM   OBSERVED TIME   RECORD YEAR NORMAL DEPARTURE LAST
                VALUE   (LST)  VALUE       VALUE  FROM      YEAR
                                                  NORMAL
..................................................................
TEMPERATURE (F)
 YESTERDAY
  MAXIMUM         25    204 PM  59    1914  34     -9       33
  MINIMUM         13    123 AM  -8    1977  20     -7        9
  AVERAGE         19                        27     -8

PRECIPITATION (IN)
  YESTERDAY        0.01          1.20 1906   0.06  -0.05     0.01
  MONTH TO DATE    2.26                      1.77   0.49     2.20
  SINCE SEP 1     12.80                      8.61   4.19     9.26
  SINCE JAN 1     39.45                     30.82   8.63    36.89

SNOWFALL (IN)
  YESTERDAY        0.6           8.2  1971   0.3    0.3       T
  MONTH TO DATE   17.7                       5.5   12.2      3.3
  SINCE JUL 1     19.4                       6.9   12.5      3.3
  SNOW DEPTH       5

DEGREE DAYS
 HEATING
  YESTERDAY       46                        38      8       44
  MONTH TO DATE 1022                       820    202      846
  SINCE SEP 1   1836                      1638    198     1570
  SINCE JUL 1   1890                      1704    186     1626

COOLING
  YESTERDAY        0                         0      0        0
  MONTH TO DATE    0                         0      0        0
  SINCE SEP 1     12                        32    -20       56
  SINCE JAN 1    338                       407    -69      506
..................................................................

WIND (MPH)
  HIGHEST WIND SPEED    13   HIGHEST WIND DIRECTION    NW (330)
  HIGHEST GUST SPEED    17   HIGHEST GUST DIRECTION     N (340)
  AVERAGE WIND SPEED     4.6

SKY COVER
  POSSIBLE SUNSHINE  MM
  AVERAGE SKY COVER 1.0

WEATHER CONDITIONS
 THE FOLLOWING WEATHER WAS RECORDED YESTERDAY.
  LIGHT SNOW
  FOG
  HAZE

RELATIVE HUMIDITY (PERCENT)
 HIGHEST    92          1200 AM
 LOWEST     74           100 PM
 AVERAGE    83
..........................................................

THE WAUSAU WI CLIMATE NORMALS FOR TODAY
                         NORMAL    RECORD    YEAR
 MAXIMUM TEMPERATURE (F)   34        62      1998
 MINIMUM TEMPERATURE (F)   19       -10      1897

SUNRISE AND SUNSET
NOVEMBER 27 2014......SUNRISE   711 AM CST   SUNSET   421 PM CST
NOVEMBER 28 2014......SUNRISE   713 AM CST   SUNSET   420 PM CST

-  INDICATES NEGATIVE NUMBERS.
R  INDICATES RECORD WAS SET OR TIED.
MM INDICATES DATA IS MISSING.
T  INDICATES TRACE AMOUNT.

$$
