000
CDUS43 KGRB 142136
CLIAUW


CLIMATE REPORT
NATIONAL WEATHER SERVICE GREEN BAY
435 PM CDT SUN SEP 14 2014


...................................

...THE WAUSAU WI CLIMATE SUMMARY FOR SEPTEMBER 14 2014...
VALID TODAY AS OF 0400 PM LOCAL TIME.

CLIMATE NORMAL PERIOD 1981 TO 2010
CLIMATE RECORD PERIOD 1896 TO 2014


WEATHER ITEM   OBSERVED TIME   RECORD YEAR NORMAL DEPARTURE LAST
                VALUE   (LST)  VALUE       VALUE  FROM      YEAR
                                                  NORMAL
..................................................................
TEMPERATURE (F)
 TODAY
  MAXIMUM         65    252 PM  94    1939  70     -5       71
  MINIMUM         46   1246 AM  27    1923  49     -3       41
  AVERAGE         56                        59     -3       56

PRECIPITATION (IN)
  TODAY            0.00          1.07 1967   0.13  -0.13     0.06
  MONTH TO DATE    5.31                      1.82   3.49     0.66
  SINCE SEP 1      5.31                      1.82   3.49     0.66
  SINCE JAN 1     31.96                     24.03   7.93    28.29

SNOWFALL (IN)
  TODAY            0.0           0.0    MM   0.0             0.0
  MONTH TO DATE    0.0                       0.0             0.0
  SINCE SEP 1      0.0                       0.0             0.0
  SINCE JUL 1      0.0                       0.0             0.0
  SNOW DEPTH       0

DEGREE DAYS
 HEATING
  TODAY            9                         7      2        9
  MONTH TO DATE   89                        67     22       43
  SINCE SEP 1     89                        67     22       43
  SINCE JUL 1    143                       133     10       99

 COOLING
  TODAY            0                         1     -1        0
  MONTH TO DATE    9                        23    -14       50
  SINCE JAN 1    335                       398    -63      500
..................................................................


WIND (MPH)
  HIGHEST WIND SPEED    23   HIGHEST WIND DIRECTION     W (260)
  HIGHEST GUST SPEED    28   HIGHEST GUST DIRECTION     W (270)
  AVERAGE WIND SPEED    11.4


SKY COVER
  POSSIBLE SUNSHINE  MM
  AVERAGE SKY COVER 0.7


WEATHER CONDITIONS
 THE FOLLOWING WEATHER WAS RECORDED TODAY.
  NO SIGNIFICANT WEATHER WAS OBSERVED.


RELATIVE HUMIDITY (PERCENT)
 HIGHEST    82           100 AM
 LOWEST     55          1200 PM
 AVERAGE    69

..........................................................


THE WAUSAU WI CLIMATE NORMALS FOR TOMORROW
                         NORMAL    RECORD    YEAR
 MAXIMUM TEMPERATURE (F)   69        93      1939
 MINIMUM TEMPERATURE (F)   48        30      2007


SUNRISE AND SUNSET
SEPTEMBER 14 2014.....SUNRISE   636 AM CDT   SUNSET   711 PM CDT
SEPTEMBER 15 2014.....SUNRISE   637 AM CDT   SUNSET   709 PM CDT


-  INDICATES NEGATIVE NUMBERS.
R  INDICATES RECORD WAS SET OR TIED.
MM INDICATES DATA IS MISSING.
T  INDICATES TRACE AMOUNT.




$$
