000
CDUS43 KGRB 300647
CLIAUW


CLIMATE REPORT
NATIONAL WEATHER SERVICE GREEN BAY
146 AM CDT TUE MAY 30 2017


...................................

...THE WAUSAU WI CLIMATE SUMMARY FOR MAY 29 2017...

CLIMATE NORMAL PERIOD 1981 TO 2010
CLIMATE RECORD PERIOD 1896 TO 2017


WEATHER ITEM   OBSERVED TIME   RECORD YEAR NORMAL DEPARTURE LAST
                VALUE   (LST)  VALUE       VALUE  FROM      YEAR
                                                  NORMAL
..................................................................
TEMPERATURE (F)
 YESTERDAY
  MAXIMUM         65    328 PM  93    1895  71     -6       75
  MINIMUM         50    522 AM  31    1965  48      2       60
                                      1947
  AVERAGE         58                        60     -2

PRECIPITATION (IN)
  YESTERDAY        0.27          2.43 1942   0.13   0.14     0.21
  MONTH TO DATE    3.87                      3.22   0.65     2.58
  SINCE MAR 1     11.84                      7.71   4.13     9.92
  SINCE JAN 1     15.78                      9.65   6.13    11.35

SNOWFALL (IN)
  YESTERDAY        0.0           0.0    MM   0.0    0.0      0.0
  MONTH TO DATE    0.0                       0.2   -0.2       T
  SINCE JUL 1     60.5                      59.6    0.9     43.4
  SNOW DEPTH       0

DEGREE DAYS
 HEATING
  YESTERDAY        7                         6      1        0
  MONTH TO DATE  324                       296     28      237
  SINCE MAR 1   1969                      2012    -43     1660
  SINCE JUL 1   7195                      8148   -953     6783

 COOLING
  YESTERDAY        0                         1     -1        3
  MONTH TO DATE    1                        12    -11       41
  SINCE MAR 1      1                        14    -13       43
  SINCE JAN 1      1                        14    -13       43
..................................................................


WIND (MPH)
  HIGHEST WIND SPEED    24   HIGHEST WIND DIRECTION    NW (310)
  HIGHEST GUST SPEED    39   HIGHEST GUST DIRECTION     W (280)
  AVERAGE WIND SPEED    11.9


SKY COVER
  POSSIBLE SUNSHINE  MM
  AVERAGE SKY COVER 0.7


WEATHER CONDITIONS
 THE FOLLOWING WEATHER WAS RECORDED YESTERDAY.
  THUNDERSTORM
  HEAVY RAIN
  RAIN
  LIGHT RAIN
  FOG


RELATIVE HUMIDITY (PERCENT)
 HIGHEST    96          1100 AM
 LOWEST     52           300 PM
 AVERAGE    74

..........................................................


THE WAUSAU WI CLIMATE NORMALS FOR TODAY
                         NORMAL    RECORD    YEAR
 MAXIMUM TEMPERATURE (F)   71        94      1939
 MINIMUM TEMPERATURE (F)   49        33      1930
                                             1897


SUNRISE AND SUNSET
MAY 30 2017...........SUNRISE   516 AM CDT   SUNSET   836 PM CDT
MAY 31 2017...........SUNRISE   516 AM CDT   SUNSET   837 PM CDT


-  INDICATES NEGATIVE NUMBERS.
R  INDICATES RECORD WAS SET OR TIED.
MM INDICATES DATA IS MISSING.
T  INDICATES TRACE AMOUNT.




$$
