000
CDUS43 KGRB 212235
CLIAUW


CLIMATE REPORT
NATIONAL WEATHER SERVICE GREEN BAY
435 PM CST SUN JAN 21 2018


...................................

...THE WAUSAU WI CLIMATE SUMMARY FOR JANUARY 21 2018...
VALID TODAY AS OF 0400 PM LOCAL TIME.

CLIMATE NORMAL PERIOD 1981 TO 2010
CLIMATE RECORD PERIOD 1896 TO 2018


WEATHER ITEM   OBSERVED TIME   RECORD YEAR NORMAL DEPARTURE LAST
                VALUE   (LST)  VALUE       VALUE  FROM      YEAR
                                                  NORMAL
..................................................................
TEMPERATURE (F)
 TODAY
  MAXIMUM         44    356 PM  46    1908  23     21       36
  MINIMUM         27    747 AM -27    1963   6     21       32
  AVERAGE         36                        14     22       34

PRECIPITATION (IN)
  TODAY           MM             1.02 1917   0.03  MM         T
  MONTH TO DATE    0.46                      0.71  -0.25     1.83
  SINCE DEC 1      1.62                      2.07  -0.45     4.49
  SINCE JAN 1      0.46                      0.71  -0.25     1.83

SNOWFALL (IN)
  TODAY           MM            10.2  1917   0.5   MM        0.0
  MONTH TO DATE    4.3                       9.2   -4.9     11.8
  SINCE DEC 1     13.9                      23.1   -9.2     35.9
  SINCE JUL 1     22.2                      31.4   -9.2     39.0
  SNOW DEPTH       0

DEGREE DAYS
 HEATING
  TODAY           29                        51    -22       31
  MONTH TO DATE 1079                      1065     14     1068
  SINCE DEC 1   2609                      2492    117     2485
  SINCE JUL 1   4294                      4351    -57     3763

 COOLING
  TODAY            0                         0      0        0
  MONTH TO DATE    0                         0      0        0
  SINCE JAN 1      0                         0      0        0
..................................................................


WIND (MPH)
  HIGHEST WIND SPEED     7   HIGHEST WIND DIRECTION     N (340)
  HIGHEST GUST SPEED     9   HIGHEST GUST DIRECTION     N (340)
  AVERAGE WIND SPEED     1.6


SKY COVER
  POSSIBLE SUNSHINE  MM
  AVERAGE SKY COVER 0.9


WEATHER CONDITIONS
 THE FOLLOWING WEATHER WAS RECORDED TODAY.
  FOG
  HAZE


RELATIVE HUMIDITY (PERCENT)
 HIGHEST   100           100 AM
 LOWEST     53           400 PM
 AVERAGE    77

..........................................................


THE WAUSAU WI CLIMATE NORMALS FOR TOMORROW
                         NORMAL    RECORD    YEAR
 MAXIMUM TEMPERATURE (F)   23        48      1964
 MINIMUM TEMPERATURE (F)    6       -28      1963


SUNRISE AND SUNSET
JANUARY 21 2018.......SUNRISE   729 AM CST   SUNSET   451 PM CST
JANUARY 22 2018.......SUNRISE   728 AM CST   SUNSET   453 PM CST


-  INDICATES NEGATIVE NUMBERS.
R  INDICATES RECORD WAS SET OR TIED.
MM INDICATES DATA IS MISSING.
T  INDICATES TRACE AMOUNT.




$$
