000
CDUS43 KGRB 230710
CLIAUW


CLIMATE REPORT
NATIONAL WEATHER SERVICE GREEN BAY
106 AM CST THU FEB 23 2017


...................................

...THE WAUSAU WI CLIMATE SUMMARY FOR FEBRUARY 22 2017...

CLIMATE NORMAL PERIOD 1981 TO 2010
CLIMATE RECORD PERIOD 1896 TO 2017


WEATHER ITEM   OBSERVED TIME   RECORD YEAR NORMAL DEPARTURE LAST
                VALUE   (LST)  VALUE       VALUE  FROM      YEAR
                                                  NORMAL
..................................................................
TEMPERATURE (F)
 YESTERDAY
  MAXIMUM         55R   400 PM  53    2000  30     25       35
                                      1984
                                      1930
  MINIMUM         36   1141 PM -23    1936  12     24       23
  AVERAGE         46                        21     25

PRECIPITATION (IN)
  YESTERDAY        T             1.28 1981   0.04  -0.04     0.00
  MONTH TO DATE    0.88                      0.68   0.20     0.54
  SINCE DEC 1      5.88                      3.06   2.82     6.33
  SINCE JAN 1      3.22                      1.70   1.52     1.38

SNOWFALL (IN)
  YESTERDAY        0.0           5.0  1945   0.4   -0.4      0.0
  MONTH TO DATE    0.4                       7.5   -7.1      8.7
  SINCE JUL 1     46.5                      43.2    3.3     24.1
  SNOW DEPTH       0

DEGREE DAYS
 HEATING
  YESTERDAY       19                        44    -25       36
  MONTH TO DATE  862                      1030   -168      974
  SINCE DEC 1   3732                      4021   -289     3482
  SINCE JUL 1   5010                      5880   -870     4888

 COOLING
  YESTERDAY        0                         0      0        0
  MONTH TO DATE    0                         0      0        0
  SINCE DEC 1      0                         0      0        0
  SINCE JAN 1      0                         0      0        0
..................................................................


WIND (MPH)
  HIGHEST WIND SPEED    17   HIGHEST WIND DIRECTION     S (170)
  HIGHEST GUST SPEED    20   HIGHEST GUST DIRECTION     S (170)
  AVERAGE WIND SPEED     4.7


SKY COVER
  POSSIBLE SUNSHINE  MM
  AVERAGE SKY COVER 0.3


WEATHER CONDITIONS
 THE FOLLOWING WEATHER WAS RECORDED YESTERDAY.
  LIGHT RAIN


RELATIVE HUMIDITY (PERCENT)
 HIGHEST    92          1000 PM
 LOWEST     50           100 PM
 AVERAGE    71

..........................................................


THE WAUSAU WI CLIMATE NORMALS FOR TODAY
                         NORMAL    RECORD    YEAR
 MAXIMUM TEMPERATURE (F)   31        50      2000
 MINIMUM TEMPERATURE (F)   13       -20      1910


SUNRISE AND SUNSET
FEBRUARY 23 2017......SUNRISE   646 AM CST   SUNSET   538 PM CST
FEBRUARY 24 2017......SUNRISE   644 AM CST   SUNSET   540 PM CST


-  INDICATES NEGATIVE NUMBERS.
R  INDICATES RECORD WAS SET OR TIED.
MM INDICATES DATA IS MISSING.
T  INDICATES TRACE AMOUNT.




$$
