827
CDUS42 KGSP 072140
CLIAVL

CLIMATE REPORT
NATIONAL WEATHER SERVICE GREENVILLE-SPARTANBURG SC
440 PM EST SUN FEB 7 2016


...................................

...THE ASHEVILLE NC CLIMATE SUMMARY FOR FEBRUARY 7 2016...
VALID TODAY AS OF 0440 PM LOCAL TIME.

CLIMATE NORMAL PERIOD 1981 TO 2010
CLIMATE RECORD PERIOD 1869 TO 2016


WEATHER ITEM   OBSERVED TIME   RECORD YEAR NORMAL DEPARTURE LAST
                VALUE   (LST)  VALUE       VALUE  FROM      YEAR
                                                  NORMAL
..................................................................
TEMPERATURE (F)
 TODAY
  MAXIMUM         48    434 PM  71    1925  50     -2       64
  MINIMUM         29    730 AM  -4    1895  28      1       22
  AVERAGE         39                        39      0       43

PRECIPITATION (IN)
  TODAY            0.00          3.00 1873   0.13  -0.13     0.00
  MONTH TO DATE    2.42                      0.93   1.49     0.71
  SINCE DEC 1     14.47                      8.19   6.28     6.17
  SINCE JAN 1      5.71                      4.60   1.11     3.77

SNOWFALL (IN)
  TODAY            0.0           6.2  1922   0.1   -0.1      0.0
  MONTH TO DATE    T                         0.7   -0.7       T
  SINCE DEC 1     13.8                       5.7    8.1       T
  SINCE JUL 1     13.8                       5.8    8.0      3.2
  SNOW DEPTH       0

DEGREE DAYS
 HEATING
  TODAY           26                        26      0       22
  MONTH TO DATE  145                       186    -41      199
  SINCE DEC 1   1493                      1846   -353     1699
  SINCE JUL 1   2168                      2713   -545     2614

 COOLING
  TODAY            0                         0      0        0
  MONTH TO DATE    0                         0      0        0
  SINCE DEC 1      0                         0      0        0
  SINCE JAN 1      0                         0      0        0
..................................................................


WIND (MPH)
  HIGHEST WIND SPEED    24   HIGHEST WIND DIRECTION     N (340)
  HIGHEST GUST SPEED    30   HIGHEST GUST DIRECTION     N (340)
  AVERAGE WIND SPEED    12.1


SKY COVER
  POSSIBLE SUNSHINE  MM
  AVERAGE SKY COVER 0.0


WEATHER CONDITIONS
 THE FOLLOWING WEATHER WAS RECORDED TODAY.
  NO SIGNIFICANT WEATHER WAS OBSERVED.


RELATIVE HUMIDITY (PERCENT)
 HIGHEST    58          1200 AM
 LOWEST     29           400 PM
 AVERAGE    44

..........................................................


THE ASHEVILLE NC CLIMATE NORMALS FOR TOMORROW
                         NORMAL    RECORD    YEAR
 MAXIMUM TEMPERATURE (F)   50        70      1937
 MINIMUM TEMPERATURE (F)   29        -9      1895


SUNRISE AND SUNSET
FEBRUARY  7 2016......SUNRISE   725 AM EST   SUNSET   604 PM EST
FEBRUARY  8 2016......SUNRISE   724 AM EST   SUNSET   605 PM EST


-  INDICATES NEGATIVE NUMBERS.
R  INDICATES RECORD WAS SET OR TIED.
MM INDICATES DATA IS MISSING.
T  INDICATES TRACE AMOUNT.

$$

OUTLAW
