000
CDUS42 KGSP 052053
CLIAVL

CLIMATE REPORT
NATIONAL WEATHER SERVICE GREENVILLE-SPARTANBURG SC
453 PM EDT SUN JUL 5 2015


...................................

...THE ASHEVILLE NC CLIMATE SUMMARY FOR JULY 5 2015...
VALID TODAY AS OF 0450 PM LOCAL TIME.

CLIMATE NORMAL PERIOD 1981 TO 2010
CLIMATE RECORD PERIOD 1869 TO 2015


WEATHER ITEM   OBSERVED TIME   RECORD YEAR NORMAL DEPARTURE LAST
                VALUE   (LST)  VALUE       VALUE  FROM      YEAR
                                                  NORMAL
..................................................................
TEMPERATURE (F)
 TODAY
  MAXIMUM         79    158 PM  96    1948  84     -5       78
  MINIMUM         66    642 AM  46    1967  63      3       53
                                      1933
  AVERAGE         73                        74     -1       66

PRECIPITATION (IN)
  TODAY            0.03          1.95 1941   0.14  -0.11     0.00
  MONTH TO DATE    0.37                      0.72  -0.35      T
  SINCE JUN 1      6.79                      5.37   1.42     5.39
  SINCE JAN 1     21.04                     23.62  -2.58    21.90

SNOWFALL (IN)
  TODAY            0.0           0.0    MM   0.0    0.0      0.0
  MONTH TO DATE    0.0                       0.0    0.0      0.0
  SINCE JUN 1      0.0                       0.0    0.0      0.0
  SINCE JUL 1      0.0                       0.0    0.0      0.0
  SNOW DEPTH       0

DEGREE DAYS
 HEATING
  TODAY            0                         0      0        0
  MONTH TO DATE    0                         0      0        0
  SINCE JUN 1      0                        14    -14        0
  SINCE JUL 1      0                         0      0        0

 COOLING
  TODAY            8                         9     -1        1
  MONTH TO DATE   34                        41     -7       39
  SINCE JUN 1    297                       218     79      265
  SINCE JAN 1    419                       276    143      346
..................................................................


WIND (MPH)
  HIGHEST WIND SPEED    17   HIGHEST WIND DIRECTION     S (160)
  HIGHEST GUST SPEED    23   HIGHEST GUST DIRECTION    SE (150)
  AVERAGE WIND SPEED     7.2


SKY COVER
  POSSIBLE SUNSHINE  MM
  AVERAGE SKY COVER 0.6


WEATHER CONDITIONS
 THE FOLLOWING WEATHER WAS RECORDED TODAY.
  LIGHT RAIN
  FOG


RELATIVE HUMIDITY (PERCENT)
 HIGHEST    93           300 AM
 LOWEST     54           200 PM
 AVERAGE    74

..........................................................


THE ASHEVILLE NC CLIMATE NORMALS FOR TOMORROW
                         NORMAL    RECORD    YEAR
 MAXIMUM TEMPERATURE (F)   84        93      1993
                                             1953
 MINIMUM TEMPERATURE (F)   63        51      1933


SUNRISE AND SUNSET
JULY  5 2015..........SUNRISE   620 AM EDT   SUNSET   849 PM EDT
JULY  6 2015..........SUNRISE   621 AM EDT   SUNSET   849 PM EDT


-  INDICATES NEGATIVE NUMBERS.
R  INDICATES RECORD WAS SET OR TIED.
MM INDICATES DATA IS MISSING.
T  INDICATES TRACE AMOUNT.

$$

OUTLAW
