014
CDUS42 KGSP 222037
CLIAVL

CLIMATE REPORT
NATIONAL WEATHER SERVICE GREENVILLE-SPARTANBURG SC
436 PM EDT THU JUN 22 2017


...................................

...THE ASHEVILLE NC CLIMATE SUMMARY FOR JUNE 22 2017...
VALID TODAY AS OF 0430 PM LOCAL TIME.

CLIMATE NORMAL PERIOD 1981 TO 2010
CLIMATE RECORD PERIOD 1869 TO 2017


WEATHER ITEM   OBSERVED TIME   RECORD YEAR NORMAL DEPARTURE LAST
                VALUE   (LST)  VALUE       VALUE  FROM      YEAR
                                                  NORMAL
..................................................................
TEMPERATURE (F)
 TODAY
  MAXIMUM         72    321 PM  94    1964  83    -11       90
  MINIMUM         66    555 AM  49    1992  61      5       65
                                      1985
  AVERAGE         69                        72     -3       78

PRECIPITATION (IN)
  TODAY            0.10          1.82 2015   0.16  -0.06     0.00
  MONTH TO DATE    1.45                      3.39  -1.94     1.28
  SINCE JUN 1      1.45                      3.39  -1.94     1.28
  SINCE JAN 1     24.47                     21.64   2.83    16.16

SNOWFALL (IN)
  TODAY            0.0           0.0    MM   0.0    0.0      0.0
  MONTH TO DATE    0.0                       0.0    0.0      0.0
  SINCE JUN 1      0.0                       0.0    0.0      0.0
  SINCE JUL 1      9.4                       9.9   -0.5     13.9
  SNOW DEPTH       0

DEGREE DAYS
 HEATING
  TODAY            0                         0      0        0
  MONTH TO DATE    0                        11    -11        0
  SINCE JUN 1      0                        11    -11        0
  SINCE JUL 1   3123                      4192  -1069     3456

 COOLING
  TODAY            4                         7     -3       13
  MONTH TO DATE  144                       118     26      182
  SINCE JUN 1    144                       118     26      182
  SINCE JAN 1    243                       176     67      255
..................................................................


WIND (MPH)
  HIGHEST WIND SPEED     7   HIGHEST WIND DIRECTION    SE (150)
  HIGHEST GUST SPEED     9   HIGHEST GUST DIRECTION     S (200)
  AVERAGE WIND SPEED     3.7


SKY COVER
  POSSIBLE SUNSHINE  MM
  AVERAGE SKY COVER 0.6


WEATHER CONDITIONS
 THE FOLLOWING WEATHER WAS RECORDED TODAY.
  LIGHT RAIN


RELATIVE HUMIDITY (PERCENT)
 HIGHEST    93          1200 AM
 LOWEST     79           300 PM
 AVERAGE    86

..........................................................


THE ASHEVILLE NC CLIMATE NORMALS FOR TOMORROW
                         NORMAL    RECORD    YEAR
 MAXIMUM TEMPERATURE (F)   83        93      2016
                                             1988
 MINIMUM TEMPERATURE (F)   61        47      1947


SUNRISE AND SUNSET
JUNE 22 2017..........SUNRISE   616 AM EDT   SUNSET   849 PM EDT
JUNE 23 2017..........SUNRISE   616 AM EDT   SUNSET   849 PM EDT


-  INDICATES NEGATIVE NUMBERS.
R  INDICATES RECORD WAS SET OR TIED.
MM INDICATES DATA IS MISSING.
T  INDICATES TRACE AMOUNT.




$$

LEC
