000
CDUS42 KGSP 190629
CLIAVL

CLIMATE REPORT
NATIONAL WEATHER SERVICE GREENVILLE-SPARTANBURG SC
129 AM EST MON FEB 19 2018


...................................

...THE ASHEVILLE NC CLIMATE SUMMARY FOR FEBRUARY 18 2018...

CLIMATE NORMAL PERIOD 1981 TO 2010
CLIMATE RECORD PERIOD 1869 TO 2018


WEATHER ITEM   OBSERVED TIME   RECORD YEAR NORMAL DEPARTURE LAST
                VALUE   (LST)  VALUE       VALUE  FROM      YEAR
                                                  NORMAL
..................................................................
TEMPERATURE (F)
 YESTERDAY
  MAXIMUM         62    329 PM  72    1897  52     10       59
  MINIMUM         42    754 AM   0    1958  30     12       34
  AVERAGE         52                        41     11       47

PRECIPITATION (IN)
  YESTERDAY        T             0.97 1940   0.13  -0.13      T
  MONTH TO DATE    4.71                      2.42   2.29     0.44
  SINCE DEC 1     11.22                      9.68   1.54     6.47
  SINCE JAN 1      8.75                      6.09   2.66     4.16

SNOWFALL (IN)
  YESTERDAY        0.0           8.6  1979   0.1             0.0
  MONTH TO DATE    T                         1.5             0.0
  SINCE DEC 1     10.8                       6.5             7.3
  SINCE JUL 1     10.8                       6.6             7.3
  SNOW DEPTH       0

DEGREE DAYS
 HEATING
  YESTERDAY       13                        24    -11       18
  MONTH TO DATE  335                       461   -126      339
  SINCE DEC 1   2058                      2121    -63     1681
  SINCE JUL 1   2776                      2988   -212     2252

 COOLING
  YESTERDAY        0                         0      0        0
  MONTH TO DATE    0                         0      0        0
  SINCE DEC 1      0                         0      0        0
  SINCE JAN 1      0                         0      0        0
..................................................................


WIND (MPH)
  HIGHEST WIND SPEED    22   HIGHEST WIND DIRECTION     N (340)
  HIGHEST GUST SPEED    32   HIGHEST GUST DIRECTION     N (340)
  AVERAGE WIND SPEED     9.2


SKY COVER
  POSSIBLE SUNSHINE  MM
  AVERAGE SKY COVER 0.2


WEATHER CONDITIONS
 THE FOLLOWING WEATHER WAS RECORDED YESTERDAY.
  LIGHT RAIN


RELATIVE HUMIDITY (PERCENT)
 HIGHEST    86          1200 AM
 LOWEST     33           100 PM
 AVERAGE    60

..........................................................


THE ASHEVILLE NC CLIMATE NORMALS FOR TODAY
                         NORMAL    RECORD    YEAR
 MAXIMUM TEMPERATURE (F)   52        72      2014
 MINIMUM TEMPERATURE (F)   31         3      2015


SUNRISE AND SUNSET
FEBRUARY 19 2018......SUNRISE   712 AM EST   SUNSET   616 PM EST
FEBRUARY 20 2018......SUNRISE   711 AM EST   SUNSET   617 PM EST


-  INDICATES NEGATIVE NUMBERS.
R  INDICATES RECORD WAS SET OR TIED.
MM INDICATES DATA IS MISSING.
T  INDICATES TRACE AMOUNT.

$$

OUTLAW
