000
CDUS42 KGSP 010632
CLIAVL

CLIMATE REPORT
NATIONAL WEATHER SERVICE GREENVILLE-SPARTANBURG SC
229 AM EDT SUN MAY 1 2016


...................................

...THE ASHEVILLE NC CLIMATE SUMMARY FOR APRIL 30 2016...

CLIMATE NORMAL PERIOD 1981 TO 2010
CLIMATE RECORD PERIOD 1869 TO 2016


WEATHER ITEM   OBSERVED TIME   RECORD YEAR NORMAL DEPARTURE LAST
                VALUE   (LST)  VALUE       VALUE  FROM      YEAR
                                                  NORMAL
..................................................................
TEMPERATURE (F)
 YESTERDAY
  MAXIMUM         76    249 PM  87    1962  71      5       68
  MINIMUM         55    606 AM  31    2008  47      8       40
  AVERAGE         66                        59      7       54

PRECIPITATION (IN)
  YESTERDAY        1.07          2.14 1909   0.11   0.96     0.05
  MONTH TO DATE    2.50                      3.33  -0.83     4.94
  SINCE MAR 1      4.06                      7.16  -3.10     7.06
  SINCE JAN 1     13.04                     14.59  -1.55    12.90

SNOWFALL (IN)
  YESTERDAY        0.0           0.0    MM   0.0             0.0
  MONTH TO DATE    0.0                       0.7             0.0
  SINCE MAR 1      T                         2.6              T
  SINCE JUL 1     13.9                       9.9            13.3
  SNOW DEPTH       0

DEGREE DAYS
 HEATING
  YESTERDAY        0                         6     -6       11
  MONTH TO DATE  255                       301    -46      206
  SINCE MAR 1    616                       855   -239      631
  SINCE JUL 1   3363                      4072   -709     3940

 COOLING
  YESTERDAY        1                         0      1        0
  MONTH TO DATE   16                         7      9       19
  SINCE MAR 1     16                         8      8       19
  SINCE JAN 1     16                         8      8       19
..................................................................


WIND (MPH)
  HIGHEST WIND SPEED    20   HIGHEST WIND DIRECTION     S (160)
  HIGHEST GUST SPEED    30   HIGHEST GUST DIRECTION    SE (150)
  AVERAGE WIND SPEED     5.5


SKY COVER
  POSSIBLE SUNSHINE  MM
  AVERAGE SKY COVER 0.4


WEATHER CONDITIONS
 THE FOLLOWING WEATHER WAS RECORDED YESTERDAY.
  THUNDERSTORM
  HEAVY RAIN
  RAIN
  LIGHT RAIN
  FOG


RELATIVE HUMIDITY (PERCENT)
 HIGHEST    93          1000 PM
 LOWEST     53          1000 AM
 AVERAGE    73

..........................................................


THE ASHEVILLE NC CLIMATE NORMALS FOR TODAY
                         NORMAL    RECORD    YEAR
 MAXIMUM TEMPERATURE (F)   72        87      1962
 MINIMUM TEMPERATURE (F)   47        32      1996


SUNRISE AND SUNSET
MAY  1 2016...........SUNRISE   638 AM EDT   SUNSET   817 PM EDT
MAY  2 2016...........SUNRISE   637 AM EDT   SUNSET   818 PM EDT


-  INDICATES NEGATIVE NUMBERS.
R  INDICATES RECORD WAS SET OR TIED.
MM INDICATES DATA IS MISSING.
T  INDICATES TRACE AMOUNT.

$$

PM
