000
CDUS41 KBGM 200554
CLIAVP


CLIMATE REPORT
NATIONAL WEATHER SERVICE BINGHAMTON NY
153 AM EDT SUN APR 20 2014


...................................

...THE AVOCA PA CLIMATE SUMMARY FOR APRIL 19 2014...

CLIMATE NORMAL PERIOD 1981 TO 2010
CLIMATE RECORD PERIOD 1901 TO 2014


WEATHER ITEM   OBSERVED TIME   RECORD YEAR NORMAL DEPARTURE LAST
                VALUE   (LST)  VALUE       VALUE  FROM      YEAR
                                                  NORMAL
..................................................................
TEMPERATURE (F)
 YESTERDAY
  MAXIMUM         61    253 PM  91    1976  61      0       75
  MINIMUM         34    545 AM  24    1904  40     -6       48
  AVERAGE         48                        50     -2       62

PRECIPITATION (IN)
  YESTERDAY        0.00          1.44 1998   0.11  -0.11     0.48
  MONTH TO DATE    1.88                      2.10  -0.22     1.56
  SINCE MAR 1      3.95                      4.65  -0.70     3.18
  SINCE JAN 1      8.83                      9.05  -0.22     6.51

SNOWFALL (IN)
  YESTERDAY        0.0           9.1  1983   0.2   -0.2      0.0
  MONTH TO DATE    0.7                       2.4   -1.7       T
  SINCE MAR 1      3.1                      11.4   -8.3      6.5
  SINCE JUL 1     58.9                      45.3   13.6     33.9

DEGREE DAYS
 HEATING
  YESTERDAY       17                        15      2        3
  MONTH TO DATE  331                       353    -22      301
  SINCE MAR 1   1374                      1224    150     1227
  SINCE JUL 1   6197                      5830    367     5451

 COOLING
  YESTERDAY        0                         0      0        0
  MONTH TO DATE    7                         0      7        4
  SINCE MAR 1      7                         0      7        4
  SINCE JAN 1      7                         0      7        4
..................................................................


WIND (MPH)
  HIGHEST WIND SPEED    22   HIGHEST WIND DIRECTION    NW (310)
  HIGHEST GUST SPEED    30   HIGHEST GUST DIRECTION    NW (300)
  AVERAGE WIND SPEED     8.9


SKY COVER
  AVERAGE SKY COVER 0.0



RELATIVE HUMIDITY (PERCENT)
 HIGHEST    82           300 AM
 LOWEST     24           400 PM
 AVERAGE    53

..........................................................


THE AVOCA PA CLIMATE NORMALS FOR TODAY
                         NORMAL    RECORD    YEAR
 MAXIMUM TEMPERATURE (F)   61        91      1941
 MINIMUM TEMPERATURE (F)   40        22      1904


SUNRISE AND SUNSET
APRIL 20 2014.........SUNRISE   616 AM EDT   SUNSET   749 PM EDT
APRIL 21 2014.........SUNRISE   614 AM EDT   SUNSET   750 PM EDT


-  INDICATES NEGATIVE NUMBERS.
R  INDICATES RECORD WAS SET OR TIED.
MM INDICATES DATA IS MISSING.
T  INDICATES TRACE AMOUNT.




$$
