000
CDUS41 KBGM 202233
CLIAVP


CLIMATE REPORT
NATIONAL WEATHER SERVICE BINGHAMTON NY
531 PM EST SAT JAN 20 2018


...................................

...THE AVOCA PA CLIMATE SUMMARY FOR JANUARY 20 2018...
VALID TODAY AS OF 0500 PM LOCAL TIME.

CLIMATE NORMAL PERIOD 1981 TO 2010
CLIMATE RECORD PERIOD 1901 TO 2018


WEATHER ITEM   OBSERVED TIME   RECORD YEAR NORMAL DEPARTURE LAST
                VALUE   (LST)  VALUE       VALUE  FROM      YEAR
                                                  NORMAL
..................................................................
TEMPERATURE (F)
 TODAY
  MAXIMUM         44    420 PM  63    1951  33     11       42
  MINIMUM         34    102 AM -11    1994  18     16       35
  AVERAGE         39                        26     13       39

PRECIPITATION (IN)
  TODAY            0.00          0.77 1995   0.08  -0.08     0.34
  MONTH TO DATE    1.81                      1.49   0.32     2.12
  SINCE DEC 1      3.49                      4.17  -0.68     4.18
  SINCE JAN 1      1.81                      1.49   0.32     2.12

SNOWFALL (IN)
  TODAY            0.0           9.1  1978   0.5   -0.5      0.0
  MONTH TO DATE   10.4                       9.4    1.0      1.9
  SINCE DEC 1     17.5                      16.8    0.7      8.8
  SINCE JUL 1     17.6                      19.8   -2.2     14.5

DEGREE DAYS
 HEATING
  TODAY           26                        39    -13       26
  MONTH TO DATE  872                       779     93      676
  SINCE DEC 1   1983                      1844    139     1670
  SINCE JUL 1   3023                      3157   -134     2688

 COOLING
  TODAY            0                         0      0        0
  MONTH TO DATE    0                         0      0        0
  SINCE DEC 1      0                         0      0        0
  SINCE JAN 1      0                         0      0        0
..................................................................


WIND (MPH)
  HIGHEST WIND SPEED    20   HIGHEST WIND DIRECTION    SW (230)
  HIGHEST GUST SPEED    25   HIGHEST GUST DIRECTION    SW (230)
  AVERAGE WIND SPEED    10.7


SKY COVER
  AVERAGE SKY COVER 0.0


WEATHER CONDITIONS
 THE FOLLOWING WEATHER WAS RECORDED TODAY.
  NO SIGNIFICANT WEATHER WAS OBSERVED.


RELATIVE HUMIDITY (PERCENT)
 HIGHEST    59           700 AM
 LOWEST     49           400 PM
 AVERAGE    54

..........................................................


THE AVOCA PA CLIMATE NORMALS FOR TOMORROW
                         NORMAL    RECORD    YEAR
 MAXIMUM TEMPERATURE (F)   33        67      1906
 MINIMUM TEMPERATURE (F)   18       -21      1994


SUNRISE AND SUNSET
JANUARY 20 2018.......SUNRISE   724 AM EST   SUNSET   504 PM EST
JANUARY 21 2018.......SUNRISE   723 AM EST   SUNSET   506 PM EST


-  INDICATES NEGATIVE NUMBERS.
R  INDICATES RECORD WAS SET OR TIED.
MM INDICATES DATA IS MISSING.
T  INDICATES TRACE AMOUNT.




$$
