000
CDUS41 KBGM 240541
CLIAVP


CLIMATE REPORT
NATIONAL WEATHER SERVICE BINGHAMTON NY
139 AM EDT FRI OCT 24 2014


...................................

...THE AVOCA PA CLIMATE SUMMARY FOR OCTOBER 23 2014...

CLIMATE NORMAL PERIOD 1981 TO 2010
CLIMATE RECORD PERIOD 1901 TO 2014


WEATHER ITEM   OBSERVED TIME   RECORD YEAR NORMAL DEPARTURE LAST
                VALUE   (LST)  VALUE       VALUE  FROM      YEAR
                                                  NORMAL
..................................................................
TEMPERATURE (F)
 YESTERDAY
  MAXIMUM         50   1159 PM  82    1947  58     -8       49
  MINIMUM         45   1144 AM  25    1969  39      6       32
  AVERAGE         48                        49     -1       41

PRECIPITATION (IN)
  YESTERDAY        0.54          2.20 1937   0.10   0.44      T
  MONTH TO DATE    4.07                      2.55   1.52     1.29
  SINCE SEP 1      4.76                      6.62  -1.86     2.86
  SINCE JAN 1     26.32                     31.65  -5.33    21.21

SNOWFALL (IN)
  YESTERDAY        0.0           0.5  2003   0.0    0.0       T
  MONTH TO DATE    0.0                       0.0    0.0       T
  SINCE SEP 1      0.0                       0.0    0.0       T
  SINCE JUL 1      0.0                       0.0    0.0       T

DEGREE DAYS
 HEATING
  YESTERDAY       17                        16      1       24
  MONTH TO DATE  207                       298    -91      156
  SINCE SEP 1    309                       434   -125      309
  SINCE JUL 1    320                       460   -140      318

 COOLING
  YESTERDAY        0                         0      0        0
  MONTH TO DATE   11                         0     11       24
  SINCE SEP 1    100                        52     48       93
  SINCE JAN 1    686                       576    110      795
..................................................................


WIND (MPH)
  HIGHEST WIND SPEED    18   HIGHEST WIND DIRECTION     N (350)
  HIGHEST GUST SPEED    24   HIGHEST GUST DIRECTION     N (20)
  AVERAGE WIND SPEED     9.2


SKY COVER
  AVERAGE SKY COVER 1.0



RELATIVE HUMIDITY (PERCENT)
 HIGHEST    89           700 AM
 LOWEST     74           400 PM
 AVERAGE    82

..........................................................


THE AVOCA PA CLIMATE NORMALS FOR TODAY
                         NORMAL    RECORD    YEAR
 MAXIMUM TEMPERATURE (F)   58        77      2001
 MINIMUM TEMPERATURE (F)   39        21      1969


SUNRISE AND SUNSET
OCTOBER 24 2014.......SUNRISE   725 AM EDT   SUNSET   609 PM EDT
OCTOBER 25 2014.......SUNRISE   726 AM EDT   SUNSET   607 PM EDT


-  INDICATES NEGATIVE NUMBERS.
R  INDICATES RECORD WAS SET OR TIED.
MM INDICATES DATA IS MISSING.
T  INDICATES TRACE AMOUNT.




$$
