000
CDUS41 KBGM 260728
CLIAVP


CLIMATE REPORT
NATIONAL WEATHER SERVICE BINGHAMTON NY
328 AM EDT FRI AUG 26 2016


...................................

...THE AVOCA PA CLIMATE SUMMARY FOR AUGUST 25 2016...

CLIMATE NORMAL PERIOD 1981 TO 2010
CLIMATE RECORD PERIOD 1901 TO 2016


WEATHER ITEM   OBSERVED TIME   RECORD YEAR NORMAL DEPARTURE LAST
                VALUE   (LST)  VALUE       VALUE  FROM      YEAR
                                                  NORMAL
..................................................................
TEMPERATURE (F)
 YESTERDAY
  MAXIMUM         80    551 PM  95    1948  79      1       80
                                      1909
  MINIMUM         66    520 AM  38    1940  59      7       58
  AVERAGE         73                        69      4       69

PRECIPITATION (IN)
  YESTERDAY        T             1.82 1941   0.10  -0.10     0.00
  MONTH TO DATE    3.07                      2.79   0.28     2.36
  SINCE JUN 1      8.74                     10.61  -1.87    11.21
  SINCE JAN 1     21.56                     24.41  -2.85    20.77

SNOWFALL (IN)
  YESTERDAY        0.0           0.0  1995   0.0    0.0      0.0
  MONTH TO DATE    0.0                       0.0    0.0      0.0
  SINCE JUN 1      0.0                       0.0    0.0      0.0
  SINCE JUL 1      0.0                       0.0    0.0      0.0

DEGREE DAYS
 HEATING
  YESTERDAY        0                         1     -1        0
  MONTH TO DATE    1                         8     -7        0
  SINCE JUN 1     25                        70    -45       24
  SINCE JUL 1      1                        16    -15        0

 COOLING
  YESTERDAY        8                         4      4        4
  MONTH TO DATE  240                       139    101      193
  SINCE JUN 1    733                       462    271      601
  SINCE JAN 1    805                       499    306      749
..................................................................


WIND (MPH)
  HIGHEST WIND SPEED    13   HIGHEST WIND DIRECTION    SW (210)
  HIGHEST GUST SPEED    20   HIGHEST GUST DIRECTION     S (190)
  AVERAGE WIND SPEED     4.9


SKY COVER
  AVERAGE SKY COVER 0.2



RELATIVE HUMIDITY (PERCENT)
 HIGHEST    93           900 PM
 LOWEST     62          1000 AM
 AVERAGE    78

..........................................................


THE AVOCA PA CLIMATE NORMALS FOR TODAY
                         NORMAL    RECORD    YEAR
 MAXIMUM TEMPERATURE (F)   79        98      1948
 MINIMUM TEMPERATURE (F)   58        45      1944


SUNRISE AND SUNSET
AUGUST 26 2016........SUNRISE   624 AM EDT   SUNSET   745 PM EDT
AUGUST 27 2016........SUNRISE   625 AM EDT   SUNSET   743 PM EDT


-  INDICATES NEGATIVE NUMBERS.
R  INDICATES RECORD WAS SET OR TIED.
MM INDICATES DATA IS MISSING.
T  INDICATES TRACE AMOUNT.




$$
