000
CDUS41 KBGM 230535
CLIAVP


CLIMATE REPORT
NATIONAL WEATHER SERVICE BINGHAMTON NY
135 AM EDT SAT MAY 23 2015


...................................

...THE AVOCA PA CLIMATE SUMMARY FOR MAY 22 2015...

CLIMATE NORMAL PERIOD 1981 TO 2010
CLIMATE RECORD PERIOD 1901 TO 2015


WEATHER ITEM   OBSERVED TIME   RECORD YEAR NORMAL DEPARTURE LAST
                VALUE   (LST)  VALUE       VALUE  FROM      YEAR
                                                  NORMAL
..................................................................
TEMPERATURE (F)
 YESTERDAY
  MAXIMUM         70    502 PM  93    1911  71     -1       75
  MINIMUM         44    244 AM  31    2002  49     -5       58
  AVERAGE         57                        60     -3       67

PRECIPITATION (IN)
  YESTERDAY        T             2.67 1942   0.12  -0.12     0.33
  MONTH TO DATE    0.39                      2.43  -2.04     2.39
  SINCE MAR 1      5.23                      8.31  -3.08     7.47
  SINCE JAN 1      8.23                     12.71  -4.48    12.35

SNOWFALL (IN)
  YESTERDAY        0.0           0.0    MM   0.0    0.0      0.0
  MONTH TO DATE    0.0                       0.3   -0.3      0.0
  SINCE MAR 1      9.0                      12.6   -3.6      3.1
  SINCE JUL 1     51.4                      46.5    4.9     58.9

DEGREE DAYS
 HEATING
  YESTERDAY        8                         6      2        0
  MONTH TO DATE   85                       184    -99      125
  SINCE MAR 1   1532                      1551    -19     1666
  SINCE JUL 1   6229                      6157     72     6489

 COOLING
  YESTERDAY        0                         1     -1        2
  MONTH TO DATE   82                        15     67       26
  SINCE MAR 1     82                        21     61       33
  SINCE JAN 1     82                        21     61       33
..................................................................


WIND (MPH)
  HIGHEST WIND SPEED    22   HIGHEST WIND DIRECTION    NW (330)
  HIGHEST GUST SPEED    29   HIGHEST GUST DIRECTION     N (340)
  AVERAGE WIND SPEED    10.0


SKY COVER
  AVERAGE SKY COVER 0.2



RELATIVE HUMIDITY (PERCENT)
 HIGHEST    86           200 AM
 LOWEST     18           500 PM
 AVERAGE    52

..........................................................


THE AVOCA PA CLIMATE NORMALS FOR TODAY
                         NORMAL    RECORD    YEAR
 MAXIMUM TEMPERATURE (F)   72        93      1911
 MINIMUM TEMPERATURE (F)   50        36      1998
                                             1967
                                             1929


SUNRISE AND SUNSET
MAY 23 2015...........SUNRISE   538 AM EDT   SUNSET   822 PM EDT
MAY 24 2015...........SUNRISE   537 AM EDT   SUNSET   823 PM EDT


-  INDICATES NEGATIVE NUMBERS.
R  INDICATES RECORD WAS SET OR TIED.
MM INDICATES DATA IS MISSING.
T  INDICATES TRACE AMOUNT.




$$
