000
CDUS41 KBGM 200642
CLIAVP


CLIMATE REPORT
NATIONAL WEATHER SERVICE BINGHAMTON NY
142 AM EST SAT DEC 20 2014


...................................

...THE AVOCA PA CLIMATE SUMMARY FOR DECEMBER 19 2014...

CLIMATE NORMAL PERIOD 1981 TO 2010
CLIMATE RECORD PERIOD 1901 TO 2014


WEATHER ITEM   OBSERVED TIME   RECORD YEAR NORMAL DEPARTURE LAST
                VALUE   (LST)  VALUE       VALUE  FROM      YEAR
                                                  NORMAL
..................................................................
TEMPERATURE (F)
 YESTERDAY
  MAXIMUM         34    337 AM  60    1929  36     -2       41
  MINIMUM         29   1159 PM  -1    1919  23      6       22
  AVERAGE         32                        29      3       32

PRECIPITATION (IN)
  YESTERDAY        T             0.69 1995   0.08  -0.08     0.00
  MONTH TO DATE    2.14                      1.74   0.40     1.98
  SINCE DEC 1      2.14                      1.74   0.40     1.98
  SINCE JAN 1     30.41                     37.32  -6.91    26.21

SNOWFALL (IN)
  YESTERDAY       MM             9.4  1995   0.2   MM        0.0
  MONTH TO DATE    4.4                       3.6    0.8      9.0
  SINCE DEC 1      4.4                       3.6    0.8      9.0
  SINCE JUL 1     13.3                       6.6    6.7     11.7

DEGREE DAYS
 HEATING
  YESTERDAY       33                        36     -3       33
  MONTH TO DATE  576                       619    -43      672
  SINCE DEC 1    576                       619    -43      672
  SINCE JUL 1   1766                      1932   -166     1948

 COOLING
  YESTERDAY        0                         0      0        0
  MONTH TO DATE    0                         0      0        0
  SINCE DEC 1      0                         0      0        0
  SINCE JAN 1    686                       580    106      795
..................................................................


WIND (MPH)
  HIGHEST WIND SPEED    18   HIGHEST WIND DIRECTION    NW (330)
  HIGHEST GUST SPEED    26   HIGHEST GUST DIRECTION    NW (310)
  AVERAGE WIND SPEED    11.2


SKY COVER
  AVERAGE SKY COVER 1.0



RELATIVE HUMIDITY (PERCENT)
 HIGHEST    78           500 AM
 LOWEST     58           400 PM
 AVERAGE    68

..........................................................


THE AVOCA PA CLIMATE NORMALS FOR TODAY
                         NORMAL    RECORD    YEAR
 MAXIMUM TEMPERATURE (F)   36        63      1988
 MINIMUM TEMPERATURE (F)   22       -10      1942


SUNRISE AND SUNSET
DECEMBER 20 2014......SUNRISE   725 AM EST   SUNSET   436 PM EST
DECEMBER 21 2014......SUNRISE   725 AM EST   SUNSET   437 PM EST


-  INDICATES NEGATIVE NUMBERS.
R  INDICATES RECORD WAS SET OR TIED.
MM INDICATES DATA IS MISSING.
T  INDICATES TRACE AMOUNT.




$$

HEDEN
