000
CDUS41 KBGM 260550
CLIAVP


CLIMATE REPORT
NATIONAL WEATHER SERVICE BINGHAMTON NY
1249 AM EST SUN FEB 26 2017


...................................

...THE AVOCA PA CLIMATE SUMMARY FOR FEBRUARY 25 2017...

CLIMATE NORMAL PERIOD 1981 TO 2010
CLIMATE RECORD PERIOD 1901 TO 2017


WEATHER ITEM   OBSERVED TIME   RECORD YEAR NORMAL DEPARTURE LAST
                VALUE   (LST)  VALUE       VALUE  FROM      YEAR
                                                  NORMAL
..................................................................
TEMPERATURE (F)
 YESTERDAY
  MAXIMUM         68R   134 PM  67    1930  39     29       59
  MINIMUM         37   1159 PM  -3    1914  22     15       30
  AVERAGE         53                        31     22       45

PRECIPITATION (IN)
  YESTERDAY        1.44R         1.29 1916   0.07   1.37     0.40
  MONTH TO DATE    2.98                      1.82   1.16     4.01
  SINCE DEC 1      8.29                      6.87   1.42     8.35
  SINCE JAN 1      6.23                      4.19   2.04     5.80

SNOWFALL (IN)
  YESTERDAY        0.0          10.4  1966   0.3   -0.3      0.1
  MONTH TO DATE    8.2                       8.3   -0.1      6.7
  SINCE DEC 1     19.0                      29.9  -10.9     12.0
  SINCE JUL 1     24.7                      32.9   -8.2     12.0

DEGREE DAYS
 HEATING
  YESTERDAY       12                        34    -22       20
  MONTH TO DATE  684                       914   -230      791
  SINCE DEC 1   2665                      3192   -527     2554
  SINCE JUL 1   3683                      4505   -822     3462

 COOLING
  YESTERDAY        0                         0      0        0
  MONTH TO DATE    0                         0      0        0
  SINCE DEC 1      0                         0      0        0
  SINCE JAN 1      0                         0      0        0
..................................................................


WIND (MPH)
  HIGHEST WIND SPEED    25   HIGHEST WIND DIRECTION    NW (310)
  HIGHEST GUST SPEED    37   HIGHEST GUST DIRECTION    NW (310)
  AVERAGE WIND SPEED    10.5


SKY COVER
  AVERAGE SKY COVER 0.8



RELATIVE HUMIDITY (PERCENT)
 HIGHEST   100           400 PM
 LOWEST     68          1200 PM
 AVERAGE    84

..........................................................


THE AVOCA PA CLIMATE NORMALS FOR TODAY
                         NORMAL    RECORD    YEAR
 MAXIMUM TEMPERATURE (F)   40        66      1976
 MINIMUM TEMPERATURE (F)   23         1      1970


SUNRISE AND SUNSET
FEBRUARY 26 2017......SUNRISE   642 AM EST   SUNSET   550 PM EST
FEBRUARY 27 2017......SUNRISE   640 AM EST   SUNSET   552 PM EST


-  INDICATES NEGATIVE NUMBERS.
R  INDICATES RECORD WAS SET OR TIED.
MM INDICATES DATA IS MISSING.
T  INDICATES TRACE AMOUNT.




$$
