000
CDUS41 KBGM 310542
CLIAVP


CLIMATE REPORT
NATIONAL WEATHER SERVICE BINGHAMTON NY
142 AM EDT SUN JUL 31 2016


...................................

...THE AVOCA PA CLIMATE SUMMARY FOR JULY 30 2016...

CLIMATE NORMAL PERIOD 1981 TO 2010
CLIMATE RECORD PERIOD 1901 TO 2016


WEATHER ITEM   OBSERVED TIME   RECORD YEAR NORMAL DEPARTURE LAST
                VALUE   (LST)  VALUE       VALUE  FROM      YEAR
                                                  NORMAL
..................................................................
TEMPERATURE (F)
 YESTERDAY
  MAXIMUM         84   1034 AM  94    1933  82      2       88
  MINIMUM         68    615 PM  47    1997  61      7       68
                                      1956
  AVERAGE         76                        71      5       78

PRECIPITATION (IN)
  YESTERDAY        2.61          2.82 2000   0.14   2.47     0.16
  MONTH TO DATE    4.07                      3.66   0.41     2.33
  SINCE JUN 1      5.66                      7.69  -2.03     8.85
  SINCE JAN 1     18.48                     21.49  -3.01    18.41

SNOWFALL (IN)
  YESTERDAY        0.0           0.0  1995   0.0    0.0      0.0
  MONTH TO DATE    0.0                       0.0    0.0      0.0
  SINCE JUN 1      0.0                       0.0    0.0      0.0
  SINCE JUL 1      0.0                       0.0    0.0      0.0

DEGREE DAYS
 HEATING
  YESTERDAY        0                         0      0        0
  MONTH TO DATE    0                         0      0        0
  SINCE JUN 1     24                        54    -30       24
  SINCE JUL 1      0                         0      0        0

 COOLING
  YESTERDAY       11                         6      5       13
  MONTH TO DATE  339                       204    135      244
  SINCE JUN 1    482                       321    161      399
  SINCE JAN 1    554                       358    196      547
..................................................................


WIND (MPH)
  HIGHEST WIND SPEED    15   HIGHEST WIND DIRECTION     N (10)
  HIGHEST GUST SPEED    17   HIGHEST GUST DIRECTION     S (160)
  AVERAGE WIND SPEED     5.4


SKY COVER
  AVERAGE SKY COVER 0.8



RELATIVE HUMIDITY (PERCENT)
 HIGHEST    93           200 PM
 LOWEST     55           900 AM
 AVERAGE    74

..........................................................


THE AVOCA PA CLIMATE NORMALS FOR TODAY
                         NORMAL    RECORD    YEAR
 MAXIMUM TEMPERATURE (F)   82        98      1917
 MINIMUM TEMPERATURE (F)   61        47      1956


SUNRISE AND SUNSET
JULY 31 2016..........SUNRISE   558 AM EDT   SUNSET   820 PM EDT
AUGUST  1 2016........SUNRISE   559 AM EDT   SUNSET   819 PM EDT


-  INDICATES NEGATIVE NUMBERS.
R  INDICATES RECORD WAS SET OR TIED.
MM INDICATES DATA IS MISSING.
T  INDICATES TRACE AMOUNT.




$$
