000
CDUS43 KGRR 262225
CLIAZO


CLIMATE REPORT
NATIONAL WEATHER SERVICE GRAND RAPIDS, MI
523 PM EST FRI DEC 26 2014


...................................

...THE KALAMAZOO MI CLIMATE SUMMARY FOR DECEMBER 26 2014...
VALID TODAY AS OF 0500 PM LOCAL TIME.

CLIMATE NORMAL PERIOD 1981 TO 2010
CLIMATE RECORD PERIOD 1998 TO 2014


WEATHER ITEM   OBSERVED TIME   RECORD YEAR NORMAL DEPARTURE LAST
                VALUE   (LST)  VALUE       VALUE  FROM      YEAR
                                                  NORMAL
..................................................................
TEMPERATURE (F)
 TODAY
  MAXIMUM         50    328 PM  MM      MM  32     18       30
  MINIMUM         33    840 AM  MM      MM  20     13       23
  AVERAGE         42                        26     16       27

PRECIPITATION (IN)
  TODAY            0.00         MM      MM   0.04  -0.04      T
  MONTH TO DATE    1.06                      1.71  -0.65     1.46
  SINCE DEC 1      1.06                      1.71  -0.65     1.46
  SINCE JAN 1     28.13                     35.47  -7.34    39.43

DEGREE DAYS
 HEATING
  TODAY           23                        39    -16       38
  MONTH TO DATE  799                       926   -127     1011
  SINCE DEC 1    799                       926   -127     1011
  SINCE JUL 1   2329                      2253     76     2368

 COOLING
  TODAY            0                         0      0        0
  MONTH TO DATE    0                         0      0        0
  SINCE DEC 1      0                         0      0        0
  SINCE JAN 1    609                       675    -66      725
..................................................................


WIND (MPH)
  RESULTANT WIND SPEED  10   RESULTANT WIND DIRECTION   S (190)
  HIGHEST WIND SPEED    15   HIGHEST WIND DIRECTION    SW (220)
  HIGHEST GUST SPEED    21   HIGHEST GUST DIRECTION    SW (220)
  AVERAGE WIND SPEED    10.1



WEATHER CONDITIONS
 THE FOLLOWING WEATHER WAS RECORDED TODAY.
  NO SIGNIFICANT WEATHER WAS OBSERVED.


RELATIVE HUMIDITY (PERCENT)
 HIGHEST    89           600 AM
 LOWEST     56           300 PM
 AVERAGE    73

..........................................................




SUNRISE AND SUNSET
DECEMBER 26 2014......SUNRISE   810 AM EST   SUNSET   516 PM EST
DECEMBER 27 2014......SUNRISE   810 AM EST   SUNSET   517 PM EST


-  INDICATES NEGATIVE NUMBERS.
R  INDICATES RECORD WAS SET OR TIED.
MM INDICATES DATA IS MISSING.
T  INDICATES TRACE AMOUNT.




$$

63
