000
CDUS43 KGRR 262224
CLIAZO


CLIMATE REPORT
NATIONAL WEATHER SERVICE GRAND RAPIDS, MI
524 PM EST THU FEB 26 2015


...................................

...THE KALAMAZOO MI CLIMATE SUMMARY FOR FEBRUARY 26 2015...
VALID TODAY AS OF 0500 PM LOCAL TIME.

CLIMATE NORMAL PERIOD 1981 TO 2010
CLIMATE RECORD PERIOD 1998 TO 2015


WEATHER ITEM   OBSERVED TIME   RECORD YEAR NORMAL DEPARTURE LAST
                VALUE   (LST)  VALUE       VALUE  FROM      YEAR
                                                  NORMAL
..................................................................
TEMPERATURE (F)
 TODAY
  MAXIMUM         16    346 PM  MM      MM  37    -21       13
  MINIMUM          8    949 AM  MM      MM  22    -14        3
  AVERAGE         12                        30    -18        8

PRECIPITATION (IN)
  TODAY            T            MM      MM   0.06  -0.06      T
  MONTH TO DATE    0.57                      1.33  -0.76     1.39
  SINCE DEC 1      2.59                      5.10  -2.51     3.97
  SINCE JAN 1      1.53                      3.12  -1.59     2.51

DEGREE DAYS
 HEATING
  TODAY           53                        35     18       57
  MONTH TO DATE 1312                       996    316     1217
  SINCE DEC 1   3632                      3377    255     3690
  SINCE JUL 1   5162                      4704    458     5047

 COOLING
  TODAY            0                         0      0        0
  MONTH TO DATE    0                         0      0        0
  SINCE DEC 1      0                         0      0        0
  SINCE JAN 1      0                         0      0        0
..................................................................


WIND (MPH)
  RESULTANT WIND SPEED   7   RESULTANT WIND DIRECTION   N (10)
  HIGHEST WIND SPEED    14   HIGHEST WIND DIRECTION     N (340)
  HIGHEST GUST SPEED    17   HIGHEST GUST DIRECTION     N (340)
  AVERAGE WIND SPEED     7.3



WEATHER CONDITIONS
 THE FOLLOWING WEATHER WAS RECORDED TODAY.
  LIGHT SNOW
  HAZE


RELATIVE HUMIDITY (PERCENT)
 HIGHEST    83           500 AM
 LOWEST     51           400 PM
 AVERAGE    67

..........................................................




SUNRISE AND SUNSET
FEBRUARY 26 2015......SUNRISE   723 AM EST   SUNSET   628 PM EST
FEBRUARY 27 2015......SUNRISE   721 AM EST   SUNSET   629 PM EST


-  INDICATES NEGATIVE NUMBERS.
R  INDICATES RECORD WAS SET OR TIED.
MM INDICATES DATA IS MISSING.
T  INDICATES TRACE AMOUNT.




$$
