000
CDUS43 KGRR 252125
CLIAZO


CLIMATE REPORT
NATIONAL WEATHER SERVICE GRAND RAPIDS, MI
525 PM EDT SUN JUN 25 2017


...................................

...THE KALAMAZOO MI CLIMATE SUMMARY FOR JUNE 25 2017...
VALID TODAY AS OF 0500 PM LOCAL TIME.

CLIMATE NORMAL PERIOD 1981 TO 2010
CLIMATE RECORD PERIOD 1998 TO 2017


WEATHER ITEM   OBSERVED TIME   NORMAL DEPARTURE LAST
                VALUE   (LST)  VALUE  FROM      YEAR
                                      NORMAL
......................................................
TEMPERATURE (F)
 TODAY
  MAXIMUM         71    359 PM  82    -11       86
  MINIMUM         55    554 AM  60     -5       59
  AVERAGE         63            71     -8       73

PRECIPITATION (IN)
  TODAY            0.01          0.11  -0.10     0.00
  MONTH TO DATE    0.75          3.10  -2.35     1.86
  SINCE JUN 1      0.75          3.10  -2.35     1.86
  SINCE JAN 1     15.90         15.54   0.36    12.84

DEGREE DAYS
 HEATING
  TODAY            2             0      2        0
  MONTH TO DATE   11            47    -36       23
  SINCE JUN 1     11            47    -36       23
  SINCE JUL 1   5382          6415  -1033     5510

 COOLING
  TODAY            0             6     -6        8
  MONTH TO DATE  153           110     43      144
  SINCE JUN 1    153           110     43      144
  SINCE JAN 1    192           151     41      211
......................................................


WIND (MPH)
  RESULTANT WIND SPEED  10   RESULTANT WIND DIRECTION   W (270)
  HIGHEST WIND SPEED    22   HIGHEST WIND DIRECTION    NW (300)
  HIGHEST GUST SPEED    30   HIGHEST GUST DIRECTION    NW (310)
  AVERAGE WIND SPEED    10.7


SKY COVER
  AVERAGE SKY COVER 0.5


WEATHER CONDITIONS
 THE FOLLOWING WEATHER WAS RECORDED TODAY.
  NO SIGNIFICANT WEATHER WAS OBSERVED.


RELATIVE HUMIDITY (PERCENT)
 HIGHEST    86           400 AM
 LOWEST     37           100 PM
 AVERAGE    62

..........................................................


THE KALAMAZOO MI CLIMATE NORMALS FOR TOMORROW
                         NORMAL
 MAXIMUM TEMPERATURE (F)   82
 MINIMUM TEMPERATURE (F)   60


SUNRISE AND SUNSET
JUNE 25 2017..........SUNRISE   607 AM EDT   SUNSET   923 PM EDT
JUNE 26 2017..........SUNRISE   607 AM EDT   SUNSET   923 PM EDT


-  INDICATES NEGATIVE NUMBERS.
R  INDICATES RECORD WAS SET OR TIED.
MM INDICATES DATA IS MISSING.
T  INDICATES TRACE AMOUNT.




$$
