000
CDUS43 KGRR 310525
CLIAZO


CLIMATE REPORT
NATIONAL WEATHER SERVICE GRAND RAPIDS, MI
122 AM EDT TUE MAY 31 2016


...................................

...THE KALAMAZOO MI CLIMATE SUMMARY FOR MAY 30 2016...

CLIMATE NORMAL PERIOD 1981 TO 2010
CLIMATE RECORD PERIOD 1998 TO 2016


WEATHER ITEM   OBSERVED TIME   NORMAL DEPARTURE LAST
                VALUE   (LST)  VALUE  FROM      YEAR
                                      NORMAL
......................................................
TEMPERATURE (F)
 YESTERDAY
  MAXIMUM         84    147 PM  74     10       74
  MINIMUM         59    600 AM  52      7       52
  AVERAGE         72            63      9       63

PRECIPITATION (IN)
  YESTERDAY        0.00          0.13  -0.13     1.16
  MONTH TO DATE    3.33          3.75  -0.42     5.16
  SINCE MAR 1      9.42          9.08   0.34     7.52
  SINCE JAN 1     10.98         12.32  -1.34     9.05

DEGREE DAYS
 HEATING
  YESTERDAY        0             4     -4        2
  MONTH TO DATE  229           221      8      133
  SINCE MAR 1   1439          1591   -152     1548
  SINCE JUL 1   5487          6364   -877     6834

 COOLING
  YESTERDAY        7             2      5        0
  MONTH TO DATE   59            34     25       67
  SINCE MAR 1     61            38     23       67
  SINCE JAN 1     61            38     23       67
......................................................


WIND (MPH)
  RESULTANT WIND SPEED   5   RESULTANT WIND DIRECTION  NW (300)
  HIGHEST WIND SPEED    18   HIGHEST WIND DIRECTION    NW (320)
  HIGHEST GUST SPEED    22   HIGHEST GUST DIRECTION    NW (320)
  AVERAGE WIND SPEED     6.5


SKY COVER
  AVERAGE SKY COVER 0.1


WEATHER CONDITIONS
 THE FOLLOWING WEATHER WAS RECORDED YESTERDAY.
  NO SIGNIFICANT WEATHER WAS OBSERVED.


RELATIVE HUMIDITY (PERCENT)
 HIGHEST    87           600 AM
 LOWEST     34           400 PM
 AVERAGE    61

..........................................................


THE KALAMAZOO MI CLIMATE NORMALS FOR TODAY
                         NORMAL
 MAXIMUM TEMPERATURE (F)   75
 MINIMUM TEMPERATURE (F)   53


SUNRISE AND SUNSET
MAY 31 2016...........SUNRISE   609 AM EDT   SUNSET   912 PM EDT
JUNE  1 2016..........SUNRISE   608 AM EDT   SUNSET   912 PM EDT


-  INDICATES NEGATIVE NUMBERS.
R  INDICATES RECORD WAS SET OR TIED.
MM INDICATES DATA IS MISSING.
T  INDICATES TRACE AMOUNT.




$$
