990
CDUS43 KGRR 231329
CLIAZO


CLIMATE REPORT
NATIONAL WEATHER SERVICE GRAND RAPIDS, MI
927 AM EDT MON OCT 23 2017


...................................

...THE KALAMAZOO MI CLIMATE SUMMARY FOR OCTOBER 23 2017...
VALID AS OF 0900 AM LOCAL TIME.

CLIMATE NORMAL PERIOD 1981 TO 2010
CLIMATE RECORD PERIOD 1998 TO 2017


WEATHER ITEM   OBSERVED TIME   NORMAL DEPARTURE LAST
                VALUE   (LST)  VALUE  FROM      YEAR
                                      NORMAL
......................................................
TEMPERATURE (F)
 TODAY
  MAXIMUM         63   1234 AM  58      5       69
  MINIMUM         57    759 AM  40     17       42
  AVERAGE         60            49     11       56

PRECIPITATION (IN)
  TODAY            0.11          0.11   0.00     0.00
  MONTH TO DATE    9.71          2.48   7.23     2.18
  SINCE SEP 1     11.52          6.30   5.22     5.51
  SINCE JAN 1     32.55         29.89   2.66    33.22

DEGREE DAYS
 HEATING
  TODAY            5            16    -11        9
  MONTH TO DATE  106           302   -196      161
  SINCE SEP 1    188           435   -247      188
  SINCE JUL 1    206           451   -245      189

 COOLING
  TODAY            0             0      0        0
  MONTH TO DATE   20             7     13       17
  SINCE SEP 1    152            63     89      118
  SINCE JAN 1    768           674     94      912
......................................................


WIND (MPH)
  RESULTANT WIND SPEED   4   RESULTANT WIND DIRECTION   N (350)
  HIGHEST WIND SPEED     8   HIGHEST WIND DIRECTION     N (340)
  HIGHEST GUST SPEED     9   HIGHEST GUST DIRECTION     N (350)
  AVERAGE WIND SPEED     5.0


SKY COVER
  AVERAGE SKY COVER 1.0


WEATHER CONDITIONS
 THE FOLLOWING WEATHER WAS RECORDED TODAY.
  LIGHT RAIN
  FOG


RELATIVE HUMIDITY (PERCENT)
 HIGHEST    93           700 AM
 LOWEST     84           300 AM
 AVERAGE    89

..........................................................


THE KALAMAZOO MI CLIMATE NORMALS FOR TOMORROW
                         NORMAL
 MAXIMUM TEMPERATURE (F)   58
 MINIMUM TEMPERATURE (F)   39


SUNRISE AND SUNSET
OCTOBER 23 2017.......SUNRISE   805 AM EDT   SUNSET   648 PM EDT
OCTOBER 24 2017.......SUNRISE   806 AM EDT   SUNSET   646 PM EDT


-  INDICATES NEGATIVE NUMBERS.
R  INDICATES RECORD WAS SET OR TIED.
MM INDICATES DATA IS MISSING.
T  INDICATES TRACE AMOUNT.




$$

63
