184
CDUS43 KGRR 090521
CLIAZO


CLIMATE REPORT
NATIONAL WEATHER SERVICE GRAND RAPIDS, MI
1219 AM EST TUE FEB 9 2016


...................................

...THE KALAMAZOO MI CLIMATE SUMMARY FOR FEBRUARY 8 2016...

CLIMATE NORMAL PERIOD 1981 TO 2010
CLIMATE RECORD PERIOD 1998 TO 2016


WEATHER ITEM   OBSERVED TIME   NORMAL DEPARTURE LAST
                VALUE   (LST)  VALUE  FROM      YEAR
                                      NORMAL
......................................................
TEMPERATURE (F)
 YESTERDAY
  MAXIMUM         38    134 PM  32      6       41
  MINIMUM         25    657 AM  19      6       22
  AVERAGE         32            26      6       32

PRECIPITATION (IN)
  YESTERDAY        0.01          0.05  -0.04      T
  MONTH TO DATE    0.36          0.34   0.02     0.53
  SINCE DEC 1      4.43          4.11   0.32     2.55
  SINCE JAN 1      1.24          2.13  -0.89     1.49

DEGREE DAYS
 HEATING
  YESTERDAY       33            40     -7       33
  MONTH TO DATE  265           320    -55      358
  SINCE DEC 1   2219          2701   -482     2678
  SINCE JUL 1   3284          4028   -744     4208

 COOLING
  YESTERDAY        0             0      0        0
  MONTH TO DATE    0             0      0        0
  SINCE DEC 1      0             0      0        0
  SINCE JAN 1      0             0      0        0
......................................................


WIND (MPH)
  RESULTANT WIND SPEED   5   RESULTANT WIND DIRECTION   W (250)
  HIGHEST WIND SPEED    15   HIGHEST WIND DIRECTION     W (270)
  HIGHEST GUST SPEED    20   HIGHEST GUST DIRECTION     W (280)
  AVERAGE WIND SPEED     6.8


SKY COVER
  AVERAGE SKY COVER 0.6


WEATHER CONDITIONS
 THE FOLLOWING WEATHER WAS RECORDED YESTERDAY.
  LIGHT SNOW
  FOG


RELATIVE HUMIDITY (PERCENT)
 HIGHEST    85           200 AM
 LOWEST     64           200 PM
 AVERAGE    75

..........................................................


THE KALAMAZOO MI CLIMATE NORMALS FOR TODAY
                         NORMAL
 MAXIMUM TEMPERATURE (F)   33
 MINIMUM TEMPERATURE (F)   19


SUNRISE AND SUNSET
FEBRUARY  9 2016......SUNRISE   747 AM EST   SUNSET   606 PM EST
FEBRUARY 10 2016......SUNRISE   746 AM EST   SUNSET   608 PM EST


-  INDICATES NEGATIVE NUMBERS.
R  INDICATES RECORD WAS SET OR TIED.
MM INDICATES DATA IS MISSING.
T  INDICATES TRACE AMOUNT.




$$

63
