000
CDUS43 KGRR 030518
CLIAZO


CLIMATE REPORT
NATIONAL WEATHER SERVICE GRAND RAPIDS, MI
117 AM EDT TUE MAY 3 2016


...................................

...THE KALAMAZOO MI CLIMATE SUMMARY FOR MAY 2 2016...

CLIMATE NORMAL PERIOD 1981 TO 2010
CLIMATE RECORD PERIOD 1998 TO 2016


WEATHER ITEM   OBSERVED TIME   NORMAL DEPARTURE LAST
                VALUE   (LST)  VALUE  FROM      YEAR
                                      NORMAL
......................................................
TEMPERATURE (F)
 YESTERDAY
  MAXIMUM         55    422 PM  66    -11       75
  MINIMUM         44    738 AM  44      0       42
  AVERAGE         50            55     -5       59

PRECIPITATION (IN)
  YESTERDAY        0.01          0.12  -0.11     0.00
  MONTH TO DATE    0.42          0.23   0.19     0.00
  SINCE MAR 1      6.51          5.56   0.95     2.36
  SINCE JAN 1      8.07          8.80  -0.73     3.89

DEGREE DAYS
 HEATING
  YESTERDAY       15            11      4        6
  MONTH TO DATE   31            22      9       15
  SINCE MAR 1   1241          1392   -151     1430
  SINCE JUL 1   5289          6165   -876     6716

 COOLING
  YESTERDAY        0             0      0        0
  MONTH TO DATE    0             0      0        0
  SINCE MAR 1      2             4     -2        0
  SINCE JAN 1      2             4     -2        0
......................................................


WIND (MPH)
  RESULTANT WIND SPEED   4   RESULTANT WIND DIRECTION  NE (40)
  HIGHEST WIND SPEED    12   HIGHEST WIND DIRECTION    NE (30)
  HIGHEST GUST SPEED    16   HIGHEST GUST DIRECTION    NE (60)
  AVERAGE WIND SPEED     4.8


SKY COVER
  AVERAGE SKY COVER 1.0


WEATHER CONDITIONS
 THE FOLLOWING WEATHER WAS RECORDED YESTERDAY.
  LIGHT RAIN
  FOG
  HAZE


RELATIVE HUMIDITY (PERCENT)
 HIGHEST    89           500 AM
 LOWEST     61           400 PM
 AVERAGE    75

..........................................................


THE KALAMAZOO MI CLIMATE NORMALS FOR TODAY
                         NORMAL
 MAXIMUM TEMPERATURE (F)   66
 MINIMUM TEMPERATURE (F)   44


SUNRISE AND SUNSET
MAY  3 2016...........SUNRISE   634 AM EDT   SUNSET   844 PM EDT
MAY  4 2016...........SUNRISE   633 AM EDT   SUNSET   845 PM EDT


-  INDICATES NEGATIVE NUMBERS.
R  INDICATES RECORD WAS SET OR TIED.
MM INDICATES DATA IS MISSING.
T  INDICATES TRACE AMOUNT.




$$
