395
CDUS43 KGRR 092236
CLIAZO


CLIMATE REPORT
NATIONAL WEATHER SERVICE GRAND RAPIDS, MI
536 PM EST FRI DEC 9 2016


...................................

...THE KALAMAZOO MI CLIMATE SUMMARY FOR DECEMBER 9 2016...
VALID TODAY AS OF 0500 PM LOCAL TIME.

CLIMATE NORMAL PERIOD 1981 TO 2010
CLIMATE RECORD PERIOD 1998 TO 2016


WEATHER ITEM   OBSERVED TIME   NORMAL DEPARTURE LAST
                VALUE   (LST)  VALUE  FROM      YEAR
                                      NORMAL
......................................................
TEMPERATURE (F)
 TODAY
  MAXIMUM         28    146 PM  37     -9       51
  MINIMUM         25    459 PM  25      0       36
  AVERAGE         27            31     -4       44

PRECIPITATION (IN)
  TODAY            0.06          0.07  -0.01     0.00
  MONTH TO DATE    0.63          0.71  -0.08     0.10
  SINCE DEC 1      0.63          0.71  -0.08     0.10
  SINCE JAN 1     37.11         34.47   2.64    29.00

DEGREE DAYS
 HEATING
  TODAY           38            34      4       21
  MONTH TO DATE  283           295    -12      241
  SINCE DEC 1    283           295    -12      241
  SINCE JUL 1   1183          1622   -439     1306

 COOLING
  TODAY            0             0      0        0
  MONTH TO DATE    0             0      0        0
  SINCE DEC 1      0             0      0        0
  SINCE JAN 1    912           675    237      657
......................................................


WIND (MPH)
  RESULTANT WIND SPEED   7   RESULTANT WIND DIRECTION   W (270)
  HIGHEST WIND SPEED    20   HIGHEST WIND DIRECTION    NW (310)
  HIGHEST GUST SPEED    24   HIGHEST GUST DIRECTION    NW (320)
  AVERAGE WIND SPEED     8.2


SKY COVER
  AVERAGE SKY COVER 0.9


WEATHER CONDITIONS
 THE FOLLOWING WEATHER WAS RECORDED TODAY.
  HEAVY SNOW
  SNOW
  LIGHT SNOW
  FOG
  FOG W/VISIBILITY <= 1/4 MILE
  HAZE


RELATIVE HUMIDITY (PERCENT)
 HIGHEST    92           800 AM
 LOWEST     68           400 PM
 AVERAGE    80

..........................................................


THE KALAMAZOO MI CLIMATE NORMALS FOR TOMORROW
                         NORMAL
 MAXIMUM TEMPERATURE (F)   36
 MINIMUM TEMPERATURE (F)   24


SUNRISE AND SUNSET
DECEMBER  9 2016......SUNRISE   800 AM EST   SUNSET   510 PM EST
DECEMBER 10 2016......SUNRISE   800 AM EST   SUNSET   510 PM EST


-  INDICATES NEGATIVE NUMBERS.
R  INDICATES RECORD WAS SET OR TIED.
MM INDICATES DATA IS MISSING.
T  INDICATES TRACE AMOUNT.




$$
