000
CDUS41 KBOX 250532
CLIBDL


CLIMATE REPORT
NATIONAL WEATHER SERVICE TAUNTON MA
1232 AM EST SAT NOV 25 2017


...................................

...THE HARTFORD CT CLIMATE SUMMARY FOR NOVEMBER 24 2017...

CLIMATE NORMAL PERIOD 1981 TO 2010
CLIMATE RECORD PERIOD 1904 TO 2017


WEATHER ITEM   OBSERVED TIME   RECORD YEAR NORMAL DEPARTURE LAST
                VALUE   (LST)  VALUE       VALUE  FROM      YEAR
                                                  NORMAL
..................................................................
TEMPERATURE (F)
 YESTERDAY
  MAXIMUM         50    257 PM  69    1931  48      2       41
  MINIMUM         24    529 AM   1    1989  31     -7       30
  AVERAGE         37                        40     -3       36

PRECIPITATION (IN)
  YESTERDAY        0.00          1.24 1923   0.13  -0.13     0.16
  MONTH TO DATE    1.02                      3.11  -2.09     1.38
  SINCE SEP 1     12.04                     11.36   0.68     5.97
  SINCE JAN 1     43.15                     41.63   1.52    28.31

SNOWFALL (IN)
  YESTERDAY        0.0           3.5  1935   0.1   -0.1      0.0
  MONTH TO DATE    T                         1.3   -1.3       T
  SINCE SEP 1      T                         1.3   -1.3      1.5
  SINCE JUL 1      T                         1.3   -1.3      1.5
  SNOW DEPTH       0

DEGREE DAYS
 HEATING
  YESTERDAY       28                        25      3       29
  MONTH TO DATE  579                       517     62      478
  SINCE SEP 1    824                      1034   -210      887
  SINCE JUL 1    840                      1046   -206      887

 COOLING
  YESTERDAY        0                         0      0        0
  MONTH TO DATE    0                         0      0        0
  SINCE SEP 1    178                        81     97      138
  SINCE JAN 1    865                       756    109     1068
..................................................................


WIND (MPH)
  RESULTANT WIND SPEED   5   RESULTANT WIND DIRECTION   S (170)
  HIGHEST WIND SPEED    15   HIGHEST WIND DIRECTION     S (180)
  HIGHEST GUST SPEED    18   HIGHEST GUST DIRECTION     S (190)
  AVERAGE WIND SPEED     5.2


SKY COVER
  POSSIBLE SUNSHINE  MM
  AVERAGE SKY COVER 0.2


WEATHER CONDITIONS
 THE FOLLOWING WEATHER WAS RECORDED YESTERDAY.
  NO SIGNIFICANT WEATHER WAS OBSERVED.


RELATIVE HUMIDITY (PERCENT)
 HIGHEST    88           700 AM
 LOWEST     36           200 PM
 AVERAGE    62

..........................................................


THE HARTFORD CT CLIMATE NORMALS FOR TODAY
                         NORMAL    RECORD    YEAR
 MAXIMUM TEMPERATURE (F)   48        71      1979
 MINIMUM TEMPERATURE (F)   31        12      2000
                                             1938


SUNRISE AND SUNSET
NOVEMBER 25 2017......SUNRISE   653 AM EST   SUNSET   423 PM EST
NOVEMBER 26 2017......SUNRISE   654 AM EST   SUNSET   422 PM EST


-  INDICATES NEGATIVE NUMBERS.
R  INDICATES RECORD WAS SET OR TIED.
MM INDICATES DATA IS MISSING.
T  INDICATES TRACE AMOUNT.




$$
