000
CDUS41 KBOX 260546
CLIBDL


CLIMATE REPORT
NATIONAL WEATHER SERVICE TAUNTON MA
135 AM EDT THU MAY 26 2016


...................................

...THE HARTFORD CT CLIMATE SUMMARY FOR MAY 25 2016...

CLIMATE NORMAL PERIOD 1981 TO 2010
CLIMATE RECORD PERIOD 1904 TO 2016


WEATHER ITEM   OBSERVED TIME   RECORD YEAR NORMAL DEPARTURE LAST
                VALUE   (LST)  VALUE       VALUE  FROM      YEAR
                                                  NORMAL
..................................................................
TEMPERATURE (F)
 YESTERDAY
  MAXIMUM         90    344 PM  93    2007  74     16       86
  MINIMUM         52    539 AM  33    1956  50      2       57
  AVERAGE         71                        62      9       72

PRECIPITATION (IN)
  YESTERDAY        0.00          2.55 1967   0.16  -0.16     0.00
  MONTH TO DATE    1.83                      3.39  -1.56     0.60
  SINCE MAR 1      6.47                     10.73  -4.26     6.66
  SINCE JAN 1     13.30                     16.85  -3.55    12.84

SNOWFALL (IN)
  YESTERDAY        0.0           T    1967   0.0    0.0      0.0
  MONTH TO DATE    0.0                       0.0    0.0      0.0
  SINCE MAR 1      9.8                       7.8    2.0      9.0
  SINCE JUL 1     26.9                      40.5  -13.6     63.8
  SNOW DEPTH       0

DEGREE DAYS
 HEATING
  YESTERDAY        0                         5     -5        0
  MONTH TO DATE  208                       181     27       74
  SINCE MAR 1   1368                      1496   -128     1532
  SINCE JUL 1   5044                      5934   -890     6177

 COOLING
  YESTERDAY        6                         2      4        7
  MONTH TO DATE    6                        20    -14       73
  SINCE MAR 1      8                        26    -18       73
  SINCE JAN 1      8                        26    -18       73
..................................................................


WIND (MPH)
  RESULTANT WIND SPEED   5   RESULTANT WIND DIRECTION   W (280)
  HIGHEST WIND SPEED    21   HIGHEST WIND DIRECTION     W (280)
  HIGHEST GUST SPEED    27   HIGHEST GUST DIRECTION     W (270)
  AVERAGE WIND SPEED     6.3


SKY COVER
  POSSIBLE SUNSHINE  MM
  AVERAGE SKY COVER 0.4


WEATHER CONDITIONS
 THE FOLLOWING WEATHER WAS RECORDED YESTERDAY.
  FOG
  FOG W/VISIBILITY <= 1/4 MILE
  HAZE


RELATIVE HUMIDITY (PERCENT)
 HIGHEST   100           300 AM
 LOWEST     21           100 PM
 AVERAGE    61

..........................................................


THE HARTFORD CT CLIMATE NORMALS FOR TODAY
                         NORMAL    RECORD    YEAR
 MAXIMUM TEMPERATURE (F)   74        99      2010
 MINIMUM TEMPERATURE (F)   51        36      1992
                                             1972


SUNRISE AND SUNSET
MAY 26 2016...........SUNRISE   521 AM EDT   SUNSET   815 PM EDT
MAY 27 2016...........SUNRISE   520 AM EDT   SUNSET   816 PM EDT


-  INDICATES NEGATIVE NUMBERS.
R  INDICATES RECORD WAS SET OR TIED.
MM INDICATES DATA IS MISSING.
T  INDICATES TRACE AMOUNT.




$$
