000
CDUS41 KBOX 060543
CLIBDL


CLIMATE REPORT
NATIONAL WEATHER SERVICE TAUNTON MA
1241 AM EST FRI MAR 6 2015


...................................

...THE HARTFORD CT CLIMATE SUMMARY FOR MARCH 5 2015...

CLIMATE NORMAL PERIOD 1981 TO 2010
CLIMATE RECORD PERIOD 1904 TO 2015


WEATHER ITEM   OBSERVED TIME   RECORD YEAR NORMAL DEPARTURE LAST
                VALUE   (LST)  VALUE       VALUE  FROM      YEAR
                                                  NORMAL
..................................................................
TEMPERATURE (F)
 YESTERDAY
  MAXIMUM         38    220 AM  63    1974  44     -6       29
  MINIMUM         18   1159 PM   4    1948  25     -7       18
  AVERAGE         28                        34     -6       24

PRECIPITATION (IN)
  YESTERDAY        T             0.90 2008   0.11  -0.11     0.00
                                      1993
  MONTH TO DATE    0.83                      0.55   0.28      T
  SINCE MAR 1      0.83                      0.55   0.28      T
  SINCE JAN 1      7.01                      6.67   0.34     7.37

SNOWFALL (IN)
  YESTERDAY        T             7.1  1993   0.3   -0.3      0.0
  MONTH TO DATE    4.5                       1.3    3.2       T
  SINCE MAR 1      4.5                       1.3    3.2       T
  SINCE JUL 1     59.3                      34.0   25.3     50.1
  SNOW DEPTH      22

DEGREE DAYS
 HEATING
  YESTERDAY       37                        31      6       41
  MONTH TO DATE  189                       157     32      219
  SINCE MAR 1    189                       157     32      219
  SINCE JUL 1   4834                      4595    239     4898

 COOLING
  YESTERDAY        0                         0      0        0
  MONTH TO DATE    0                         0      0        0
  SINCE MAR 1      0                         0      0        0
  SINCE JAN 1      0                         0      0        0
..................................................................


WIND (MPH)
  RESULTANT WIND SPEED  11   RESULTANT WIND DIRECTION  NW (320)
  HIGHEST WIND SPEED    20   HIGHEST WIND DIRECTION    NW (320)
  HIGHEST GUST SPEED    28   HIGHEST GUST DIRECTION    NW (330)
  AVERAGE WIND SPEED    11.4


SKY COVER
  POSSIBLE SUNSHINE  MM
  AVERAGE SKY COVER 0.9


WEATHER CONDITIONS
 THE FOLLOWING WEATHER WAS RECORDED YESTERDAY.
  LIGHT RAIN


RELATIVE HUMIDITY (PERCENT)
 HIGHEST    61           600 AM
 LOWEST     35          1100 AM
 AVERAGE    48

..........................................................


THE HARTFORD CT CLIMATE NORMALS FOR TODAY
                         NORMAL    RECORD    YEAR
 MAXIMUM TEMPERATURE (F)   44        64      1935
 MINIMUM TEMPERATURE (F)   25        -4      1948


SUNRISE AND SUNSET
MARCH  6 2015.........SUNRISE   618 AM EST   SUNSET   547 PM EST
MARCH  7 2015.........SUNRISE   616 AM EST   SUNSET   548 PM EST


-  INDICATES NEGATIVE NUMBERS.
R  INDICATES RECORD WAS SET OR TIED.
MM INDICATES DATA IS MISSING.
T  INDICATES TRACE AMOUNT.




$$
