000
CDUS41 KBOX 280539
CLIBDL


CLIMATE REPORT
NATIONAL WEATHER SERVICE TAUNTON MA
139 AM EDT THU MAY 28 2015


...................................

...THE HARTFORD CT CLIMATE SUMMARY FOR MAY 27 2015...

CLIMATE NORMAL PERIOD 1981 TO 2010
CLIMATE RECORD PERIOD 1904 TO 2015


WEATHER ITEM   OBSERVED TIME   RECORD YEAR NORMAL DEPARTURE LAST
                VALUE   (LST)  VALUE       VALUE  FROM      YEAR
                                                  NORMAL
..................................................................
TEMPERATURE (F)
 YESTERDAY
  MAXIMUM         86    221 PM  94    1965  74     12       86
                                      1914
  MINIMUM         65    456 AM  37    1969  51     14       52
                                      1968
  AVERAGE         76                        63     13       69

PRECIPITATION (IN)
  YESTERDAY        0.40          2.28 1946   0.16   0.24     0.37
  MONTH TO DATE    1.00                      3.71  -2.71     4.38
  SINCE MAR 1      7.06                     11.05  -3.99    14.56
  SINCE JAN 1     13.24                     17.17  -3.93    21.93

SNOWFALL (IN)
  YESTERDAY        0.0           0.0  2002   0.0    0.0      0.0
                                      2001
                                      2000
  MONTH TO DATE    0.0                       0.0    0.0      0.0
  SINCE MAR 1      9.0                       7.8    1.2      1.0
  SINCE JUL 1     63.8                      40.5   23.3     51.1
  SNOW DEPTH       0

DEGREE DAYS
 HEATING
  YESTERDAY        0                         4     -4        0
  MONTH TO DATE   74                       189   -115      125
  SINCE MAR 1   1532                      1504     28     1643
  SINCE JUL 1   6177                      5942    235     6322

 COOLING
  YESTERDAY       11                         2      9        4
  MONTH TO DATE   96                        24     72       31
  SINCE MAR 1     96                        30     66       32
  SINCE JAN 1     96                        30     66       32
..................................................................


WIND (MPH)
  RESULTANT WIND SPEED  13   RESULTANT WIND DIRECTION   S (180)
  HIGHEST WIND SPEED    25   HIGHEST WIND DIRECTION     S (180)
  HIGHEST GUST SPEED    33   HIGHEST GUST DIRECTION     S (190)
  AVERAGE WIND SPEED    11.9


SKY COVER
  POSSIBLE SUNSHINE  MM
  AVERAGE SKY COVER 0.6


WEATHER CONDITIONS
 THE FOLLOWING WEATHER WAS RECORDED YESTERDAY.
  THUNDERSTORM
  HEAVY RAIN
  RAIN
  LIGHT RAIN
  FOG
  HAZE


RELATIVE HUMIDITY (PERCENT)
 HIGHEST    87           400 AM
 LOWEST     55          1200 PM
 AVERAGE    71

..........................................................


THE HARTFORD CT CLIMATE NORMALS FOR TODAY
                         NORMAL    RECORD    YEAR
 MAXIMUM TEMPERATURE (F)   75        93      1977
 MINIMUM TEMPERATURE (F)   51        38      1997


SUNRISE AND SUNSET
MAY 28 2015...........SUNRISE   520 AM EDT   SUNSET   816 PM EDT
MAY 29 2015...........SUNRISE   520 AM EDT   SUNSET   817 PM EDT


-  INDICATES NEGATIVE NUMBERS.
R  INDICATES RECORD WAS SET OR TIED.
MM INDICATES DATA IS MISSING.
T  INDICATES TRACE AMOUNT.




$$
