000
CDUS41 KOKX 280618
CLIBDR


CLIMATE REPORT
NATIONAL WEATHER SERVICE NEW YORK NY
118 AM EST TUE FEB 28 2017


...................................

...THE BRIDGEPORT CT CLIMATE SUMMARY FOR FEBRUARY 27 2017...

CLIMATE NORMAL PERIOD 1981 TO 2010
CLIMATE RECORD PERIOD 1948 TO 2017


WEATHER ITEM   OBSERVED TIME   RECORD YEAR NORMAL DEPARTURE LAST
                VALUE   (LST)  VALUE       VALUE  FROM      YEAR
                                                  NORMAL
..................................................................
TEMPERATURE (F)
 YESTERDAY
  MAXIMUM         50    234 PM  67    1997  42      8       40
  MINIMUM         33    353 AM   4    1950  27      6       23
  AVERAGE         42                        35      7       32

PRECIPITATION (IN)
  YESTERDAY        0.00          1.60 1971   0.12  -0.12     0.00
  MONTH TO DATE    1.91                      2.67  -0.76     4.83
  SINCE DEC 1      8.62                      9.10  -0.48    12.03
  SINCE JAN 1      5.19                      5.77  -0.58     7.09

SNOWFALL (IN)
  YESTERDAY        0.0           2.1  1991   0.2   -0.2      0.0
  MONTH TO DATE   12.8                       7.8    5.0     13.9
  SINCE OCT 1     29.8                      21.3    8.5     24.9
  SINCE JUL 1     29.8                      21.3    8.5     24.9
  SNOW DEPTH       0

DEGREE DAYS
 HEATING
  YESTERDAY       23                        30     -7       33
  MONTH TO DATE  718                       882   -164      832
  SINCE DEC 1   2418                      2884   -466     2356
  SINCE JUL 1   3146                      3858   -712     3100

 COOLING
  YESTERDAY        0                         0      0        0
  MONTH TO DATE    0                         0      0        0
  SINCE DEC 1      0                         0      0        0
  SINCE JAN 1      0                         0      0        0
..................................................................


WIND (MPH)
  HIGHEST WIND SPEED    18   HIGHEST WIND DIRECTION     S (200)
  HIGHEST GUST SPEED    22   HIGHEST GUST DIRECTION     S (200)
  AVERAGE WIND SPEED     8.7


SKY COVER
  AVERAGE SKY COVER 0.0


WEATHER CONDITIONS
 THE FOLLOWING WEATHER WAS RECORDED YESTERDAY.
  NO SIGNIFICANT WEATHER WAS OBSERVED.


RELATIVE HUMIDITY (PERCENT)
 HIGHEST    76           900 PM
 LOWEST     45          1200 PM
 AVERAGE    61

..........................................................


THE BRIDGEPORT CT CLIMATE NORMALS FOR TODAY
                         NORMAL    RECORD    YEAR
 MAXIMUM TEMPERATURE (F)   43        67      1976
 MINIMUM TEMPERATURE (F)   27         6      2015


SUNRISE AND SUNSET
FEBRUARY 28 2017......SUNRISE   628 AM EST   SUNSET   543 PM EST
MARCH  1 2017.........SUNRISE   626 AM EST   SUNSET   544 PM EST


-  INDICATES NEGATIVE NUMBERS.
R  INDICATES RECORD WAS SET OR TIED.
MM INDICATES DATA IS MISSING.
T  INDICATES TRACE AMOUNT.




$$
