000
CDUS41 KOKX 160707
CLIBDR


CLIMATE REPORT
NATIONAL WEATHER SERVICE NEW YORK NY
207 AM EST TUE JAN 16 2018


...................................

...THE BRIDGEPORT CT CLIMATE SUMMARY FOR JANUARY 15 2018...

CLIMATE NORMAL PERIOD 1981 TO 2010
CLIMATE RECORD PERIOD 1948 TO 2018


WEATHER ITEM   OBSERVED TIME   RECORD YEAR NORMAL DEPARTURE LAST
                VALUE   (LST)  VALUE       VALUE  FROM      YEAR
                                                  NORMAL
..................................................................
TEMPERATURE (F)
 YESTERDAY
  MAXIMUM         26    237 PM  61    1995  37    -11       42
  MINIMUM         15    455 AM  -5    1957  23     -8       21
  AVERAGE         21                        30     -9       32

PRECIPITATION (IN)
  YESTERDAY        0.00          1.19 1999   0.11  -0.11     0.00
  MONTH TO DATE    1.45                      1.57  -0.12     1.71
  SINCE DEC 1      3.14                      4.90  -1.76     5.14
  SINCE JAN 1      1.45                      1.57  -0.12     1.71

SNOWFALL (IN)
  YESTERDAY        0.0           5.1  1983   0.3   -0.3      0.0
  MONTH TO DATE    9.3                       3.9    5.4      8.5
  SINCE OCT 1     18.0                       9.7    8.3     14.5
  SINCE JUL 1     18.0                       9.7    8.3     14.5
  SNOW DEPTH       0

DEGREE DAYS
 HEATING
  YESTERDAY       44                        35      9       33
  MONTH TO DATE  622                       521    101      461
  SINCE DEC 1   1593                      1440    153     1298
  SINCE JUL 1   2348                      2414    -66     2026

 COOLING
  YESTERDAY        0                         0      0        0
  MONTH TO DATE    0                         0      0        0
  SINCE DEC 1      0                         0      0        0
  SINCE JAN 1      0                         0      0        0
..................................................................


WIND (MPH)
  HIGHEST WIND SPEED    17   HIGHEST WIND DIRECTION     N (360)
  HIGHEST GUST SPEED    23   HIGHEST GUST DIRECTION     N (20)
  AVERAGE WIND SPEED    10.9


SKY COVER
  AVERAGE SKY COVER 0.7


WEATHER CONDITIONS
 THE FOLLOWING WEATHER WAS RECORDED YESTERDAY.
  NO SIGNIFICANT WEATHER WAS OBSERVED.


RELATIVE HUMIDITY (PERCENT)
 HIGHEST    65          1100 PM
 LOWEST     53           400 AM
 AVERAGE    59

..........................................................


THE BRIDGEPORT CT CLIMATE NORMALS FOR TODAY
                         NORMAL    RECORD    YEAR
 MAXIMUM TEMPERATURE (F)   37        56      1995
 MINIMUM TEMPERATURE (F)   23         0      2004
                                             1994


SUNRISE AND SUNSET
JANUARY 16 2018.......SUNRISE   715 AM EST   SUNSET   450 PM EST
JANUARY 17 2018.......SUNRISE   715 AM EST   SUNSET   451 PM EST


-  INDICATES NEGATIVE NUMBERS.
R  INDICATES RECORD WAS SET OR TIED.
MM INDICATES DATA IS MISSING.
T  INDICATES TRACE AMOUNT.




$$
