000
CDUS41 KOKX 290618
CLIBDR


CLIMATE REPORT
NATIONAL WEATHER SERVICE NEW YORK NY
218 AM EDT THU JUN 29 2017


...................................

...THE BRIDGEPORT CT CLIMATE SUMMARY FOR JUNE 28 2017...

CLIMATE NORMAL PERIOD 1981 TO 2010
CLIMATE RECORD PERIOD 1948 TO 2017


WEATHER ITEM   OBSERVED TIME   RECORD YEAR NORMAL DEPARTURE LAST
                VALUE   (LST)  VALUE       VALUE  FROM      YEAR
                                                  NORMAL
..................................................................
TEMPERATURE (F)
 YESTERDAY
  MAXIMUM         82    356 PM  93    1963  80      2       73
  MINIMUM         59    442 AM  50    1970  64     -5       68
  AVERAGE         71                        72     -1       71

PRECIPITATION (IN)
  YESTERDAY        0.00          1.50 1983   0.09  -0.09     0.12
  MONTH TO DATE    2.31                      3.42  -1.11     1.26
  SINCE JUN 1      2.31                      3.42  -1.11     1.26
  SINCE JAN 1     22.15                     21.29   0.86    16.80

SNOWFALL (IN)
  YESTERDAY        0.0           T    1955   0.0    0.0      0.0
  MONTH TO DATE    0.0                       0.0    0.0      0.0
  SINCE OCT 1     40.9                      27.6   13.3     27.3
  SINCE JUL 1     40.9                      27.6   13.3     27.3
  SNOW DEPTH       0

DEGREE DAYS
 HEATING
  YESTERDAY        0                         0      0        0
  MONTH TO DATE   25                        30     -5        4
  SINCE JUN 1     25                        30     -5        4
  SINCE JUL 1   4565                      5390   -825     4421

 COOLING
  YESTERDAY        6                         7     -1        6
  MONTH TO DATE  193                       127     66      148
  SINCE JUN 1    193                       127     66      148
  SINCE JAN 1    237                       151     86      206
..................................................................


WIND (MPH)
  HIGHEST WIND SPEED    18   HIGHEST WIND DIRECTION    NW (310)
  HIGHEST GUST SPEED    27   HIGHEST GUST DIRECTION     W (280)
  AVERAGE WIND SPEED     8.0


SKY COVER
  AVERAGE SKY COVER 0.1


WEATHER CONDITIONS
 THE FOLLOWING WEATHER WAS RECORDED YESTERDAY.
  NO SIGNIFICANT WEATHER WAS OBSERVED.


RELATIVE HUMIDITY (PERCENT)
 HIGHEST    76          1100 PM
 LOWEST     31           400 PM
 AVERAGE    54

..........................................................


THE BRIDGEPORT CT CLIMATE NORMALS FOR TODAY
                         NORMAL    RECORD    YEAR
 MAXIMUM TEMPERATURE (F)   81        93      1959
 MINIMUM TEMPERATURE (F)   64        53      1956


SUNRISE AND SUNSET
JUNE 29 2017..........SUNRISE   523 AM EDT   SUNSET   829 PM EDT
JUNE 30 2017..........SUNRISE   523 AM EDT   SUNSET   829 PM EDT


-  INDICATES NEGATIVE NUMBERS.
R  INDICATES RECORD WAS SET OR TIED.
MM INDICATES DATA IS MISSING.
T  INDICATES TRACE AMOUNT.




$$
