977
CDAK48 PABE 291231
CLIBET

CLIMATE REPORT
NATIONAL WEATHER SERVICE BETHEL, AK
431 AM AKDT SUN MAY 29 2016

...................................
...THE BETHEL AP CLIMATE SUMMARY FOR MAY 28 2016...

CLIMATE NORMAL PERIOD  1981 TO  2010
CLIMATE RECORD PERIOD  1923 TO  2016

WEATHER ITEM   OBSERVED TIME    RECORD YEAR NORMAL DEPARTURE LAST
               VALUE    (LST)   VALUE       VALUE  FROM      YEAR
                                                   NORMAL
...................................................................
TEMPERATURE
YESTERDAY
 MAXIMUM            72  0510 PM    75  2013     55      17     58
 MINIMUM            42  0408 AM    25  1934     38       4     38
 AVERAGE            57                          47      10     48

PRECIPITATION
(INCHES)
 YESTERDAY        0.00           0.46  1970   0.04   -0.04      T
 MONTH TO DATE    1.44                        1.01    0.43   1.80
 SINCE MAR 1      2.86                        2.46    0.40   3.36
 SINCE JAN 1      3.25                        3.96   -0.71   4.40

SNOWFALL
(INCHES)
 YESTERDAY         0.0              T  2009    0.0     0.0    0.0
 MONTH TO DATE     0.0                         2.0    -2.0      T
 SINCE MAR 1       2.9                        15.9   -13.0   16.6
 SINCE JUL 1      29.4                        61.7   -32.3   42.1
 SNOW DEPTH (IN)     0                                          0

DEGREE DAYS
 HEATING
  YESTERDAY          8                          19     -11     17
  MONTH TO DATE    465                         663    -198    538
  SINCE MAR 1     2516                        3349    -833   2942
  SINCE JUL 1     9965                       12095   -2130  10728

 COOLING
  YESTERDAY          0                           0       0      0
  MONTH TO DATE      0                           0       0      0
  SINCE MAR 1        0                           0       0      0
  SINCE JAN 1        0                           0       0      0
...................................................................

WIND (MPH)
 HIGHEST WIND SPEED    17     HIGHEST WIND DIRECTION    260
 HIGHEST GUST SPEED    24     HIGHEST GUST DIRECTION    260
 AVERAGE WIND SPEED   9.6

WEATHER CONDITIONS
 THE FOLLOWING WEATHER WAS RECORDED YESTERDAY.
 NO SIGNIFICANT WEATHER WAS OBSERVED.

...................................................................

THE BETHEL CLIMATE NORMALS FOR TODAY
                           NORMAL    RECORD   YEAR
 MAXIMUM TEMPERATURE (F)     56        72     2006
 MINIMUM TEMPERATURE (F)     38        25     1962

SUNRISE AND SUNSET
 MAY 29 2016..........SUNRISE  5:33 AM      SUNSET 11:59 PM
 MAY 30 2016..........SUNRISE  5:31 AM      SUNSET 12:01 AM

-  INDICATES NEGATIVE NUMBERS.
R  INDICATES RECORD HAS BEEN SET OR TIED.
MM INDICATES DATA IS MISSING.
T  INDICATES TRACE OF PRECIPITATION.

&&
-------------------------------------------------------------------

AMOUNT OF DAYLIGHT TODAY  (HOUR:MIN)........18 HOURS 26 MINUTES
GAIN SINCE YESTERDAY (HOUR:MIN:SEC)....+0:03:45

$$
CR MAY 16
