000
CDAK48 PABE 281231
CLIBET

CLIMATE REPORT
NATIONAL WEATHER SERVICE BETHEL, AK
431 AM AKDT THU JUL 28 2016

...................................
...THE BETHEL AP CLIMATE SUMMARY FOR JULY 27 2016...

CLIMATE NORMAL PERIOD  1981 TO  2010
CLIMATE RECORD PERIOD  1923 TO  2016

WEATHER ITEM   OBSERVED TIME    RECORD YEAR NORMAL DEPARTURE LAST
               VALUE    (LST)   VALUE       VALUE  FROM      YEAR
                                                   NORMAL
...................................................................
TEMPERATURE
YESTERDAY
 MAXIMUM            66  0624 PM    82  1953     62       4     65
 MINIMUM            53  0155 AM    40  1936     49       4     50
 AVERAGE            60                          56       4     58

PRECIPITATION
(INCHES)
 YESTERDAY        0.17           1.43  1952   0.09    0.08   0.03
 MONTH TO DATE    2.13                        1.96    0.17   1.97
 SINCE JUN 1      3.60                        3.68   -0.08   2.25
 SINCE JAN 1      6.86                        7.77   -0.91   6.65

SNOWFALL
(INCHES)
 YESTERDAY         0.0            0.0  2016    0.0     0.0    0.0
 MONTH TO DATE     0.0                         0.0     0.0    0.0
 SINCE JUN 1       0.0                         0.0     0.0    0.0
 SINCE JUL 1       0.0                         0.0     0.0    0.0
 SNOW DEPTH (IN)     0                                          0

DEGREE DAYS
 HEATING
  YESTERDAY          5                          10      -5      7
  MONTH TO DATE    154                         244     -90    211
  SINCE JUN 1      426                         621    -195    449
  SINCE JUL 1      154                         244     -90    211

 COOLING
  YESTERDAY          0                           0       0      0
  MONTH TO DATE     12                           0      12      1
  SINCE JUN 1       13                           0      13     11
  SINCE JAN 1       13                           0      13     11
...................................................................

WIND (MPH)
 HIGHEST WIND SPEED    18     HIGHEST WIND DIRECTION    180
 HIGHEST GUST SPEED    22     HIGHEST GUST DIRECTION    170
 AVERAGE WIND SPEED  10.7

WEATHER CONDITIONS
 THE FOLLOWING WEATHER WAS RECORDED YESTERDAY.
 FOG
 RAIN

...................................................................

THE BETHEL CLIMATE NORMALS FOR TODAY
                           NORMAL    RECORD   YEAR
 MAXIMUM TEMPERATURE (F)     62        78     1987
 MINIMUM TEMPERATURE (F)     49        35     2000

SUNRISE AND SUNSET
 JUL 28 2016..........SUNRISE  6:15 AM      SUNSET 11:32 PM
 JUL 29 2016..........SUNRISE  6:18 AM      SUNSET 11:29 PM

-  INDICATES NEGATIVE NUMBERS.
R  INDICATES RECORD HAS BEEN SET OR TIED.
MM INDICATES DATA IS MISSING.
T  INDICATES TRACE OF PRECIPITATION.

&&
-------------------------------------------------------------------

AMOUNT OF DAYLIGHT TODAY  (HOUR:MIN)........17 HOURS 17 MINUTES
LOSS SINCE YESTERDAY (HOUR:MIN:SEC)....-0:04:55

$$
CR JUL 16
