000
CDAK48 PAFC 211515
CLIBET


CLIMATE REPORT
NATIONAL WEATHER SERVICE ANCHORAGE, AK
615 AM AKST WED FEB 21 2018


...................................

...THE BETHEL CLIMATE SUMMARY FOR FEBRUARY 20 2018...

CLIMATE NORMAL PERIOD 1981 TO 2010
CLIMATE RECORD PERIOD 1948 TO 2018


WEATHER ITEM   OBSERVED TIME   RECORD YEAR NORMAL DEPARTURE LAST
                VALUE   (LST)  VALUE       VALUE  FROM      YEAR
                                                  NORMAL
..................................................................
TEMPERATURE (F)
 YESTERDAY
  MAXIMUM         33        MM  44    2015  19     14      -10
                                      1934
  MINIMUM         21        MM -33    1954   5     16      -21
  AVERAGE         27                        12     15      -15

PRECIPITATION (IN)
  YESTERDAY        T             0.85 1944   0.02  -0.02      T
  MONTH TO DATE    0.83                      0.51   0.32     0.29
  SINCE SEP 1     10.91                      8.41   2.50     6.64
  SINCE JAN 1      1.13                      1.29  -0.16     1.50

SNOWFALL (IN)
  YESTERDAY        T             2.5  1989   0.3   -0.3       T
  MONTH TO DATE    4.8                       4.8    0.0      2.9
  SINCE SEP 1     24.5                      43.7  -19.2     23.8
  SINCE JUL 1     24.5                      43.7  -19.2     23.8
  SNOW DEPTH       5

DEGREE DAYS
 HEATING
  YESTERDAY       38                        53    -15       80
  MONTH TO DATE  847                      1093   -246     1337
  SINCE DEC 1   3737                      4597   -860     4674
  SINCE JUL 1   6903                      8320  -1417     7902

 COOLING
  YESTERDAY        0                         0      0        0
  MONTH TO DATE    0                         0      0        0
  SINCE DEC 1      0                         0      0        0
  SINCE JAN 1      0                         0      0        0
..................................................................


WIND (MPH)
  RESULTANT WIND SPEED   7   RESULTANT WIND DIRECTION   S (160)
  HIGHEST WIND SPEED    13   HIGHEST WIND DIRECTION     S (200)
  HIGHEST GUST SPEED    MM   HIGHEST GUST DIRECTION    MM
  AVERAGE WIND SPEED     8.2



WEATHER CONDITIONS
 THE FOLLOWING WEATHER WAS RECORDED YESTERDAY.
  LIGHT SNOW
  FOG


RELATIVE HUMIDITY (PERCENT)
 HIGHEST   100
 LOWEST     78
 AVERAGE    89

..........................................................


THE BETHEL CLIMATE NORMALS FOR TODAY
                         NORMAL    RECORD    YEAR
 MAXIMUM TEMPERATURE (F)   19        44      1934
                                             1928
 MINIMUM TEMPERATURE (F)    5       -30      1930


SUNRISE AND SUNSET
FEBRUARY 21 2018......SUNRISE   910 AM AKST  SUNSET   653 PM AKST
FEBRUARY 22 2018......SUNRISE   907 AM AKST  SUNSET   655 PM AKST


-  INDICATES NEGATIVE NUMBERS.
R  INDICATES RECORD WAS SET OR TIED.
MM INDICATES DATA IS MISSING.
T  INDICATES TRACE AMOUNT.




$$
