322
CDAK48 PAFC 130059
CLIBET


CLIMATE REPORT
NATIONAL WEATHER SERVICE ANCHORAGE, AK
357 PM AKST TUE DEC 12 2017


...................................

...THE BETHEL CLIMATE SUMMARY FOR DECEMBER 12 2017...
VALID TODAY AS OF 0300 PM LOCAL TIME.

CLIMATE NORMAL PERIOD 1981 TO 2010
CLIMATE RECORD PERIOD 1948 TO 2017


WEATHER ITEM   OBSERVED TIME   RECORD YEAR NORMAL DEPARTURE LAST
                VALUE   (LST)  VALUE       VALUE  FROM      YEAR
                                                  NORMAL
..................................................................
TEMPERATURE (F)
 TODAY
  MAXIMUM         37    259 PM  41    2000  18     19        9
  MINIMUM         23   1204 AM -32    1953   5     18       -3
  AVERAGE         30                        11     19        3

PRECIPITATION (IN)
  TODAY            0.01          1.13 1931   0.03  -0.02     0.00
  MONTH TO DATE    0.40                      0.46  -0.06      T
  SINCE SEP 1      9.14                      6.46   2.68     4.38
  SINCE JAN 1     24.07                     17.88   6.19    15.30

SNOWFALL (IN)
  TODAY           MM             2.4  2000   0.4   MM        0.0
  MONTH TO DATE    2.5                       4.7   -2.2       T
  SINCE SEP 1      9.8                      22.6  -12.8      3.6
  SINCE JUL 1      9.8                      22.6  -12.8      3.6
  SNOW DEPTH       4

DEGREE DAYS
 HEATING
  TODAY           35                        54    -19       62
  MONTH TO DATE  487                       633   -146      834
  SINCE DEC 1    487                       633   -146      834
  SINCE JUL 1   3653                      4356   -703     4062

 COOLING
  TODAY            0                         0      0        0
  MONTH TO DATE    0                         0      0        0
  SINCE DEC 1      0                         0      0        0
  SINCE JAN 1      6                         4      2       13
..................................................................


WIND (MPH)
  RESULTANT WIND SPEED   6   RESULTANT WIND DIRECTION  NE (30)
  HIGHEST WIND SPEED    12   HIGHEST WIND DIRECTION     E (70)
  HIGHEST GUST SPEED    15   HIGHEST GUST DIRECTION    NE (60)
  AVERAGE WIND SPEED     6.8



WEATHER CONDITIONS
 THE FOLLOWING WEATHER WAS RECORDED TODAY.
  NO SIGNIFICANT WEATHER WAS OBSERVED.


RELATIVE HUMIDITY (PERCENT)
 HIGHEST    96
 LOWEST     82
 AVERAGE    89

..........................................................


THE BETHEL CLIMATE NORMALS FOR TOMORROW
                         NORMAL    RECORD    YEAR
 MAXIMUM TEMPERATURE (F)   18        40      2000
                                             1985
 MINIMUM TEMPERATURE (F)    4       -37      1998


SUNRISE AND SUNSET
DECEMBER 12 2017......SUNRISE  1049 AM AKST  SUNSET   433 PM AKST
DECEMBER 13 2017......SUNRISE  1050 AM AKST  SUNSET   433 PM AKST


-  INDICATES NEGATIVE NUMBERS.
R  INDICATES RECORD WAS SET OR TIED.
MM INDICATES DATA IS MISSING.
T  INDICATES TRACE AMOUNT.




$$
