000
CDAK48 PABE 251302
CLIBET


CLIMATE REPORT
NATIONAL WEATHER SERVICE ANCHORAGE, AK
502 AM AKDT SAT MAR 25 2017


...................................

...THE BETHEL CLIMATE SUMMARY FOR MARCH 24 2017...

CLIMATE NORMAL PERIOD 1981 TO 2010
CLIMATE RECORD PERIOD 1948 TO 2017


WEATHER ITEM   OBSERVED TIME   RECORD YEAR NORMAL DEPARTURE LAST
                VALUE   (LST)  VALUE       VALUE  FROM      YEAR
                                                  NORMAL
..................................................................
TEMPERATURE (F)
 YESTERDAY
  MAXIMUM         19    633 PM  47    2015  24     -5       41
  MINIMUM          1    811 AM -32    1938   9     -8       25
  AVERAGE         10                        16     -6       33

PRECIPITATION (IN)
  YESTERDAY        0.00          0.56 1991   0.02  -0.02     0.06
  MONTH TO DATE    0.01                      0.55  -0.54     0.06
  SINCE MAR 1      0.01                      0.55  -0.54     0.06
  SINCE JAN 1      1.90                      2.05  -0.15     0.45

SNOWFALL (IN)
  YESTERDAY        0.0           2.4  1972   0.3   -0.3       T
  MONTH TO DATE    T                         6.4   -6.4       T
  SINCE MAR 1      T                         6.4   -6.4       T
  SINCE JUL 1     27.4                      52.2  -24.8     27.0
  SNOW DEPTH       5

DEGREE DAYS
 HEATING
  YESTERDAY       55                        49      6       32
  MONTH TO DATE 1449                      1213    236     1067
  SINCE MAR 1   1449                      1213    236     1067
  SINCE JUL 1   9709                      9951   -242     8324

 COOLING
  YESTERDAY        0                         0      0        0
  MONTH TO DATE    0                         0      0        0
  SINCE MAR 1      0                         0      0        0
  SINCE JAN 1      0                         0      0        0
..................................................................


WIND (MPH)
  RESULTANT WIND SPEED  12   RESULTANT WIND DIRECTION   N (20)
  HIGHEST WIND SPEED    20   HIGHEST WIND DIRECTION     N (20)
  HIGHEST GUST SPEED    24   HIGHEST GUST DIRECTION    NE (30)
  AVERAGE WIND SPEED    12.4



WEATHER CONDITIONS
 THE FOLLOWING WEATHER WAS RECORDED YESTERDAY.
  NO SIGNIFICANT WEATHER WAS OBSERVED.


RELATIVE HUMIDITY (PERCENT)
 HIGHEST    88
 LOWEST     67
 AVERAGE    78

..........................................................


THE BETHEL CLIMATE NORMALS FOR TODAY
                         NORMAL    RECORD    YEAR
 MAXIMUM TEMPERATURE (F)   24        46      1974
 MINIMUM TEMPERATURE (F)    9       -27      1975


SUNRISE AND SUNSET
MARCH 25 2017.........SUNRISE   831 AM AKDT  SUNSET   916 PM AKDT
MARCH 26 2017.........SUNRISE   828 AM AKDT  SUNSET   919 PM AKDT


-  INDICATES NEGATIVE NUMBERS.
R  INDICATES RECORD WAS SET OR TIED.
MM INDICATES DATA IS MISSING.
T  INDICATES TRACE AMOUNT.




$$
