000
CDAK48 PABE 271219
CLIBET

CLIMATE REPORT
NATIONAL WEATHER SERVICE BETHEL, AK
319 AM AKST FRI FEB 27 2015

...................................
...THE BETHEL AP CLIMATE SUMMARY FOR FEBRUARY 26 2015...

CLIMATE NORMAL PERIOD  1981 TO  2010
CLIMATE RECORD PERIOD  1923 TO  2015

WEATHER ITEM   OBSERVED TIME    RECORD YEAR NORMAL DEPARTURE LAST
               VALUE    (LST)   VALUE       VALUE  FROM      YEAR
                                                   NORMAL
...................................................................
TEMPERATURE
YESTERDAY
 MAXIMUM            33  0524 PM    45  1991     20      13     39
 MINIMUM            24  1205 AM   -39  1954      6      18     26
 AVERAGE            29                          13      16     33

PRECIPITATION
(INCHES)
 YESTERDAY        0.00           0.50  1951   0.03   -0.03      T
 MONTH TO DATE    0.48                        0.67   -0.19   0.40
 SINCE DEC 1      2.58                        2.57    0.01   3.63
 SINCE JAN 1      0.99                        1.45   -0.46   1.57

SNOWFALL
(INCHES)
 YESTERDAY         0.0            5.0  1951    0.3    -0.3      T
 MONTH TO DATE     5.4                         6.4    -1.0    0.4
 SINCE DEC 1      13.1                        27.4   -14.3   15.2
 SINCE JUL 1      25.3                        45.3   -20.0   22.1
 SNOW DEPTH (IN)     1                                          T

DEGREE DAYS
 HEATING
  YESTERDAY         36                          52     -16     32
  MONTH TO DATE   1264                        1406    -142   1314
  SINCE DEC 1     4428                        4912    -484   4058
  SINCE JUL 1     7703                        8642    -939   7416

 COOLING
  YESTERDAY          0                           0       0      0
  MONTH TO DATE      0                           0       0      0
  SINCE DEC 1        0                           0       0      0
  SINCE JAN 1        0                           0       0      0
...................................................................

WIND (MPH)
 HIGHEST WIND SPEED    20     HIGHEST WIND DIRECTION    170
 HIGHEST GUST SPEED    24     HIGHEST GUST DIRECTION    170
 AVERAGE WIND SPEED  13.7

SKY COVER
  POSSIBLE SUNSHINE    MM          AVERAGE SKY COVER     MM

WEATHER CONDITIONS
 THE FOLLOWING WEATHER WAS RECORDED YESTERDAY.
 NO SIGNIFICANT WEATHER WAS OBSERVED.

RELATIVE HUMIDITY
 HIGHEST RH     MM PERCENT       MM
 LOWEST  RH     MM PERCENT       MM
 AVERAGE RH     MM PERCENT       MM
...................................................................

THE BETHEL CLIMATE NORMALS FOR TODAY
                           NORMAL    RECORD   YEAR
 MAXIMUM TEMPERATURE (F)     20        46     2014
 MINIMUM TEMPERATURE (F)      6       -39     1932

SUNRISE AND SUNSET
 FEB 27 2015..........SUNRISE  8:54 AM      SUNSET  7:09 PM
 FEB 28 2015..........SUNRISE  8:51 AM      SUNSET  7:11 PM

-  INDICATES NEGATIVE NUMBERS.
R  INDICATES RECORD HAS BEEN SET OR TIED.
MM INDICATES DATA IS MISSING.
T  INDICATES TRACE OF PRECIPITATION.

&&
-------------------------------------------------------------------

AMOUNT OF DAYLIGHT TODAY  (HOUR:MIN)........10 HOURS 15 MINUTES
GAIN/LOSS SINCE YESTERDAY (HOUR:MIN:SEC)....+0:05:37

$$
DAC
