633
CDAK48 PAFC 011239 RRB
CLIBET

CLIMATE REPORT
NATIONAL WEATHER SERVICE ANCHORAGE, AK
438 AM AKDT SAT OCT 1 2016


...................................

...THE BETHEL CLIMATE SUMMARY FOR SEPTEMBER 30 2016...

CLIMATE NORMAL PERIOD 1981 TO 2010
CLIMATE RECORD PERIOD 1948 TO 2016


WEATHER ITEM   OBSERVED TIME   RECORD YEAR NORMAL DEPARTURE LAST
                VALUE   (LST)  VALUE       VALUE  FROM      YEAR
                                                  NORMAL
..................................................................
TEMPERATURE (F)
 YESTERDAY
  MAXIMUM         62    342 PM  70    1954  45     17       47
  MINIMUM         40    310 AM  18    1970  33      7       32
  AVERAGE         51                        39     12       40

PRECIPITATION (IN)
  YESTERDAY        T             1.17 1940   0.08  -0.08     0.00
  MONTH TO DATE    3.13                      2.75   0.38     5.66
  SINCE SEP 1      3.13                      2.75   0.38     5.66
  SINCE JAN 1     14.05                     14.17  -0.12    15.22

SNOWFALL (IN)
  YESTERDAY        0.0          MM      MM   0.1   -0.1      0.0
  MONTH TO DATE    0.0                       0.6   -0.6      0.0
  SINCE SEP 1      0.0                       0.6   -0.6      0.0
  SINCE JUL 1      0.0                       0.6   -0.6      0.0
  SNOW DEPTH       0

DEGREE DAYS
 HEATING
  YESTERDAY       14                        26    -12       25
  MONTH TO DATE  487                       584    -97      605
  SINCE SEP 1    487                       582    -95      605
  SINCE JUL 1    849                      1218   -369     1207

 COOLING
  YESTERDAY        0                         0      0        0
  MONTH TO DATE    0                         0      0        0
  SINCE SEP 1      0                         0      0        0
  SINCE JAN 1     13                         4      9       11
..................................................................


WIND (MPH)
  RESULTANT WIND SPEED  12   RESULTANT WIND DIRECTION   E (110)
  HIGHEST WIND SPEED    29   HIGHEST WIND DIRECTION     E (110)
  HIGHEST GUST SPEED    36   HIGHEST GUST DIRECTION     E (110)
  AVERAGE WIND SPEED    12.6



WEATHER CONDITIONS
 THE FOLLOWING WEATHER WAS RECORDED YESTERDAY.
  LIGHT RAIN


RELATIVE HUMIDITY (PERCENT)
 HIGHEST   100
 LOWEST     43
 AVERAGE    72

..........................................................


THE BETHEL CLIMATE NORMALS FOR TODAY
                         NORMAL    RECORD    YEAR
 MAXIMUM TEMPERATURE (F)   45        63      1954
 MINIMUM TEMPERATURE (F)   32        18      1970


SUNRISE AND SUNSET
OCTOBER  1 2016.......SUNRISE   855 AM AKDT  SUNSET   817 PM AKDT
OCTOBER  2 2016.......SUNRISE   858 AM AKDT  SUNSET   814 PM AKDT

CIVIL TWILIGHT
OCTOBER 1 2016          START   726 AM AKDT     END   812 PM AKDT
OCTOBER 2 2016          START   728 AM AKDT     END   809 PM AKDT



-  INDICATES NEGATIVE NUMBERS.
R  INDICATES RECORD WAS SET OR TIED.
MM INDICATES DATA IS MISSING.
T  INDICATES TRACE AMOUNT.




$$
&&
------------------------------------------------------
AMOUNT OF DAYLIGHT TODAY  (HOUR:MIN)........11:21
GAIN/LOSS SINCE YESTERDAY (HOUR:MIN:SEC)....-0:05:39
