000
CDAK48 PABE 272353
CLIBET

CLIMATE REPORT
NATIONAL WEATHER SERVICE BETHEL, AK
253 PM AKST SAT DEC 27 2014

...................................
...THE BETHEL AP CLIMATE SUMMARY FOR DECEMBER 27 2014...
VALID TODAY AS OF 2:00 PM LOCAL TIME

CLIMATE NORMAL PERIOD  1981 TO  2010
CLIMATE RECORD PERIOD  1923 TO  2014

WEATHER ITEM   OBSERVED TIME    RECORD YEAR NORMAL DEPARTURE LAST
               VALUE    (LST)   VALUE       VALUE  FROM      YEAR
                                                   NORMAL
...................................................................
TEMPERATURE
TODAY
 MAXIMUM            38  0159 PM    40  1993     14      24     -4
 MINIMUM            27  0750 AM   -35  1974      2      25    -11
 AVERAGE            33                           8      25     -8

PRECIPITATION
(INCHES)
 TODAY            0.00           0.63  1992   0.03   -0.03   0.00
 MONTH TO DATE    1.02                        0.99    0.03   1.88
 SINCE DEC 1      1.02                        0.99    0.03   1.88
 SINCE JAN 1     15.25                       18.41   -3.16  21.59

SNOWFALL
(INCHES)
 TODAY             0.0            5.3  1992    0.3    -0.3    0.0
 MONTH TO DATE     6.5                        10.0    -3.5    5.9
 SINCE DEC 1       6.5                        10.0    -3.5    5.9
 SINCE JUL 1      18.7                        27.9    -9.2   12.8
 SNOW DEPTH (IN)     4                                          2

DEGREE DAYS
 HEATING
  TODAY             32                          57     -25     73
  MONTH TO DATE   1291                        1465    -174   1337
  SINCE DEC 1     1291                        1465    -174   1334
  SINCE JUL 1     4566                        5195    -629   4688

 COOLING
  TODAY              0                           0       0      0
  MONTH TO DATE      0                           0       0      0
  SINCE DEC 1        0                           0       0      0
  SINCE JAN 1        0                           0       0     18
...................................................................

WIND (MPH)
 HIGHEST WIND SPEED    22     HIGHEST WIND DIRECTION    110
 HIGHEST GUST SPEED    27     HIGHEST GUST DIRECTION    100
 AVERAGE WIND SPEED    MM

SKY COVER
  POSSIBLE SUNSHINE  MM            AVERAGE SKY COVER MM

WEATHER CONDITIONS
 THE FOLLOWING WEATHER WAS RECORDED TODAY.
 NO SIGNIFICANT WEATHER WAS OBSERVED.

RELATIVE HUMIDITY
 HIGHEST RH     MM PERCENT       MM
 LOWEST  RH     MM PERCENT       MM
 AVERAGE RH     MM PERCENT       MM
...................................................................

THE BETHEL CLIMATE NORMALS FOR TOMORROW
                        NORMAL    RECORD   YEAR
 MAXIMUM TEMPERATURE      14        41     1990
 MINIMUM TEMPERATURE       2       -41     1957

SUNRISE AND SUNSET
 DEC 27 2014..........SUNRISE 10:59 AM      SUNSET  4:39 PM
 DEC 28 2014..........SUNRISE 10:59 AM      SUNSET  4:40 PM

-  INDICATES NEGATIVE NUMBERS.
R  INDICATES RECORD HAS BEEN SET OR TIED.
MM INDICATES DATA IS MISSING.
T  INDICATES TRACE OF PRECIPITATION.

&&
-------------------------------------------------------------------

AMOUNT OF DAYLIGHT TODAY  (HOUR:MIN)........5 HOURS 40 MINUTES
GAIN/LOSS SINCE YESTERDAY (HOUR:MIN:SEC)....+0:01:04

$$
FONTENOT
