000
CDAK48 PABE 241304
CLIBET


CLIMATE REPORT
NATIONAL WEATHER SERVICE ANCHORAGE, AK
504 AM AKDT WED MAY 24 2017


...................................

...THE BETHEL CLIMATE SUMMARY FOR MAY 23 2017...

CLIMATE NORMAL PERIOD 1981 TO 2010
CLIMATE RECORD PERIOD 1948 TO 2017


WEATHER ITEM   OBSERVED TIME   RECORD YEAR NORMAL DEPARTURE LAST
                VALUE   (LST)  VALUE       VALUE  FROM      YEAR
                                                  NORMAL
..................................................................
TEMPERATURE (F)
 YESTERDAY
  MAXIMUM         45    343 PM  70    1991  54     -9       51
                                      1974
  MINIMUM         37    331 AM  25    2000  36      1       35
                                      1966
  AVERAGE         41                        45     -4       43

PRECIPITATION (IN)
  YESTERDAY        0.25          0.40 1962   0.04   0.21     0.10
  MONTH TO DATE    1.42                      0.82   0.60     1.43
  SINCE MAR 1      2.19                      2.27  -0.08     2.83
  SINCE JAN 1      4.08                      3.77   0.31     3.22

SNOWFALL (IN)
  YESTERDAY        0.0           1.0  1973   0.0    0.0      0.0
  MONTH TO DATE    T                         1.9   -1.9      0.0
  SINCE MAR 1      3.8                      15.8  -12.0      2.9
  SINCE JUL 1     31.2                      61.6  -30.4     29.9
  SNOW DEPTH       0

DEGREE DAYS
 HEATING
  YESTERDAY       24                        20      4       22
  MONTH TO DATE  460                       566   -106      361
  SINCE MAR 1   3151                      3253   -102     2371
  SINCE JUL 1  11411                     11991   -580     9628

 COOLING
  YESTERDAY        0                         0      0        0
  MONTH TO DATE    0                         0      0        0
  SINCE MAR 1      0                         0      0        0
  SINCE JAN 1      0                         0      0        0
..................................................................


WIND (MPH)
  RESULTANT WIND SPEED  17   RESULTANT WIND DIRECTION   S (160)
  HIGHEST WIND SPEED    25   HIGHEST WIND DIRECTION     S (160)
  HIGHEST GUST SPEED    31   HIGHEST GUST DIRECTION     S (160)
  AVERAGE WIND SPEED    17.3



WEATHER CONDITIONS
 THE FOLLOWING WEATHER WAS RECORDED YESTERDAY.
  RAIN
  LIGHT RAIN
  FOG


RELATIVE HUMIDITY (PERCENT)
 HIGHEST   100
 LOWEST     83
 AVERAGE    92

..........................................................


THE BETHEL CLIMATE NORMALS FOR TODAY
                         NORMAL    RECORD    YEAR
 MAXIMUM TEMPERATURE (F)   54        72      1991
                                             1969
 MINIMUM TEMPERATURE (F)   36        23      2000


SUNRISE AND SUNSET
MAY 24 2017...........SUNRISE   542 AM AKDT  SUNSET  1148 PM AKDT
MAY 25 2017...........SUNRISE   540 AM AKDT  SUNSET  1150 PM AKDT


-  INDICATES NEGATIVE NUMBERS.
R  INDICATES RECORD WAS SET OR TIED.
MM INDICATES DATA IS MISSING.
T  INDICATES TRACE AMOUNT.




$$
