487
CDUS41 KCTP 172239
CLIBFD


CLIMATE REPORT
NATIONAL WEATHER SERVICE STATE COLLEGE PA
539 PM EST WED JAN 17 2018


...................................

...THE BRADFORD CLIMATE SUMMARY FOR JANUARY 17 2018...
VALID TODAY AS OF 0500 PM LOCAL TIME.

CLIMATE NORMAL PERIOD 1981 TO 2010
CLIMATE RECORD PERIOD 1957 TO 2018


WEATHER ITEM   OBSERVED TIME   RECORD YEAR NORMAL DEPARTURE LAST
                VALUE   (LST)  VALUE       VALUE  FROM      YEAR
                                                  NORMAL
..................................................................
TEMPERATURE (F)
 TODAY
  MAXIMUM         15    224 PM  54    1990  29    -14       47
  MINIMUM          5    855 AM -27    1982  13     -8       33
  AVERAGE         10                        21    -11       40

PRECIPITATION (IN)
  TODAY            T             1.09 1978   0.10  -0.10     0.37
  MONTH TO DATE    2.77                      1.86   0.91     3.32
  SINCE DEC 1      4.89                      5.26  -0.37     6.56
  SINCE JAN 1      2.77                      1.86   0.91     3.32

DEGREE DAYS
 HEATING
  TODAY           55                        38     17       25
  MONTH TO DATE  861                       646    215      693
  SINCE DEC 1   2149                      1867    282     1861
  SINCE JUL 1   3683                      3702    -19     3249

 COOLING
  TODAY            0                         0      0        0
  MONTH TO DATE    0                         0      0        0
  SINCE DEC 1      0                         0      0        0
  SINCE JAN 1      0                         0      0        0
..................................................................


WIND (MPH)
  HIGHEST WIND SPEED    14   HIGHEST WIND DIRECTION     W (280)
  HIGHEST GUST SPEED    19   HIGHEST GUST DIRECTION     W (290)
  AVERAGE WIND SPEED     6.9


SKY COVER
  POSSIBLE SUNSHINE  MM
  AVERAGE SKY COVER 0.9


WEATHER CONDITIONS
 THE FOLLOWING WEATHER WAS RECORDED TODAY.
  LIGHT SNOW
  FOG
  HAZE


RELATIVE HUMIDITY (PERCENT)
 HIGHEST    96           600 AM
 LOWEST     70          1200 PM
 AVERAGE    83

..........................................................


THE BRADFORD CLIMATE NORMALS FOR TOMORROW
                         NORMAL    RECORD    YEAR
 MAXIMUM TEMPERATURE (F)   29        56      1973
 MINIMUM TEMPERATURE (F)   13       -19      1976


SUNRISE AND SUNSET
JANUARY 17 2018.......SUNRISE   738 AM EST   SUNSET   511 PM EST
JANUARY 18 2018.......SUNRISE   738 AM EST   SUNSET   512 PM EST


-  INDICATES NEGATIVE NUMBERS.
R  INDICATES RECORD WAS SET OR TIED.
MM INDICATES DATA IS MISSING.
T  INDICATES TRACE AMOUNT.




$$
