000
CDUS41 KCTP 060629
CLIBFD


CLIMATE REPORT
NATIONAL WEATHER SERVICE STATE COLLEGE PA
129 AM EST SAT FEB 6 2016


...................................

...THE BRADFORD CLIMATE SUMMARY FOR FEBRUARY 5 2016...

CLIMATE NORMAL PERIOD 1981 TO 2010
CLIMATE RECORD PERIOD 1957 TO 2016


WEATHER ITEM   OBSERVED TIME   RECORD YEAR NORMAL DEPARTURE LAST
                VALUE   (LST)  VALUE       VALUE  FROM      YEAR
                                                  NORMAL
..................................................................
TEMPERATURE (F)
 YESTERDAY
  MAXIMUM         28   1233 AM  51    2005  30     -2       18
  MINIMUM         12   1159 PM -12    1981  14     -2       -1
  AVERAGE         20                        22     -2        9

PRECIPITATION (IN)
  YESTERDAY        0.03          0.70 2008   0.08  -0.05      T
  MONTH TO DATE    0.84                      0.42   0.42     0.67
  SINCE DEC 1      6.79                      7.11  -0.32     4.71
  SINCE JAN 1      1.99                      3.71  -1.72     2.51

DEGREE DAYS
 HEATING
  YESTERDAY       45                        37      8       56
  MONTH TO DATE  160                       187    -27      239
  SINCE DEC 1   2267                      2763   -496     2801
  SINCE JUL 1   3747                      4598   -851     4619

 COOLING
  YESTERDAY        0                         0      0        0
  MONTH TO DATE    0                         0      0        0
  SINCE DEC 1      0                         0      0        0
  SINCE JAN 1      0                         0      0        0
..................................................................


WIND (MPH)
  HIGHEST WIND SPEED    17   HIGHEST WIND DIRECTION    NW (310)
  HIGHEST GUST SPEED    22   HIGHEST GUST DIRECTION    NW (310)
  AVERAGE WIND SPEED     7.8


SKY COVER
  POSSIBLE SUNSHINE  MM
  AVERAGE SKY COVER 0.8


WEATHER CONDITIONS
 THE FOLLOWING WEATHER WAS RECORDED YESTERDAY.
  HEAVY SNOW
  SNOW
  LIGHT SNOW
  FOG
  FOG W/VISIBILITY <= 1/4 MILE
  HAZE


RELATIVE HUMIDITY (PERCENT)
 HIGHEST    88           900 AM
 LOWEST     60           500 PM
 AVERAGE    74

..........................................................


THE BRADFORD CLIMATE NORMALS FOR TODAY
                         NORMAL    RECORD    YEAR
 MAXIMUM TEMPERATURE (F)   31        50      2005
 MINIMUM TEMPERATURE (F)   14       -11      1979


SUNRISE AND SUNSET
FEBRUARY  6 2016......SUNRISE   722 AM EST   SUNSET   536 PM EST
FEBRUARY  7 2016......SUNRISE   721 AM EST   SUNSET   537 PM EST


-  INDICATES NEGATIVE NUMBERS.
R  INDICATES RECORD WAS SET OR TIED.
MM INDICATES DATA IS MISSING.
T  INDICATES TRACE AMOUNT.




$$
