000
CDUS41 KCTP 030618
CLIBFD


CLIMATE REPORT
NATIONAL WEATHER SERVICE STATE COLLEGE PA
217 AM EDT THU SEP 3 2015


...................................

...THE BRADFORD CLIMATE SUMMARY FOR SEPTEMBER 2 2015...

CLIMATE NORMAL PERIOD 1981 TO 2010
CLIMATE RECORD PERIOD 1957 TO 2015


WEATHER ITEM   OBSERVED TIME   RECORD YEAR NORMAL DEPARTURE LAST
                VALUE   (LST)  VALUE       VALUE  FROM      YEAR
                                                  NORMAL
..................................................................
TEMPERATURE (F)
 YESTERDAY
  MAXIMUM         85R   202 PM  85    1999  73     12       77
  MINIMUM         53    621 AM  35    1970  50      3       59
  AVERAGE         69                        61      8       68

PRECIPITATION (IN)
  YESTERDAY        0.00          1.79 2006   0.13  -0.13     0.73
  MONTH TO DATE    0.00                      0.26  -0.26     0.73
  SINCE SEP 1      0.00                      0.26  -0.26     0.73
  SINCE JAN 1     23.84                     30.21  -6.37    32.07

DEGREE DAYS
 HEATING
  YESTERDAY        0                         2     -2        0
  MONTH TO DATE    0                         4     -4        0
  SINCE SEP 1      0                         4     -4        0
  SINCE JUL 1    126                       157    -31      184

 COOLING
  YESTERDAY        4                         1      3        3
  MONTH TO DATE    6                         2      4       11
  SINCE SEP 1      6                         2      4       11
  SINCE JAN 1    214                       179     35      181
..................................................................


WIND (MPH)
  HIGHEST WIND SPEED    15   HIGHEST WIND DIRECTION    NW (310)
  HIGHEST GUST SPEED    19   HIGHEST GUST DIRECTION     W (290)
  AVERAGE WIND SPEED     3.0


SKY COVER
  POSSIBLE SUNSHINE  MM
  AVERAGE SKY COVER 0.4


WEATHER CONDITIONS
 THE FOLLOWING WEATHER WAS RECORDED YESTERDAY.
  FOG
  FOG W/VISIBILITY <= 1/4 MILE
  HAZE


RELATIVE HUMIDITY (PERCENT)
 HIGHEST   100          1200 AM
 LOWEST     48           200 PM
 AVERAGE    74

..........................................................


THE BRADFORD CLIMATE NORMALS FOR TODAY
                         NORMAL    RECORD    YEAR
 MAXIMUM TEMPERATURE (F)   73        90      2011
 MINIMUM TEMPERATURE (F)   49        34      1976


SUNRISE AND SUNSET
SEPTEMBER  3 2015.....SUNRISE   642 AM EDT   SUNSET   745 PM EDT
SEPTEMBER  4 2015.....SUNRISE   643 AM EDT   SUNSET   743 PM EDT


-  INDICATES NEGATIVE NUMBERS.
R  INDICATES RECORD WAS SET OR TIED.
MM INDICATES DATA IS MISSING.
T  INDICATES TRACE AMOUNT.




$$
