000
CDUS41 KCTP 180649
CLIBFD


CLIMATE REPORT
NATIONAL WEATHER SERVICE STATE COLLEGE PA
249 AM EDT FRI APR 18 2014


...................................

...THE BRADFORD CLIMATE SUMMARY FOR APRIL 17 2014...

CLIMATE NORMAL PERIOD 1981 TO 2010
CLIMATE RECORD PERIOD 1957 TO 2014


WEATHER ITEM   OBSERVED TIME   RECORD YEAR NORMAL DEPARTURE LAST
                VALUE   (LST)  VALUE       VALUE  FROM      YEAR
                                                  NORMAL
..................................................................
TEMPERATURE (F)
 YESTERDAY
  MAXIMUM         53    444 PM  82    2002  56     -3       68
  MINIMUM         27    600 AM  16    1962  33     -6       42
  AVERAGE         40                        44     -4       55

PRECIPITATION (IN)
  YESTERDAY        0.00          0.73 1992   0.12  -0.12     0.00
  MONTH TO DATE    2.92                      2.05   0.87     1.69
  SINCE MAR 1      4.92                      5.42  -0.50     3.20
  SINCE JAN 1      8.45                     11.06  -2.61     5.99

DEGREE DAYS
 HEATING
  YESTERDAY       25                        16      9       10
  MONTH TO DATE  365                       315     50      372
  SINCE MAR 1   1542                      1352    190     1474
  SINCE JUL 1   7208                      6922    286     6382

 COOLING
  YESTERDAY        0                         0      0        0
  MONTH TO DATE    2                         0      2        0
  SINCE MAR 1      2                         0      2        0
  SINCE JAN 1      2                         0      2        0
..................................................................


WIND (MPH)
  HIGHEST WIND SPEED    17   HIGHEST WIND DIRECTION    SE (150)
  HIGHEST GUST SPEED    26   HIGHEST GUST DIRECTION    SE (140)
  AVERAGE WIND SPEED     9.9


SKY COVER
  POSSIBLE SUNSHINE  MM
  AVERAGE SKY COVER 0.0


WEATHER CONDITIONS
 THE FOLLOWING WEATHER WAS RECORDED YESTERDAY.
  NO SIGNIFICANT WEATHER WAS OBSERVED.


RELATIVE HUMIDITY (PERCENT)
 HIGHEST    55           400 AM
 LOWEST     28           200 PM
 AVERAGE    42

..........................................................


THE BRADFORD CLIMATE NORMALS FOR TODAY
                         NORMAL    RECORD    YEAR
 MAXIMUM TEMPERATURE (F)   56        84      1976
 MINIMUM TEMPERATURE (F)   33        21      1983


SUNRISE AND SUNSET
APRIL 18 2014.........SUNRISE   630 AM EDT   SUNSET   759 PM EDT
APRIL 19 2014.........SUNRISE   628 AM EDT   SUNSET   800 PM EDT


-  INDICATES NEGATIVE NUMBERS.
R  INDICATES RECORD WAS SET OR TIED.
MM INDICATES DATA IS MISSING.
T  INDICATES TRACE AMOUNT.




$$
