000
CDUS41 KCTP 210622
CLIBFD


CLIMATE REPORT
NATIONAL WEATHER SERVICE STATE COLLEGE PA
122 AM EST TUE FEB 21 2017


...................................

...THE BRADFORD CLIMATE SUMMARY FOR FEBRUARY 20 2017...

CLIMATE NORMAL PERIOD 1981 TO 2010
CLIMATE RECORD PERIOD 1957 TO 2017


WEATHER ITEM   OBSERVED TIME   RECORD YEAR NORMAL DEPARTURE LAST
                VALUE   (LST)  VALUE       VALUE  FROM      YEAR
                                                  NORMAL
..................................................................
TEMPERATURE (F)
 YESTERDAY
  MAXIMUM         51    408 PM  58    2016  34     17       58
  MINIMUM         28    714 AM -15    2015  15     13       35
  AVERAGE         40                        24     16       47

PRECIPITATION (IN)
  YESTERDAY        0.00          0.62 1963   0.07  -0.07     0.00
  MONTH TO DATE    1.92                      1.65   0.27     2.38
  SINCE DEC 1      9.73                      8.34   1.39     8.33
  SINCE JAN 1      6.49                      4.94   1.55     3.53

DEGREE DAYS
 HEATING
  YESTERDAY       25                        35    -10       18
  MONTH TO DATE  722                       730     -8      826
  SINCE DEC 1   3024                      3306   -282     2933
  SINCE JUL 1   4412                      5141   -729     4413

 COOLING
  YESTERDAY        0                         0      0        0
  MONTH TO DATE    0                         0      0        0
  SINCE DEC 1      0                         0      0        0
  SINCE JAN 1      0                         0      0        0
..................................................................


WIND (MPH)
  HIGHEST WIND SPEED    14   HIGHEST WIND DIRECTION     N (340)
  HIGHEST GUST SPEED    19   HIGHEST GUST DIRECTION     N (340)
  AVERAGE WIND SPEED     4.9


SKY COVER
  POSSIBLE SUNSHINE  MM
  AVERAGE SKY COVER 0.0


WEATHER CONDITIONS
 THE FOLLOWING WEATHER WAS RECORDED YESTERDAY.
  NO SIGNIFICANT WEATHER WAS OBSERVED.


RELATIVE HUMIDITY (PERCENT)
 HIGHEST    92           400 AM
 LOWEST     33           400 PM
 AVERAGE    63

..........................................................


THE BRADFORD CLIMATE NORMALS FOR TODAY
                         NORMAL    RECORD    YEAR
 MAXIMUM TEMPERATURE (F)   34        64      1997
 MINIMUM TEMPERATURE (F)   15        -8      1968


SUNRISE AND SUNSET
FEBRUARY 21 2017......SUNRISE   701 AM EST   SUNSET   556 PM EST
FEBRUARY 22 2017......SUNRISE   700 AM EST   SUNSET   557 PM EST


-  INDICATES NEGATIVE NUMBERS.
R  INDICATES RECORD WAS SET OR TIED.
MM INDICATES DATA IS MISSING.
T  INDICATES TRACE AMOUNT.




$$
