000
CDUS41 KCTP 252217
CLIBFD


CLIMATE REPORT
NATIONAL WEATHER SERVICE STATE COLLEGE PA
517 PM EST SUN JAN 25 2015


...................................

...THE BRADFORD CLIMATE SUMMARY FOR JANUARY 25 2015...
VALID TODAY AS OF 0500 PM LOCAL TIME.

CLIMATE NORMAL PERIOD 1981 TO 2010
CLIMATE RECORD PERIOD 1957 TO 2015


WEATHER ITEM   OBSERVED TIME   RECORD YEAR NORMAL DEPARTURE LAST
                VALUE   (LST)  VALUE       VALUE  FROM      YEAR
                                                  NORMAL
..................................................................
TEMPERATURE (F)
 TODAY
  MAXIMUM         30    414 AM  60    1967  29      1       20
  MINIMUM         22   1220 PM -16    2004  14      8        5
  AVERAGE         26                        21      5       13

PRECIPITATION (IN)
  TODAY            0.03          1.39 2010   0.10  -0.07     0.01
  MONTH TO DATE    1.53                      2.69  -1.16     1.94
  SINCE DEC 1      3.73                      6.09  -2.36     4.76
  SINCE JAN 1      1.53                      2.69  -1.16     1.94

DEGREE DAYS
 HEATING
  TODAY           39                        38      1       52
  MONTH TO DATE 1178                       950    228     1122
  SINCE DEC 1   2250                      2171     79     2270
  SINCE JUL 1   4068                      4006     62     4058

 COOLING
  TODAY            0                         0      0        0
  MONTH TO DATE    0                         0      0        0
  SINCE DEC 1      0                         0      0        0
  SINCE JAN 1      0                         0      0        0
..................................................................


WIND (MPH)
  HIGHEST WIND SPEED    23   HIGHEST WIND DIRECTION     W (290)
  HIGHEST GUST SPEED    30   HIGHEST GUST DIRECTION    NW (320)
  AVERAGE WIND SPEED     8.6


SKY COVER
  POSSIBLE SUNSHINE  MM
  AVERAGE SKY COVER 0.9


WEATHER CONDITIONS
 THE FOLLOWING WEATHER WAS RECORDED TODAY.
  LT FREEZING RAIN
  LIGHT SNOW
  FOG
  HAZE


RELATIVE HUMIDITY (PERCENT)
 HIGHEST    92          1200 AM
 LOWEST     46           300 PM
 AVERAGE    69

..........................................................


THE BRADFORD CLIMATE NORMALS FOR TOMORROW
                         NORMAL    RECORD    YEAR
 MAXIMUM TEMPERATURE (F)   29        53      1973
 MINIMUM TEMPERATURE (F)   14        -8      1991


SUNRISE AND SUNSET
JANUARY 25 2015.......SUNRISE   733 AM EST   SUNSET   521 PM EST
JANUARY 26 2015.......SUNRISE   733 AM EST   SUNSET   522 PM EST


-  INDICATES NEGATIVE NUMBERS.
R  INDICATES RECORD WAS SET OR TIED.
MM INDICATES DATA IS MISSING.
T  INDICATES TRACE AMOUNT.




$$
