000
CDUS41 KCTP 280621
CLIBFD


CLIMATE REPORT
NATIONAL WEATHER SERVICE STATE COLLEGE PA
221 AM EDT WED SEP 28 2016


...................................

...THE BRADFORD CLIMATE SUMMARY FOR SEPTEMBER 27 2016...

CLIMATE NORMAL PERIOD 1981 TO 2010
CLIMATE RECORD PERIOD 1957 TO 2016


WEATHER ITEM   OBSERVED TIME   RECORD YEAR NORMAL DEPARTURE LAST
                VALUE   (LST)  VALUE       VALUE  FROM      YEAR
                                                  NORMAL
..................................................................
TEMPERATURE (F)
 YESTERDAY
  MAXIMUM         65    318 PM  80    1973  64      1       69
  MINIMUM         43   1159 PM  19    1957  41      2       48
  AVERAGE         54                        53      1       59

PRECIPITATION (IN)
  YESTERDAY        0.00          1.77 2002   0.13  -0.13     0.00
  MONTH TO DATE    2.06                      3.54  -1.48     1.56
  SINCE SEP 1      2.06                      3.54  -1.48     1.56
  SINCE JAN 1     31.06                     33.49  -2.43    25.40

DEGREE DAYS
 HEATING
  YESTERDAY       11                         8      3        6
  MONTH TO DATE  111                       120     -9      116
  SINCE SEP 1    111                       120     -9      116
  SINCE JUL 1    154                       273   -119      242

 COOLING
  YESTERDAY        0                         0      0        0
  MONTH TO DATE   42                        13     29       52
  SINCE SEP 1     42                        13     29       52
  SINCE JAN 1    367                       190    177      260
..................................................................


WIND (MPH)
  HIGHEST WIND SPEED    16   HIGHEST WIND DIRECTION    SW (240)
  HIGHEST GUST SPEED    25   HIGHEST GUST DIRECTION     S (200)
  AVERAGE WIND SPEED     5.7


SKY COVER
  POSSIBLE SUNSHINE  MM
  AVERAGE SKY COVER 0.2


WEATHER CONDITIONS
 THE FOLLOWING WEATHER WAS RECORDED YESTERDAY.
  FOG


RELATIVE HUMIDITY (PERCENT)
 HIGHEST   100          1200 AM
 LOWEST     34           300 PM
 AVERAGE    67

..........................................................


THE BRADFORD CLIMATE NORMALS FOR TODAY
                         NORMAL    RECORD    YEAR
 MAXIMUM TEMPERATURE (F)   64        81      1959
 MINIMUM TEMPERATURE (F)   41        21      1957


SUNRISE AND SUNSET
SEPTEMBER 28 2016.....SUNRISE   709 AM EDT   SUNSET   700 PM EDT
SEPTEMBER 29 2016.....SUNRISE   710 AM EDT   SUNSET   659 PM EDT


-  INDICATES NEGATIVE NUMBERS.
R  INDICATES RECORD WAS SET OR TIED.
MM INDICATES DATA IS MISSING.
T  INDICATES TRACE AMOUNT.




$$
