000
CDUS41 KCTP 310648
CLIBFD


CLIMATE REPORT
NATIONAL WEATHER SERVICE STATE COLLEGE PA
248 AM EDT TUE MAY 31 2016


...................................

...THE BRADFORD CLIMATE SUMMARY FOR MAY 30 2016...

CLIMATE NORMAL PERIOD 1981 TO 2010
CLIMATE RECORD PERIOD 1957 TO 2016


WEATHER ITEM   OBSERVED TIME   RECORD YEAR NORMAL DEPARTURE LAST
                VALUE   (LST)  VALUE       VALUE  FROM      YEAR
                                                  NORMAL
..................................................................
TEMPERATURE (F)
 YESTERDAY
  MAXIMUM         79    311 PM  88    2006  69     10       79
  MINIMUM         52   1157 PM  28    1966  45      7       63
  AVERAGE         66                        57      9       71

PRECIPITATION (IN)
  YESTERDAY        0.00          0.74 1972   0.14  -0.14     0.18
  MONTH TO DATE    3.21                      4.03  -0.82     2.25
  SINCE MAR 1      9.82                     10.95  -1.13     8.82
  SINCE JAN 1     14.43                     16.59  -2.16    11.66

DEGREE DAYS
 HEATING
  YESTERDAY        0                         5     -5        0
  MONTH TO DATE  366                       238    128      202
  SINCE MAR 1   1801                      1919   -118     1991
  SINCE JUL 1   6501                      7489   -988     7890

 COOLING
  YESTERDAY        1                         1      0        6
  MONTH TO DATE   19                         2     17       44
  SINCE MAR 1     19                         4     15       44
  SINCE JAN 1     19                         4     15       44
..................................................................


WIND (MPH)
  HIGHEST WIND SPEED    20   HIGHEST WIND DIRECTION    NW (310)
  HIGHEST GUST SPEED    24   HIGHEST GUST DIRECTION    NW (320)
  AVERAGE WIND SPEED     6.1


SKY COVER
  POSSIBLE SUNSHINE  MM
  AVERAGE SKY COVER 0.3


WEATHER CONDITIONS
 THE FOLLOWING WEATHER WAS RECORDED YESTERDAY.
  HAZE


RELATIVE HUMIDITY (PERCENT)
 HIGHEST    93           400 AM
 LOWEST     37           400 PM
 AVERAGE    65

..........................................................


THE BRADFORD CLIMATE NORMALS FOR TODAY
                         NORMAL    RECORD    YEAR
 MAXIMUM TEMPERATURE (F)   70        86      2006
 MINIMUM TEMPERATURE (F)   45        29      2001


SUNRISE AND SUNSET
MAY 31 2016...........SUNRISE   542 AM EDT   SUNSET   843 PM EDT
JUNE  1 2016..........SUNRISE   542 AM EDT   SUNSET   843 PM EDT


-  INDICATES NEGATIVE NUMBERS.
R  INDICATES RECORD WAS SET OR TIED.
MM INDICATES DATA IS MISSING.
T  INDICATES TRACE AMOUNT.




$$
