000
CDUS41 KCTP 090620
CLIBFD


CLIMATE REPORT
NATIONAL WEATHER SERVICE STATE COLLEGE PA
120 AM EST FRI DEC 9 2016


...................................

...THE BRADFORD CLIMATE SUMMARY FOR DECEMBER 8 2016...

CLIMATE NORMAL PERIOD 1981 TO 2010
CLIMATE RECORD PERIOD 1957 TO 2016


WEATHER ITEM   OBSERVED TIME   RECORD YEAR NORMAL DEPARTURE LAST
                VALUE   (LST)  VALUE       VALUE  FROM      YEAR
                                                  NORMAL
..................................................................
TEMPERATURE (F)
 YESTERDAY
  MAXIMUM         29    224 AM  60    1966  35     -6       40
  MINIMUM         21   1159 PM  -2    1970  21      0       25
  AVERAGE         25                        28     -3       33

PRECIPITATION (IN)
  YESTERDAY        T             0.70 1974   0.12  -0.12     0.00
  MONTH TO DATE    0.61                      0.94  -0.33     0.62
  SINCE DEC 1      0.61                      0.94  -0.33     0.62
  SINCE JAN 1     41.87                     42.00  -0.13    35.05

DEGREE DAYS
 HEATING
  YESTERDAY       40                        32      8       32
  MONTH TO DATE  261                       247     14      237
  SINCE DEC 1    261                       247     14      237
  SINCE JUL 1   1649                      2082   -433     1717

 COOLING
  YESTERDAY        0                         0      0        0
  MONTH TO DATE    0                         0      0        0
  SINCE DEC 1      0                         0      0        0
  SINCE JAN 1    370                       193    177      260
..................................................................


WIND (MPH)
  HIGHEST WIND SPEED    20   HIGHEST WIND DIRECTION     W (280)
  HIGHEST GUST SPEED    32   HIGHEST GUST DIRECTION     W (280)
  AVERAGE WIND SPEED     9.4


SKY COVER
  POSSIBLE SUNSHINE  MM
  AVERAGE SKY COVER 1.0


WEATHER CONDITIONS
 THE FOLLOWING WEATHER WAS RECORDED YESTERDAY.
  LIGHT SNOW
  FOG


RELATIVE HUMIDITY (PERCENT)
 HIGHEST    84           800 PM
 LOWEST     63          1100 AM
 AVERAGE    74

..........................................................


THE BRADFORD CLIMATE NORMALS FOR TODAY
                         NORMAL    RECORD    YEAR
 MAXIMUM TEMPERATURE (F)   35        58      1966
 MINIMUM TEMPERATURE (F)   21       -12      2002


SUNRISE AND SUNSET
DECEMBER  9 2016......SUNRISE   730 AM EST   SUNSET   444 PM EST
DECEMBER 10 2016......SUNRISE   731 AM EST   SUNSET   444 PM EST


-  INDICATES NEGATIVE NUMBERS.
R  INDICATES RECORD WAS SET OR TIED.
MM INDICATES DATA IS MISSING.
T  INDICATES TRACE AMOUNT.




$$
