000
CDUS41 KCTP 240645
CLIBFD


CLIMATE REPORT
NATIONAL WEATHER SERVICE STATE COLLEGE PA
245 AM EDT THU JUL 24 2014


...................................

...THE BRADFORD CLIMATE SUMMARY FOR JULY 23 2014...

CLIMATE NORMAL PERIOD 1981 TO 2010
CLIMATE RECORD PERIOD 1957 TO 2014


WEATHER ITEM   OBSERVED TIME   RECORD YEAR NORMAL DEPARTURE LAST
                VALUE   (LST)  VALUE       VALUE  FROM      YEAR
                                                  NORMAL
..................................................................
TEMPERATURE (F)
 YESTERDAY
  MAXIMUM         80   1239 PM  88    1987  77      3       80
  MINIMUM         59   1159 PM  38    1981  54      5       63
  AVERAGE         70                        65      5       72

PRECIPITATION (IN)
  YESTERDAY        T             1.53 1991   0.13  -0.13     0.11
  MONTH TO DATE    2.80                      3.11  -0.31     1.98
  SINCE JUN 1      8.84                      8.02   0.82     6.59
  SINCE JAN 1     24.79                     24.76   0.03    17.62

DEGREE DAYS
 HEATING
  YESTERDAY        0                         0      0        0
  MONTH TO DATE   51                         1     50        5
  SINCE JUN 1    136                       146    -10      109
  SINCE JUL 1     51                         1     50        5

 COOLING
  YESTERDAY        5                         2      3        7
  MONTH TO DATE   57                        54      3      148
  SINCE JUN 1    113                        94     19      198
  SINCE JAN 1    131                       104     27      241
..................................................................


WIND (MPH)
  HIGHEST WIND SPEED    20   HIGHEST WIND DIRECTION    NW (320)
  HIGHEST GUST SPEED    26   HIGHEST GUST DIRECTION    NW (320)
  AVERAGE WIND SPEED     8.1


SKY COVER
  POSSIBLE SUNSHINE  MM
  AVERAGE SKY COVER 0.6


WEATHER CONDITIONS
 THE FOLLOWING WEATHER WAS RECORDED YESTERDAY.
  THUNDERSTORM
  FOG
  HAZE


RELATIVE HUMIDITY (PERCENT)
 HIGHEST    90          1200 AM
 LOWEST     62          1200 PM
 AVERAGE    76

..........................................................


THE BRADFORD CLIMATE NORMALS FOR TODAY
                         NORMAL    RECORD    YEAR
 MAXIMUM TEMPERATURE (F)   77        87      2001
 MINIMUM TEMPERATURE (F)   54        44      1993


SUNRISE AND SUNSET
JULY 24 2014..........SUNRISE   601 AM EDT   SUNSET   841 PM EDT
JULY 25 2014..........SUNRISE   602 AM EDT   SUNSET   840 PM EDT


-  INDICATES NEGATIVE NUMBERS.
R  INDICATES RECORD WAS SET OR TIED.
MM INDICATES DATA IS MISSING.
T  INDICATES TRACE AMOUNT.




$$
