000
CDUS45 KCYS 020728
CLIBFF


CLIMATE REPORT
NATIONAL WEATHER SERVICE CHEYENNE WY
127 AM MDT THU OCT 2 2014


...................................

...THE SCOTTSBLUFF NEBRASKA AIRPORT CLIMATE SUMMARY FOR OCTOBER 1 2014...

CLIMATE NORMAL PERIOD 1981 TO 2010
CLIMATE RECORD PERIOD 1871 TO 2014


WEATHER ITEM   OBSERVED TIME   RECORD YEAR NORMAL DEPARTURE LAST
                VALUE   (LST)  VALUE       VALUE  FROM      YEAR
                                                  NORMAL
..................................................................
TEMPERATURE (F)
 YESTERDAY
  MAXIMUM         67    111 PM  91    1899  70     -3       74
  MINIMUM         42   1159 PM  20    1985  38      4       37
  AVERAGE         55                        54      1       56

PRECIPITATION (IN)
  YESTERDAY        0.02          0.81 1927   0.05  -0.03     0.00
  MONTH TO DATE    0.02                      0.05  -0.03     0.00
  SINCE JAN 1     16.32                     13.53   2.79    10.22

SNOWFALL (IN)
  YESTERDAY        0.0           2.6  1959   0.0    0.0      0.0
  MONTH TO DATE    0.0                       0.0    0.0      0.0
  SINCE JUL 1      T                         0.5   -0.5      0.0
  SNOW DEPTH       0

DEGREE DAYS
 HEATING
  YESTERDAY       10                        11     -1        9
  MONTH TO DATE   10                        11     -1        9
  SINCE SEP 1    121                       170    -49       95
  SINCE JUL 1    134                       190    -56       97

 COOLING
  YESTERDAY        0                         0      0        0
  MONTH TO DATE    0                         0      0        0
  SINCE SEP 1     76                        58     18      155
  SINCE JAN 1    719                       723     -4     1047
..................................................................


WIND (MPH)
  HIGHEST WIND SPEED    26   HIGHEST WIND DIRECTION    NW (310)
  HIGHEST GUST SPEED    33   HIGHEST GUST DIRECTION    NW (310)
  AVERAGE WIND SPEED     7.6


SKY COVER
  AVERAGE SKY COVER 0.3


WEATHER CONDITIONS
 THE FOLLOWING WEATHER WAS RECORDED YESTERDAY.
  LIGHT RAIN


RELATIVE HUMIDITY (PERCENT)
 HIGHEST   100           500 AM
 LOWEST     42           100 PM
 AVERAGE    71

..........................................................


THE SCOTTSBLUFF NEBRASKA AIRPORT CLIMATE NORMALS FOR TODAY
                         NORMAL    RECORD    YEAR
 MAXIMUM TEMPERATURE (F)   70        91      2005
 MINIMUM TEMPERATURE (F)   38        27      1927


SUNRISE AND SUNSET
OCTOBER  2 2014.......SUNRISE   652 AM MDT   SUNSET   634 PM MDT
OCTOBER  3 2014.......SUNRISE   653 AM MDT   SUNSET   633 PM MDT


-  INDICATES NEGATIVE NUMBERS.
R  INDICATES RECORD WAS SET OR TIED.
MM INDICATES DATA IS MISSING.
T  INDICATES TRACE AMOUNT.




$$
