000
CDUS45 KCYS 140325
CLIBFF


CLIMATE REPORT
NATIONAL WEATHER SERVICE CHEYENNE WY
925 PM MDT SUN JUL 13 2014


...................................

...THE SCOTTSBLUFF NEBRASKA AIRPORT CLIMATE SUMMARY FOR JULY 13 2014...
VALID TODAY AS OF 0900 PM LOCAL TIME.

CLIMATE NORMAL PERIOD 1981 TO 2010
CLIMATE RECORD PERIOD 1871 TO 2014


WEATHER ITEM   OBSERVED TIME   RECORD YEAR NORMAL DEPARTURE LAST
                VALUE   (LST)  VALUE       VALUE  FROM      YEAR
                                                  NORMAL
..................................................................
TEMPERATURE (F)
 TODAY
  MAXIMUM         88    343 PM 104    2003  90     -2       93
                                      1940
                                      1939
  MINIMUM         61    441 AM  45    1987  58      3       64
                                      1950
                                      1909
  AVERAGE         75                        74      1       79

PRECIPITATION (IN)
  TODAY            T             1.65 1929   0.06  -0.06      T
  MONTH TO DATE    1.18                      0.78   0.40     0.59
  SINCE JUN 1      2.91                      3.63  -0.72     2.13
  SINCE JAN 1     10.06                      9.95   0.11     6.77

SNOWFALL (IN)
  TODAY            0.0          MM      MM   0.0    0.0      0.0
  MONTH TO DATE    0.0                       0.0    0.0      0.0
  SINCE JUL 1      0.0                       0.0    0.0      0.0
  SNOW DEPTH       0

DEGREE DAYS
 HEATING
  TODAY            0                         0      0        0
  MONTH TO DATE    3                         1      2        0
  SINCE JUN 1     56                        61     -5       21
  SINCE JUL 1      3                         1      2        0

 COOLING
  TODAY           10                         9      1       14
  MONTH TO DATE  115                       111      4      154
  SINCE JUN 1    210                       237    -27      349
  SINCE JAN 1    237                       260    -23      403
..................................................................


WIND (MPH)
  HIGHEST WIND SPEED    14   HIGHEST WIND DIRECTION    NE (40)
  HIGHEST GUST SPEED    18   HIGHEST GUST DIRECTION    NE (50)
  AVERAGE WIND SPEED     4.1


SKY COVER
  AVERAGE SKY COVER 0.1


WEATHER CONDITIONS
 THE FOLLOWING WEATHER WAS RECORDED TODAY.
  THUNDERSTORM
  FOG


RELATIVE HUMIDITY (PERCENT)
 HIGHEST   100          1200 AM
 LOWEST     34           400 PM
 AVERAGE    67

..........................................................


THE SCOTTSBLUFF NEBRASKA AIRPORT CLIMATE NORMALS FOR TOMORROW
                         NORMAL    RECORD    YEAR
 MAXIMUM TEMPERATURE (F)   90       105      1931
 MINIMUM TEMPERATURE (F)   59        44      1943


SUNRISE AND SUNSET
JULY 13 2014..........SUNRISE   531 AM MDT   SUNSET   829 PM MDT
JULY 14 2014..........SUNRISE   532 AM MDT   SUNSET   828 PM MDT


-  INDICATES NEGATIVE NUMBERS.
R  INDICATES RECORD WAS SET OR TIED.
MM INDICATES DATA IS MISSING.
T  INDICATES TRACE AMOUNT.




$$
