000
CDUS45 KCYS 230428
CLIBFF


CLIMATE REPORT
NATIONAL WEATHER SERVICE CHEYENNE WY
927 PM MST MON DEC 22 2014


...................................

...THE SCOTTSBLUFF NEBRASKA AIRPORT CLIMATE SUMMARY FOR DECEMBER 22 2014...
VALID TODAY AS OF 0900 PM LOCAL TIME.

CLIMATE NORMAL PERIOD 1981 TO 2010
CLIMATE RECORD PERIOD 1871 TO 2014


WEATHER ITEM   OBSERVED TIME   RECORD YEAR NORMAL DEPARTURE LAST
                VALUE   (LST)  VALUE       VALUE  FROM      YEAR
                                                  NORMAL
..................................................................
TEMPERATURE (F)
 TODAY
  MAXIMUM         41    151 PM  70    1933  39      2       36
  MINIMUM         31    730 PM -42    1989  12     19        1
  AVERAGE         36                        25     11       19

PRECIPITATION (IN)
  TODAY            T             0.27 1941   0.02  -0.02     0.08
  MONTH TO DATE    0.80                      0.37   0.43     0.63
  SINCE DEC 1      0.80                      0.37   0.43     0.63
  SINCE JAN 1     18.60                     15.65   2.95    13.37

SNOWFALL (IN)
  TODAY            T             2.7  1941   0.2   -0.2      1.6
  MONTH TO DATE   10.5                       5.1    5.4     11.2
  SINCE JUL 1     16.1                      14.0    2.1     24.1
  SNOW DEPTH       0

DEGREE DAYS
 HEATING
  TODAY           29                        40    -11       46
  MONTH TO DATE  739                       853   -114      915
  SINCE DEC 1    739                       853   -114      915
  SINCE JUL 1   2184                      2418   -234     2420

 COOLING
  TODAY            0                         0      0        0
  MONTH TO DATE    0                         0      0        0
  SINCE DEC 1      0                         0      0        0
  SINCE JAN 1    719                       724     -5     1047
..................................................................


WIND (MPH)
  HIGHEST WIND SPEED    40   HIGHEST WIND DIRECTION    NW (320)
  HIGHEST GUST SPEED    49   HIGHEST GUST DIRECTION    NW (330)
  AVERAGE WIND SPEED    16.9


SKY COVER
  AVERAGE SKY COVER 0.4


WEATHER CONDITIONS
 THE FOLLOWING WEATHER WAS RECORDED TODAY.
  LIGHT SNOW


RELATIVE HUMIDITY (PERCENT)
 HIGHEST    82          1200 AM
 LOWEST     46           100 PM
 AVERAGE    64

..........................................................


THE SCOTTSBLUFF NEBRASKA AIRPORT CLIMATE NORMALS FOR TOMORROW
                         NORMAL    RECORD    YEAR
 MAXIMUM TEMPERATURE (F)   39        65      1955
                                             1933
 MINIMUM TEMPERATURE (F)   12       -27      1990


SUNRISE AND SUNSET
DECEMBER 22 2014......SUNRISE   719 AM MST   SUNSET   427 PM MST
DECEMBER 23 2014......SUNRISE   720 AM MST   SUNSET   428 PM MST


-  INDICATES NEGATIVE NUMBERS.
R  INDICATES RECORD WAS SET OR TIED.
MM INDICATES DATA IS MISSING.
T  INDICATES TRACE AMOUNT.




$$
