000
CDUS45 KCYS 030726
CLIBFF


CLIMATE REPORT
NATIONAL WEATHER SERVICE CHEYENNE WY
126 AM MDT WED SEP 3 2014


...................................

...THE SCOTTSBLUFF NEBRASKA AIRPORT CLIMATE SUMMARY FOR SEPTEMBER 2 2014...

CLIMATE NORMAL PERIOD 1981 TO 2010
CLIMATE RECORD PERIOD 1871 TO 2014


WEATHER ITEM   OBSERVED TIME   RECORD YEAR NORMAL DEPARTURE LAST
                VALUE   (LST)  VALUE       VALUE  FROM      YEAR
                                                  NORMAL
..................................................................
TEMPERATURE (F)
 YESTERDAY
  MAXIMUM         88    414 PM  98    1983  84      4       96
  MINIMUM         42    511 AM  35    2006  51     -9       56
                                      1952
                                      1914
  AVERAGE         65                        68     -3       76

PRECIPITATION (IN)
  YESTERDAY        0.00          2.56 1951   0.03  -0.03     0.00
  MONTH TO DATE    T                         0.07  -0.07     0.00
  SINCE JAN 1     12.04                     12.37  -0.33     7.85

SNOWFALL (IN)
  YESTERDAY        0.0          MM      MM   0.0    0.0      0.0
  MONTH TO DATE    0.0                       0.0    0.0      0.0
  SINCE JUL 1      0.0                       0.0    0.0      0.0
  SNOW DEPTH       0

DEGREE DAYS
 HEATING
  YESTERDAY        0                         2     -2        0
  MONTH TO DATE    0                         4     -4        0
  SINCE SEP 1      0                         4     -4        0
  SINCE JUL 1     13                        24    -11        2

 COOLING
  YESTERDAY        0                         4     -4       11
  MONTH TO DATE    0                         9     -9       16
  SINCE SEP 1      0                         9     -9       16
  SINCE JAN 1    643                       674    -31      908
..................................................................


WIND (MPH)
  HIGHEST WIND SPEED    15   HIGHEST WIND DIRECTION    SW (240)
  HIGHEST GUST SPEED    21   HIGHEST GUST DIRECTION     W (250)
  AVERAGE WIND SPEED     5.8


SKY COVER
  AVERAGE SKY COVER 0.0


WEATHER CONDITIONS
 THE FOLLOWING WEATHER WAS RECORDED YESTERDAY.
  NO SIGNIFICANT WEATHER WAS OBSERVED.


RELATIVE HUMIDITY (PERCENT)
 HIGHEST   100           200 AM
 LOWEST     17           400 PM
 AVERAGE    59

..........................................................


THE SCOTTSBLUFF NEBRASKA AIRPORT CLIMATE NORMALS FOR TODAY
                         NORMAL    RECORD    YEAR
 MAXIMUM TEMPERATURE (F)   84       100      1899
 MINIMUM TEMPERATURE (F)   51        32      1974


SUNRISE AND SUNSET
SEPTEMBER  3 2014.....SUNRISE   622 AM MDT   SUNSET   724 PM MDT
SEPTEMBER  4 2014.....SUNRISE   623 AM MDT   SUNSET   723 PM MDT


-  INDICATES NEGATIVE NUMBERS.
R  INDICATES RECORD WAS SET OR TIED.
MM INDICATES DATA IS MISSING.
T  INDICATES TRACE AMOUNT.




$$
