000
CDUS46 KHNX 310022
CLIBFL


CLIMATE REPORT
NATIONAL WEATHER SERVICE SAN JOAQUIN VALLEY, CA
520 PM PDT MON MAR 30 2015


...................................

...THE BAKERSFIELD CLIMATE SUMMARY FOR MARCH 30 2015...
VALID AS OF 0500 PM LOCAL TIME.

CLIMATE NORMAL PERIOD 1981 TO 2010
CLIMATE RECORD PERIOD 1889 TO 2015


WEATHER ITEM   OBSERVED TIME   RECORD YEAR NORMAL DEPARTURE LAST
                VALUE   (LST)  VALUE       VALUE  FROM      YEAR
                                                  NORMAL
..................................................................
TEMPERATURE (F)
 TODAY
  MAXIMUM         90R   331 PM  88    1923  71     19       64
  MINIMUM         54    443 AM  30    1907  48      6       50
  AVERAGE         72                        59     13       57

PRECIPITATION (IN)
  TODAY            0.00          0.28 1946   0.03  -0.03     0.25
  MONTH TO DATE    0.27                      1.18  -0.91     0.30
  SINCE OCT 1      4.53                      5.54  -1.01     1.81
  SINCE JAN 1      1.86                      3.58  -1.72     0.74

SNOWFALL (IN)
  TODAY            0.0
  MONTH TO DATE    0.0
  SINCE MAR 1      0.0
  SINCE JUL 1      0.0
  SNOW DEPTH       0

DEGREE DAYS
 HEATING
  TODAY            0                         6     -6        8
  MONTH TO DATE   84                       231   -147       94
  SINCE MAR 1     84                       231   -147       94
  SINCE JUL 1   1219                      2005   -786     1422

 COOLING
  TODAY            7                         1      6        0
  MONTH TO DATE   69                         1     68       20
  SINCE MAR 1     69                         1     68       20
  SINCE JAN 1     73                         1     72       29
..................................................................


WIND (MPH)
  HIGHEST WIND SPEED    14   HIGHEST WIND DIRECTION    NW (320)
  HIGHEST GUST SPEED    17   HIGHEST GUST DIRECTION    NW (320)
  AVERAGE WIND SPEED     5.6




RELATIVE HUMIDITY (PERCENT)
 HIGHEST    51
 LOWEST     13
 AVERAGE    32

..........................................................


THE BAKERSFIELD CLIMATE NORMALS FOR TOMORROW
                         NORMAL    RECORD    YEAR
 MAXIMUM TEMPERATURE (F)   71        90      2003
 MINIMUM TEMPERATURE (F)   48        32      1908
                                             1905


SUNRISE AND SUNSET
MARCH 30 2015.........SUNRISE   646 AM PDT   SUNSET   716 PM PDT
MARCH 31 2015.........SUNRISE   644 AM PDT   SUNSET   717 PM PDT


-  INDICATES NEGATIVE NUMBERS.
R  INDICATES RECORD WAS SET OR TIED.
MM INDICATES DATA IS MISSING.
T  INDICATES TRACE AMOUNT.




$$
