000
CDUS46 KHNX 300823
CLIBFL


CLIMATE REPORT
NATIONAL WEATHER SERVICE SAN JOAQUIN VALLEY, CA
123 AM PDT THU JUL 30 2015


...................................

...THE BAKERSFIELD CLIMATE SUMMARY FOR JULY 29 2015...

CLIMATE NORMAL PERIOD 1981 TO 2010
CLIMATE RECORD PERIOD 1889 TO 2015


WEATHER ITEM   OBSERVED TIME   RECORD YEAR NORMAL DEPARTURE
                VALUE   (LST)  VALUE       VALUE  FROM
                                                  NORMAL
...............................................................
TEMPERATURE (F)
 YESTERDAY
  MAXIMUM        107    414 PM 114    1908  98      9
  MINIMUM         73    527 AM  52    1914  71      2
  AVERAGE         90                        84      6

PRECIPITATION (IN)
  YESTERDAY        0.00          0.10 1952   0.00   0.00
  MONTH TO DATE    0.04                      0.00   0.04
  SINCE OCT 1      5.33                      6.35  -1.02
  SINCE JAN 1      2.66                      4.39  -1.73

SNOWFALL (IN)
  YESTERDAY        0.0
  MONTH TO DATE    0.0
  SINCE JUN 1      0.0
  SINCE JUL 1      0.0
  SNOW DEPTH       0

DEGREE DAYS
 HEATING
  YESTERDAY        0                                0
  MONTH TO DATE    0                                0
  SINCE JUN 1      0                               -2
  SINCE JUL 1      0                                0

 COOLING
  YESTERDAY       25                                6
  MONTH TO DATE  557                               11
  SINCE JUN 1   1110                              185
  SINCE JAN 1   1455                              263
...............................................................


WIND (MPH)
  HIGHEST WIND SPEED    17   HIGHEST WIND DIRECTION    NW (320)
  HIGHEST GUST SPEED    25   HIGHEST GUST DIRECTION    NW (310)
  AVERAGE WIND SPEED     6.5




RELATIVE HUMIDITY (PERCENT)
 HIGHEST    33
 LOWEST     12
 AVERAGE    23

..........................................................


THE BAKERSFIELD CLIMATE NORMALS FOR TODAY
                         NORMAL    RECORD    YEAR
 MAXIMUM TEMPERATURE (F)   98       112      1908
 MINIMUM TEMPERATURE (F)   71        48      1914


SUNRISE AND SUNSET
JULY 30 2015..........SUNRISE   603 AM PDT   SUNSET   802 PM PDT
JULY 31 2015..........SUNRISE   604 AM PDT   SUNSET   801 PM PDT


-  INDICATES NEGATIVE NUMBERS.
R  INDICATES RECORD WAS SET OR TIED.
MM INDICATES DATA IS MISSING.
T  INDICATES TRACE AMOUNT.




$$
