000
CDUS46 KHNX 210022
CLIBFL


CLIMATE REPORT
NATIONAL WEATHER SERVICE SAN JOAQUIN VALLEY, CA
521 PM PDT SAT SEP 20 2014


...................................

...THE BAKERSFIELD CLIMATE SUMMARY FOR SEPTEMBER 20 2014...
VALID AS OF 0500 PM LOCAL TIME.

CLIMATE NORMAL PERIOD 1981 TO 2010
CLIMATE RECORD PERIOD 1889 TO 2014


WEATHER ITEM   OBSERVED TIME   RECORD YEAR NORMAL DEPARTURE LAST
                VALUE   (LST)  VALUE       VALUE  FROM      YEAR
                                                  NORMAL
..................................................................
TEMPERATURE (F)
 TODAY
  MAXIMUM         91    358 PM 104    1899  89      2       95
  MINIMUM         68    602 AM  38    1908  63      5       63
  AVERAGE         80                        76      4       79

PRECIPITATION (IN)
  TODAY            0.00          0.16 1939   0.00   0.00     0.00
  MONTH TO DATE    0.01                      0.04  -0.03      T
  SINCE JUL 1      0.01                      0.08  -0.07      T
  SINCE JAN 1      1.35                      4.47  -3.12     2.36

SNOWFALL (IN)
  TODAY            0.0
  MONTH TO DATE    0.0
  SINCE SEP 1      0.0
  SINCE JUL 1      0.0
  SNOW DEPTH       0

DEGREE DAYS
 HEATING
  TODAY            0                         0      0        0
  MONTH TO DATE    0                         0      0        0
  SINCE SEP 1      0                         0      0        0
  SINCE JUL 1      0                         0      0        0

 COOLING
  TODAY           15                        11      4       14
  MONTH TO DATE  385                       265    120      326
  SINCE SEP 1    385                       265    120      326
  SINCE JAN 1   2666                      2033    633     2440
..................................................................


WIND (MPH)
  HIGHEST WIND SPEED    14   HIGHEST WIND DIRECTION    NW (300)
  HIGHEST GUST SPEED    18   HIGHEST GUST DIRECTION    NW (310)
  AVERAGE WIND SPEED     5.6




RELATIVE HUMIDITY (PERCENT)
 HIGHEST    63
 LOWEST     27
 AVERAGE    45

..........................................................


THE BAKERSFIELD CLIMATE NORMALS FOR TOMORROW
                         NORMAL    RECORD    YEAR
 MAXIMUM TEMPERATURE (F)   89       105      2003
 MINIMUM TEMPERATURE (F)   63        37      1908


SUNRISE AND SUNSET
SEPTEMBER 20 2014.....SUNRISE   643 AM PDT   SUNSET   656 PM PDT
SEPTEMBER 21 2014.....SUNRISE   643 AM PDT   SUNSET   654 PM PDT


-  INDICATES NEGATIVE NUMBERS.
R  INDICATES RECORD WAS SET OR TIED.
MM INDICATES DATA IS MISSING.
T  INDICATES TRACE AMOUNT.




$$
