000
CDUS46 KHNX 210025
CLIBFL


CLIMATE REPORT
NATIONAL WEATHER SERVICE SAN JOAQUIN VALLEY, CA
425 PM PST MON FEB 20 2017


...................................

...THE BAKERSFIELD CLIMATE SUMMARY FOR FEBRUARY 20 2017...
VALID AS OF 0400 PM LOCAL TIME.

CLIMATE NORMAL PERIOD 1981 TO 2010
CLIMATE RECORD PERIOD 1889 TO 2017


WEATHER ITEM   OBSERVED TIME   RECORD YEAR NORMAL DEPARTURE LAST
                VALUE   (LST)  VALUE       VALUE  FROM      YEAR
                                                  NORMAL
..................................................................
TEMPERATURE (F)
 TODAY
  MAXIMUM         73   1251 PM  81    1977  64      9       62
  MINIMUM         53    127 AM  26    1906  43     10       40
  AVERAGE         63                        54      9       51

PRECIPITATION (IN)
  TODAY            0.04          0.88 1996   0.05  -0.01     0.00
  MONTH TO DATE    1.46                      0.89   0.57     0.18
  SINCE OCT 1      7.25                      4.01   3.24     3.46
  SINCE JAN 1      4.22                      2.05   2.17     2.13

SNOWFALL (IN)
  TODAY            0.0
  MONTH TO DATE    0.0
  SINCE DEC 1      0.0
  SINCE JUL 1      0.0
  SNOW DEPTH       0

DEGREE DAYS
 HEATING
  TODAY            2                        11     -9       14
  MONTH TO DATE  123                       265   -142      202
  SINCE DEC 1   1038                      1333   -295     1127
  SINCE JUL 1   1243                      1691   -448     1470

 COOLING
  TODAY            0                         0      0        0
  MONTH TO DATE    0                         0      0        0
  SINCE DEC 1      2                         0      2        0
  SINCE JAN 1      2                         0      2        0
..................................................................


WIND (MPH)
  HIGHEST WIND SPEED    17   HIGHEST WIND DIRECTION     N (340)
  HIGHEST GUST SPEED    21   HIGHEST GUST DIRECTION     N (340)
  AVERAGE WIND SPEED     5.2




RELATIVE HUMIDITY (PERCENT)
 HIGHEST    93
 LOWEST     44
 AVERAGE    69

..........................................................


THE BAKERSFIELD CLIMATE NORMALS FOR TOMORROW
                         NORMAL    RECORD    YEAR
 MAXIMUM TEMPERATURE (F)   65        82      1991
 MINIMUM TEMPERATURE (F)   44        27      1893


SUNRISE AND SUNSET
FEBRUARY 20 2017......SUNRISE   637 AM PST   SUNSET   544 PM PST
FEBRUARY 21 2017......SUNRISE   635 AM PST   SUNSET   545 PM PST


-  INDICATES NEGATIVE NUMBERS.
R  INDICATES RECORD WAS SET OR TIED.
MM INDICATES DATA IS MISSING.
T  INDICATES TRACE AMOUNT.




$$
