000
CDUS46 KHNX 240022
CLIBFL


CLIMATE REPORT
NATIONAL WEATHER SERVICE SAN JOAQUIN VALLEY, CA
421 PM PST SUN NOV 23 2014


...................................

...THE BAKERSFIELD CLIMATE SUMMARY FOR NOVEMBER 23 2014...
VALID AS OF 0400 PM LOCAL TIME.

CLIMATE NORMAL PERIOD 1981 TO 2010
CLIMATE RECORD PERIOD 1889 TO 2014


WEATHER ITEM   OBSERVED TIME   RECORD YEAR NORMAL DEPARTURE LAST
                VALUE   (LST)  VALUE       VALUE  FROM      YEAR
                                                  NORMAL
..................................................................
TEMPERATURE (F)
 TODAY
  MAXIMUM         62    321 PM  81    1907  63     -1       64
  MINIMUM         52    658 AM  22    1931  42     10       48
  AVERAGE         57                        52      5       56

PRECIPITATION (IN)
  TODAY            0.00          0.72 1946   0.02  -0.02      T
  MONTH TO DATE    0.01                      0.47  -0.46     0.94
  SINCE JUL 1      0.66                      0.89  -0.23     0.97
  SINCE JAN 1      2.00                      5.28  -3.28     3.33

SNOWFALL (IN)
  TODAY            0.0
  MONTH TO DATE    0.0
  SINCE SEP 1      0.0
  SINCE JUL 1      0.0
  SNOW DEPTH       0

DEGREE DAYS
 HEATING
  TODAY            8                        13     -5        9
  MONTH TO DATE  116                       203    -87      144
  SINCE SEP 1    126                       261   -135      188
  SINCE JUL 1    126                       261   -135      188

 COOLING
  TODAY            0                         0      0        0
  MONTH TO DATE    4                         3      1        0
  SINCE SEP 1    702                       489    213      443
  SINCE JAN 1   2983                      2257    726     2557
..................................................................


WIND (MPH)
  HIGHEST WIND SPEED    14   HIGHEST WIND DIRECTION     W (280)
  HIGHEST GUST SPEED    18   HIGHEST GUST DIRECTION     S (190)
  AVERAGE WIND SPEED     4.9




RELATIVE HUMIDITY (PERCENT)
 HIGHEST    83
 LOWEST     51
 AVERAGE    67

..........................................................


THE BAKERSFIELD CLIMATE NORMALS FOR TOMORROW
                         NORMAL    RECORD    YEAR
 MAXIMUM TEMPERATURE (F)   62        87      1917
 MINIMUM TEMPERATURE (F)   42        22      1931


SUNRISE AND SUNSET
NOVEMBER 23 2014......SUNRISE   639 AM PST   SUNSET   446 PM PST
NOVEMBER 24 2014......SUNRISE   640 AM PST   SUNSET   445 PM PST


-  INDICATES NEGATIVE NUMBERS.
R  INDICATES RECORD WAS SET OR TIED.
MM INDICATES DATA IS MISSING.
T  INDICATES TRACE AMOUNT.




$$
