000
CDUS44 KAMA 180630
CLIBGD


CLIMATE REPORT
NATIONAL WEATHER SERVICE AMARILLO TX
130 AM CDT FRI APR 18 2014


...THE BORGER CLIMATE SUMMARY FOR APRIL 17 2014...

CLIMATE NORMAL PERIOD 1981 TO 2013
CLIMATE RECORD PERIOD 1949 TO 2014


WEATHER ITEM   OBSERVED TIME   RECORD YEAR NORMAL DEPARTURE LAST
                VALUE   (LST)  VALUE       VALUE  FROM      YEAR
                                                  NORMAL
..................................................................
TEMPERATURE (F)
 YESTERDAY
  MAXIMUM         54   1204 AM  93    2006  73    -19       52
  MINIMUM         43   1206 PM  32    1998  45     -2       35
  AVERAGE         49                        59    -10       44

PRECIPITATION (IN)
  YESTERDAY        T             1.63 1988   0.06  -0.06     0.04
  MONTH TO DATE    0.10                      0.95  -0.85     0.05
  SINCE MAR 1      0.17                      2.36  -2.19     0.34
  SINCE JAN 1      0.55                      3.57  -3.02     3.39

SNOWFALL (IN)
  YESTERDAY        0.0           T    1992                   0.0
  MONTH TO DATE    1.1                                        T
  SINCE MAR 1      2.1                                       0.3
  SINCE JUL 1     14.7                                      27.5
  SNOW DEPTH       0

DEGREE DAYS
 HEATING
  YESTERDAY       16                         7      9       21
  MONTH TO DATE  158                       153      5      211
  SINCE MAR 1    660                       637     23      669
  SINCE JUL 1   3738                      3630    108     3391

 COOLING
  YESTERDAY        0                         1     -1        0
  MONTH TO DATE   20                        14      6        7
  SINCE MAR 1     22                        21      1        7
  SINCE JAN 1     22                        21      1        7
..................................................................


WIND (MPH)
  RESULTANT WIND SPEED  11   RESULTANT WIND DIRECTION  NE (60)
  HIGHEST WIND SPEED    26   HIGHEST WIND DIRECTION    NE (60)
  HIGHEST GUST SPEED    37   HIGHEST GUST DIRECTION    NE (60)
  AVERAGE WIND SPEED   11.5


SKY COVER
  AVERAGE SKY COVER 0.7


WEATHER CONDITIONS
 THE FOLLOWING WEATHER WAS RECORDED YESTERDAY.
  LIGHT RAIN


RELATIVE HUMIDITY (PERCENT)
 HIGHEST    76          1200 PM
 LOWEST     38          1200 AM
 AVERAGE    57

..................................................................


THE BORGER CLIMATE NORMALS FOR TODAY
                         NORMAL    RECORD    YEAR
 MAXIMUM TEMPERATURE (F)   73        94      1987
 MINIMUM TEMPERATURE (F)   46        27      1953


SUNRISE AND SUNSET
APRIL 18 2014.........SUNRISE   709 AM CDT   SUNSET   821 PM CDT
APRIL 19 2014.........SUNRISE   708 AM CDT   SUNSET   822 PM CDT


-  INDICATES NEGATIVE NUMBERS.
R  INDICATES RECORD WAS SET OR TIED.
MM INDICATES DATA IS MISSING.
T  INDICATES TRACE AMOUNT.


$$
