298
CDUS44 KAMA 132230
CLIBGD


CLIMATE REPORT
NATIONAL WEATHER SERVICE AMARILLO TX
429 PM CST SAT FEB 13 2016


...................................

...THE BORGER CLIMATE SUMMARY FOR FEBRUARY 13 2016...
VALID TODAY AS OF 0400 PM LOCAL TIME.

CLIMATE NORMAL PERIOD 1981 TO 2010
CLIMATE RECORD PERIOD 1949 TO 2016


WEATHER ITEM   OBSERVED TIME   RECORD YEAR NORMAL DEPARTURE LAST
                VALUE   (LST)  VALUE       VALUE  FROM      YEAR
                                                  NORMAL
..................................................................
TEMPERATURE (F)
 TODAY
  MAXIMUM         69    251 PM  82    1962  54     15       69
  MINIMUM         28    809 AM  12    1949  29     -1       38
  AVERAGE         49                        42      7       54

PRECIPITATION (IN)
  TODAY            0.00          0.30 1968   0.02  -0.02     0.00
  MONTH TO DATE    0.23                      0.33  -0.10      T
  SINCE DEC 1      1.35                      1.69  -0.34     1.37
  SINCE JAN 1      0.51                      0.92  -0.41     1.23

SNOWFALL (IN)
  TODAY            0.0           3.2  1968                   0.0
  MONTH TO DATE    0.0                                        T
  SINCE DEC 1      6.7                                       9.1
  SINCE JUL 1      7.5                                      11.0
  SNOW DEPTH       0

DEGREE DAYS
 HEATING
  TODAY           16                        23     -7       11
  MONTH TO DATE  285                       314    -29      218
  SINCE DEC 1   1726                      1949   -223     1754
  SINCE JUL 1   2298                      2666   -368     2439

 COOLING
  TODAY            0                         0      0        0
  MONTH TO DATE    0                         0      0        0
  SINCE DEC 1      0                         0      0        0
  SINCE JAN 1      0                         0      0        0
..................................................................


WIND (MPH)
  RESULTANT WIND SPEED   8   RESULTANT WIND DIRECTION   S (180)
  HIGHEST WIND SPEED    25   HIGHEST WIND DIRECTION    SW (210)
  HIGHEST GUST SPEED    36   HIGHEST GUST DIRECTION     S (200)
  AVERAGE WIND SPEED     9.6


SKY COVER
  AVERAGE SKY COVER 0.0


WEATHER CONDITIONS
 THE FOLLOWING WEATHER WAS RECORDED TODAY.
  NO SIGNIFICANT WEATHER WAS OBSERVED.


RELATIVE HUMIDITY (PERCENT)
 HIGHEST    92           600 AM
 LOWEST     25           400 PM
 AVERAGE    59

..........................................................


THE BORGER CLIMATE NORMALS FOR TOMORROW
                         NORMAL    RECORD    YEAR
 MAXIMUM TEMPERATURE (F)   55        85      1979
 MINIMUM TEMPERATURE (F)   29         5      1966


SUNRISE AND SUNSET
FEBRUARY 13 2016......SUNRISE   735 AM CST   SUNSET   625 PM CST
FEBRUARY 14 2016......SUNRISE   734 AM CST   SUNSET   626 PM CST


-  INDICATES NEGATIVE NUMBERS.
R  INDICATES RECORD WAS SET OR TIED.
MM INDICATES DATA IS MISSING.
T  INDICATES TRACE AMOUNT.




$$
