000
CDUS44 KAMA 232132
CLIBGD


CLIMATE REPORT
NATIONAL WEATHER SERVICE AMARILLO TX
431 PM CDT SAT SEP 23 2017


...................................

...THE BORGER CLIMATE SUMMARY FOR SEPTEMBER 23 2017...
VALID TODAY AS OF 0400 PM LOCAL TIME.

CLIMATE NORMAL PERIOD 1981 TO 2010
CLIMATE RECORD PERIOD 1949 TO 2017


WEATHER ITEM   OBSERVED TIME   RECORD YEAR NORMAL DEPARTURE LAST
                VALUE   (LST)  VALUE       VALUE  FROM      YEAR
                                                  NORMAL
..................................................................
TEMPERATURE (F)
 TODAY
  MAXIMUM         85    259 PM  96    2012  81      4       88
  MINIMUM         69    729 AM  39    1989  57     12       64
  AVERAGE         77                        69      8       76

PRECIPITATION (IN)
  TODAY            0.00          2.02 1960   0.08  -0.08     0.00
  MONTH TO DATE    0.55                      1.87  -1.32     1.02
  SINCE SEP 1      0.55                      1.87  -1.32     1.02
  SINCE JAN 1     21.55                     17.88   3.67    15.36

SNOWFALL (IN)
  TODAY            0.0           0.0  2013                   0.0
                                      2012
                                      2011
  MONTH TO DATE    0.0                                       0.0
  SINCE SEP 1      0.0                                       0.0
  SINCE JUL 1      0.0                                       0.0
  SNOW DEPTH       0

DEGREE DAYS
 HEATING
  TODAY            0                         1     -1        0
  MONTH TO DATE    0                         9     -9        0
  SINCE SEP 1      0                         9     -9        0
  SINCE JUL 1      0                        10    -10        0

 COOLING
  TODAY           12                         6      6       11
  MONTH TO DATE  258                       202     56      267
  SINCE SEP 1    258                       202     56      267
  SINCE JAN 1   1921                      1752    169     1985
..................................................................


WIND (MPH)
  RESULTANT WIND SPEED  14   RESULTANT WIND DIRECTION   S (170)
  HIGHEST WIND SPEED    25   HIGHEST WIND DIRECTION     S (170)
  HIGHEST GUST SPEED    35   HIGHEST GUST DIRECTION     S (160)
  AVERAGE WIND SPEED    14.1


SKY COVER
  AVERAGE SKY COVER 0.3


WEATHER CONDITIONS
 THE FOLLOWING WEATHER WAS RECORDED TODAY.
  NO SIGNIFICANT WEATHER WAS OBSERVED.


RELATIVE HUMIDITY (PERCENT)
 HIGHEST    84           700 AM
 LOWEST     44           300 PM
 AVERAGE    64

..........................................................


THE BORGER CLIMATE NORMALS FOR TOMORROW
                         NORMAL    RECORD    YEAR
 MAXIMUM TEMPERATURE (F)   81        97      1998
 MINIMUM TEMPERATURE (F)   57        37      1994


SUNRISE AND SUNSET
SEPTEMBER 23 2017.....SUNRISE   735 AM CDT   SUNSET   740 PM CDT
SEPTEMBER 24 2017.....SUNRISE   735 AM CDT   SUNSET   739 PM CDT


-  INDICATES NEGATIVE NUMBERS.
R  INDICATES RECORD WAS SET OR TIED.
MM INDICATES DATA IS MISSING.
T  INDICATES TRACE AMOUNT.




$$
