000
CDUS44 KAMA 060817
CLIBGD


CLIMATE REPORT
NATIONAL WEATHER SERVICE AMARILLO TX
316 AM CDT FRI MAY 6 2016


...................................

...THE BORGER CLIMATE SUMMARY FOR MAY 5 2016...

CLIMATE NORMAL PERIOD 1981 TO 2010
CLIMATE RECORD PERIOD 1949 TO 2016


WEATHER ITEM   OBSERVED TIME   RECORD YEAR NORMAL DEPARTURE LAST
                VALUE   (LST)  VALUE       VALUE  FROM      YEAR
                                                  NORMAL
..................................................................
TEMPERATURE (F)
 YESTERDAY
  MAXIMUM         89    332 PM  99    2014  78     11       73
  MINIMUM         51    617 AM  36    1991  51      0       57
  AVERAGE         70                        64      6       65

PRECIPITATION (IN)
  YESTERDAY        0.00          1.38 1967   0.05  -0.05     1.25
  MONTH TO DATE    0.05                      0.24  -0.19     1.78
  SINCE MAR 1      3.58                      3.19   0.39     6.45
  SINCE JAN 1      4.30                      4.40  -0.10     8.30

SNOWFALL (IN)
  YESTERDAY        0.0           T    1982                   0.0
  MONTH TO DATE    0.0                                       0.0
  SINCE MAR 1      0.0                                        T
  SINCE JUL 1      6.2                                      17.5
  SNOW DEPTH       0

DEGREE DAYS
 HEATING
  YESTERDAY        0                         3     -3        0
  MONTH TO DATE   45                        19     26        0
  SINCE MAR 1    492                       729   -237      501
  SINCE JUL 1   2987                      3722   -735     3373

 COOLING
  YESTERDAY        5                         3      2        0
  MONTH TO DATE    5                        14     -9       26
  SINCE MAR 1     50                        58     -8       82
  SINCE JAN 1     56                        58     -2       82
..................................................................


WIND (MPH)
  RESULTANT WIND SPEED   8   RESULTANT WIND DIRECTION   S (160)
  HIGHEST WIND SPEED    22   HIGHEST WIND DIRECTION    SE (150)
  HIGHEST GUST SPEED    32   HIGHEST GUST DIRECTION    SE (150)
  AVERAGE WIND SPEED     9.2


SKY COVER
  AVERAGE SKY COVER 0.0


WEATHER CONDITIONS
 THE FOLLOWING WEATHER WAS RECORDED YESTERDAY.
  NO SIGNIFICANT WEATHER WAS OBSERVED.


RELATIVE HUMIDITY (PERCENT)
 HIGHEST    68           500 AM
 LOWEST     16           300 PM
 AVERAGE    42

..........................................................


THE BORGER CLIMATE NORMALS FOR TODAY
                         NORMAL    RECORD    YEAR
 MAXIMUM TEMPERATURE (F)   78        98      2000
 MINIMUM TEMPERATURE (F)   52        38      1953


SUNRISE AND SUNSET
MAY  6 2016...........SUNRISE   648 AM CDT   SUNSET   837 PM CDT
MAY  7 2016...........SUNRISE   647 AM CDT   SUNSET   838 PM CDT


-  INDICATES NEGATIVE NUMBERS.
R  INDICATES RECORD WAS SET OR TIED.
MM INDICATES DATA IS MISSING.
T  INDICATES TRACE AMOUNT.




$$
