000
CDUS44 KAMA 290737
CLIBGD


CLIMATE REPORT
NATIONAL WEATHER SERVICE AMARILLO TX
137 AM CST MON DEC 29 2014


...................................

...THE BORGER CLIMATE SUMMARY FOR DECEMBER 28 2014...

CLIMATE NORMAL PERIOD 1981 TO 2013
CLIMATE RECORD PERIOD 1949 TO 2014


WEATHER ITEM   OBSERVED TIME   RECORD YEAR NORMAL DEPARTURE LAST
                VALUE   (LST)  VALUE       VALUE  FROM      YEAR
                                                  NORMAL
..................................................................
TEMPERATURE (F)
 YESTERDAY
  MAXIMUM         48    502 PM  74    1964  49     -1       60
  MINIMUM         17    849 AM  10    1983  25     -8       33
  AVERAGE         33                        37     -4       47

PRECIPITATION (IN)
  YESTERDAY        0.00          0.24 1983   0.03  -0.03     0.00
  MONTH TO DATE    0.13                      0.66  -0.53     0.27
  SINCE DEC 1      0.13                      0.66  -0.53     0.27
  SINCE JAN 1     10.77                     21.61 -10.84    15.20

SNOWFALL (IN)
  YESTERDAY        0.0          MM      MM                   0.0
  MONTH TO DATE    T                                         3.4
  SINCE DEC 1      T                                         3.4
  SINCE JUL 1      1.9                                       7.2
  SNOW DEPTH       0

DEGREE DAYS
 HEATING
  YESTERDAY       32                        28      4       18
  MONTH TO DATE  595                       738   -143      761
  SINCE DEC 1    595                       738   -143      761
  SINCE JUL 1   1280                      1455   -175     1475

 COOLING
  YESTERDAY        0                         0      0        0
  MONTH TO DATE    0                         0      0        0
  SINCE DEC 1      0                         0      0        0
  SINCE JAN 1   2053                      1839    214     2220
..................................................................


WIND (MPH)
  RESULTANT WIND SPEED   4   RESULTANT WIND DIRECTION  SW (210)
  HIGHEST WIND SPEED    13   HIGHEST WIND DIRECTION    SW (240)
  HIGHEST GUST SPEED    19   HIGHEST GUST DIRECTION    SW (220)
  AVERAGE WIND SPEED     5.8


SKY COVER
  AVERAGE SKY COVER 0.0


WEATHER CONDITIONS
 THE FOLLOWING WEATHER WAS RECORDED YESTERDAY.
  NO SIGNIFICANT WEATHER WAS OBSERVED.


RELATIVE HUMIDITY (PERCENT)
 HIGHEST    80           900 AM
 LOWEST     25           300 PM
 AVERAGE    53

..........................................................


THE BORGER CLIMATE NORMALS FOR TODAY
                         NORMAL    RECORD    YEAR
 MAXIMUM TEMPERATURE (F)   49        74      1965
 MINIMUM TEMPERATURE (F)   25        -7      1983


SUNRISE AND SUNSET
DECEMBER 29 2014......SUNRISE   755 AM CST   SUNSET   541 PM CST
DECEMBER 30 2014......SUNRISE   755 AM CST   SUNSET   542 PM CST


-  INDICATES NEGATIVE NUMBERS.
R  INDICATES RECORD WAS SET OR TIED.
MM INDICATES DATA IS MISSING.
T  INDICATES TRACE AMOUNT.




$$
