000
CDUS44 KAMA 070632
CLIBGD


CLIMATE REPORT
NATIONAL WEATHER SERVICE AMARILLO TX
131 AM CDT TUE JUL 7 2015


...................................

...THE BORGER CLIMATE SUMMARY FOR JULY 6 2015...

CLIMATE NORMAL PERIOD 1981 TO 2013
CLIMATE RECORD PERIOD 1949 TO 2015


WEATHER ITEM   OBSERVED TIME   RECORD YEAR NORMAL DEPARTURE LAST
                VALUE   (LST)  VALUE       VALUE  FROM      YEAR
                                                  NORMAL
..................................................................
TEMPERATURE (F)
 YESTERDAY
  MAXIMUM         90    304 PM 104    1971  94     -4       97
  MINIMUM         67   1159 PM  55    1997  69     -2       75
  AVERAGE         79                        81     -2       86

PRECIPITATION (IN)
  YESTERDAY        0.60          0.97 1960   0.09   0.51     0.00
  MONTH TO DATE    3.43                      0.63   2.80     0.90
  SINCE JUN 1      8.58                      3.80   4.78     2.64
  SINCE JAN 1     24.10                     10.85  13.25     4.76

SNOWFALL (IN)
  YESTERDAY        0.0           0.0  2013                   0.0
                                      2012
                                      2011
  MONTH TO DATE    0.0                                       0.0
  SINCE JUN 1      0.0                                       0.0
  SINCE JUL 1      0.0                                       0.0
  SNOW DEPTH       0

DEGREE DAYS
 HEATING
  YESTERDAY        0                         0      0        0
  MONTH TO DATE    0                         0      0        0
  SINCE JUN 1      0                         3     -3        3
  SINCE JUL 1      0                         0      0        0

 COOLING
  YESTERDAY       14                        16     -2       21
  MONTH TO DATE   93                        95     -2       79
  SINCE JUN 1    506                       453     53      486
  SINCE JAN 1    630                       650    -20      800
..................................................................


WIND (MPH)
  RESULTANT WIND SPEED   1   RESULTANT WIND DIRECTION   N (340)
  HIGHEST WIND SPEED    29   HIGHEST WIND DIRECTION     N (10)
  HIGHEST GUST SPEED    36   HIGHEST GUST DIRECTION     N (10)
  AVERAGE WIND SPEED    13.1


SKY COVER
  AVERAGE SKY COVER 0.2


WEATHER CONDITIONS
 THE FOLLOWING WEATHER WAS RECORDED YESTERDAY.
  THUNDERSTORM
  HEAVY RAIN
  RAIN
  LIGHT RAIN
  FOG


RELATIVE HUMIDITY (PERCENT)
 HIGHEST    87          1100 PM
 LOWEST     44           100 PM
 AVERAGE    66

..........................................................


THE BORGER CLIMATE NORMALS FOR TODAY
                         NORMAL    RECORD    YEAR
 MAXIMUM TEMPERATURE (F)   94       104      1970
 MINIMUM TEMPERATURE (F)   69        57      1952


SUNRISE AND SUNSET
JULY  7 2015..........SUNRISE   636 AM CDT   SUNSET   905 PM CDT
JULY  8 2015..........SUNRISE   637 AM CDT   SUNSET   904 PM CDT


-  INDICATES NEGATIVE NUMBERS.
R  INDICATES RECORD WAS SET OR TIED.
MM INDICATES DATA IS MISSING.
T  INDICATES TRACE AMOUNT.




$$
