000
CDUS44 KAMA 102229
CLIBGD


CLIMATE REPORT
NATIONAL WEATHER SERVICE AMARILLO TX
428 PM CST SAT DEC 10 2016


...................................

...THE BORGER CLIMATE SUMMARY FOR DECEMBER 10 2016...
VALID TODAY AS OF 0430 PM LOCAL TIME.

CLIMATE NORMAL PERIOD 1981 TO 2010
CLIMATE RECORD PERIOD 1949 TO 2016


WEATHER ITEM   OBSERVED TIME   RECORD YEAR NORMAL DEPARTURE LAST
                VALUE   (LST)  VALUE       VALUE  FROM      YEAR
                                                  NORMAL
..................................................................
TEMPERATURE (F)
 TODAY
  MAXIMUM         72    311 PM  73    1981  51     21       67
  MINIMUM         26    733 AM   5    1972  28     -2       47
  AVERAGE         49                        39     10       57

PRECIPITATION (IN)
  TODAY            0.00          0.48 1964   0.02  -0.02     0.00
  MONTH TO DATE    0.11                      0.18  -0.07     0.00
  SINCE DEC 1      0.11                      0.18  -0.07     0.00
  SINCE JAN 1     15.67                     21.13  -5.46    42.00

SNOWFALL (IN)
  TODAY            0.0          MM      MM                   0.0
  MONTH TO DATE    0.0                                       0.0
  SINCE DEC 1      0.0                                       0.0
  SINCE JUL 1      0.0                                       0.8
  SNOW DEPTH       0

DEGREE DAYS
 HEATING
  TODAY           16                        26    -10        8
  MONTH TO DATE  276                       245     31      161
  SINCE DEC 1    276                       245     31      161
  SINCE JUL 1    649                       962   -313      733

 COOLING
  TODAY            0                         0      0        0
  MONTH TO DATE    0                         0      0        0
  SINCE DEC 1      0                         0      0        0
  SINCE JAN 1   2180                      1839    341     1960
..................................................................


WIND (MPH)
  RESULTANT WIND SPEED  12   RESULTANT WIND DIRECTION   S (190)
  HIGHEST WIND SPEED    28   HIGHEST WIND DIRECTION     S (200)
  HIGHEST GUST SPEED    35   HIGHEST GUST DIRECTION     S (200)
  AVERAGE WIND SPEED    12.5


SKY COVER
  AVERAGE SKY COVER 0.0


WEATHER CONDITIONS
 THE FOLLOWING WEATHER WAS RECORDED TODAY.
  NO SIGNIFICANT WEATHER WAS OBSERVED.


RELATIVE HUMIDITY (PERCENT)
 HIGHEST    92           800 AM
 LOWEST     22           300 PM
 AVERAGE    57

..........................................................


THE BORGER CLIMATE NORMALS FOR TOMORROW
                         NORMAL    RECORD    YEAR
 MAXIMUM TEMPERATURE (F)   51        75      2015
 MINIMUM TEMPERATURE (F)   27         8      1972


SUNRISE AND SUNSET
DECEMBER 10 2016......SUNRISE   745 AM CST   SUNSET   532 PM CST
DECEMBER 11 2016......SUNRISE   746 AM CST   SUNSET   533 PM CST


-  INDICATES NEGATIVE NUMBERS.
R  INDICATES RECORD WAS SET OR TIED.
MM INDICATES DATA IS MISSING.
T  INDICATES TRACE AMOUNT.




$$
