000
CDUS44 KAMA 022143
CLIBGD


CLIMATE REPORT
NATIONAL WEATHER SERVICE AMARILLO TX
441 PM CDT TUE JUN 2 2015


...................................

...THE BORGER CLIMATE SUMMARY FOR JUNE 2 2015...
VALID TODAY AS OF 0400 PM LOCAL TIME.

CLIMATE NORMAL PERIOD 1981 TO 2013
CLIMATE RECORD PERIOD 1949 TO 2015


WEATHER ITEM   OBSERVED TIME   RECORD YEAR NORMAL DEPARTURE LAST
                VALUE   (LST)  VALUE       VALUE  FROM      YEAR
                                                  NORMAL
..................................................................
TEMPERATURE (F)
 TODAY
  MAXIMUM         91    335 PM 107    2008  86      5       89
  MINIMUM         63    602 AM  45    1951  61      2       68
  AVERAGE         77                        73      4       79

PRECIPITATION (IN)
  TODAY            0.00          2.04 1978   0.10  -0.10     0.00
  MONTH TO DATE    0.03                      0.20  -0.17     0.00
  SINCE JUN 1      0.03                      0.20  -0.17     0.00
  SINCE JAN 1     15.55                      7.25   8.30     2.12

SNOWFALL (IN)
  TODAY            0.0           0.0  2013                   0.0
                                      2012
                                      2011
  MONTH TO DATE    0.0                                       0.0
  SINCE JUN 1      0.0                                       0.0
  SINCE JUL 1     17.5                                      14.7
  SNOW DEPTH       0

DEGREE DAYS
 HEATING
  TODAY            0                         0      0        0
  MONTH TO DATE    0                         0      0        0
  SINCE JUN 1      0                         0      0        0
  SINCE JUL 1   3452                      3763   -311     3838

 COOLING
  TODAY           12                         9      3       14
  MONTH TO DATE   23                        17      6       33
  SINCE JUN 1     23                        17      6       33
  SINCE JAN 1    147                       214    -67      347
..................................................................


WIND (MPH)
  RESULTANT WIND SPEED  10   RESULTANT WIND DIRECTION   S (190)
  HIGHEST WIND SPEED    22   HIGHEST WIND DIRECTION     S (190)
  HIGHEST GUST SPEED    31   HIGHEST GUST DIRECTION     S (180)
  AVERAGE WIND SPEED    10.8


SKY COVER
  AVERAGE SKY COVER 0.0


WEATHER CONDITIONS
 THE FOLLOWING WEATHER WAS RECORDED TODAY.
  NO SIGNIFICANT WEATHER WAS OBSERVED.


RELATIVE HUMIDITY (PERCENT)
 HIGHEST    84           600 AM
 LOWEST     34           300 PM
 AVERAGE    59

..........................................................


THE BORGER CLIMATE NORMALS FOR TOMORROW
                         NORMAL    RECORD    YEAR
 MAXIMUM TEMPERATURE (F)   86       101      2008
 MINIMUM TEMPERATURE (F)   61        46      1954


SUNRISE AND SUNSET
JUNE  2 2015..........SUNRISE   631 AM CDT   SUNSET   857 PM CDT
JUNE  3 2015..........SUNRISE   630 AM CDT   SUNSET   857 PM CDT


-  INDICATES NEGATIVE NUMBERS.
R  INDICATES RECORD WAS SET OR TIED.
MM INDICATES DATA IS MISSING.
T  INDICATES TRACE AMOUNT.




$$
