000
CDUS44 KAMA 312133
CLIBGD


CLIMATE REPORT
NATIONAL WEATHER SERVICE AMARILLO TX
432 PM CDT MON AUG 31 2015


...................................

...THE BORGER CLIMATE SUMMARY FOR AUGUST 31 2015...
VALID TODAY AS OF 0400 PM LOCAL TIME.

CLIMATE NORMAL PERIOD 1981 TO 2010
CLIMATE RECORD PERIOD 1949 TO 2015


WEATHER ITEM   OBSERVED TIME   RECORD YEAR NORMAL DEPARTURE LAST
                VALUE   (LST)  VALUE       VALUE  FROM      YEAR
                                                  NORMAL
..................................................................
TEMPERATURE (F)
 TODAY
  MAXIMUM         93    254 PM 106    2014  89      4      106
  MINIMUM         66    430 AM  54    1993  65      1       74
  AVERAGE         80                        77      3       90

PRECIPITATION (IN)
  TODAY            0.00          0.74 1992   0.09  -0.09     0.00
  MONTH TO DATE    5.77                      3.17   2.60     0.71
  SINCE JUN 1     19.44                      8.96  10.48     5.62
  SINCE JAN 1     34.96                     16.01  18.95     7.74

SNOWFALL (IN)
  TODAY            0.0           0.0  2013                   0.0
                                      2012
                                      2011
  MONTH TO DATE    0.0                                       0.0
  SINCE JUN 1      0.0                                       0.0
  SINCE JUL 1      0.0                                       0.0
  SNOW DEPTH       0

DEGREE DAYS
 HEATING
  TODAY            0                         0      0        0
  MONTH TO DATE    0                         0      0        0
  SINCE JUN 1      0                         4     -4        4
  SINCE JUL 1      0                         1     -1        1

 COOLING
  TODAY           15                        12      3       25
  MONTH TO DATE  458                       469    -11      543
  SINCE JUN 1   1374                      1353     21     1420
  SINCE JAN 1   1498                      1550    -52     1734
..................................................................


WIND (MPH)
  RESULTANT WIND SPEED  10   RESULTANT WIND DIRECTION   S (200)
  HIGHEST WIND SPEED    24   HIGHEST WIND DIRECTION     S (190)
  HIGHEST GUST SPEED    31   HIGHEST GUST DIRECTION     S (180)
  AVERAGE WIND SPEED    10.9


SKY COVER
  AVERAGE SKY COVER 0.0


WEATHER CONDITIONS
 THE FOLLOWING WEATHER WAS RECORDED TODAY.
  NO SIGNIFICANT WEATHER WAS OBSERVED.


RELATIVE HUMIDITY (PERCENT)
 HIGHEST    63           600 AM
 LOWEST     23           100 PM
 AVERAGE    43

..........................................................


THE BORGER CLIMATE NORMALS FOR TOMORROW
                         NORMAL    RECORD    YEAR
 MAXIMUM TEMPERATURE (F)   89       100      2000
                                             1982
 MINIMUM TEMPERATURE (F)   65        52      1993


SUNRISE AND SUNSET
AUGUST 31 2015........SUNRISE   717 AM CDT   SUNSET   815 PM CDT
SEPTEMBER  1 2015.....SUNRISE   717 AM CDT   SUNSET   813 PM CDT


-  INDICATES NEGATIVE NUMBERS.
R  INDICATES RECORD WAS SET OR TIED.
MM INDICATES DATA IS MISSING.
T  INDICATES TRACE AMOUNT.




$$
