000
CDUS41 KBGM 230215
CLIBGM


CLIMATE REPORT
NATIONAL WEATHER SERVICE BINGHAMTON NY
1015 PM EDT SUN OCT 22 2017


...................................

...THE BINGHAMTON NY CLIMATE SUMMARY FOR OCTOBER 22 2017...
VALID AS OF 1000 PM LOCAL TIME.

CLIMATE NORMAL PERIOD 1981 TO 2010
CLIMATE RECORD PERIOD 1951 TO 2017


WEATHER ITEM   OBSERVED TIME   RECORD YEAR NORMAL DEPARTURE LAST
                VALUE   (LST)  VALUE       VALUE  FROM      YEAR
                                                  NORMAL
..................................................................
TEMPERATURE (F)
 TODAY
  MAXIMUM         71    200 PM  81    1979  55     16       42
  MINIMUM         48    551 AM  26    1969  38     10       37
  AVERAGE         60                        46     14       40

PRECIPITATION (IN)
  TODAY            0.00          1.34 1988   0.10  -0.10     0.18
  MONTH TO DATE    1.55                      2.39  -0.84     4.29
  SINCE SEP 1      2.81                      6.02  -3.21     5.32
  SINCE JAN 1     42.55                     32.23  10.32    28.87

SNOWFALL (IN)
  TODAY            0.0           4.7  1988   0.0    0.0      0.0
  MONTH TO DATE    0.0                       0.4   -0.4      0.0
  SINCE SEP 1      0.0                       0.4   -0.4      0.0
  SINCE JUL 1      0.0                       0.4   -0.4      0.0
  SNOW DEPTH       0

DEGREE DAYS
 HEATING
  TODAY            5                        19    -14       25
  MONTH TO DATE  175                       334   -159      261
  SINCE SEP 1    330                       528   -198      375
  SINCE JUL 1    411                       591   -180      384

 COOLING
  TODAY            0                         0      0        0
  MONTH TO DATE    9                         0      9        4
  SINCE SEP 1     78                        31     47       52
  SINCE JAN 1    349                       379    -30      563
..................................................................


WIND (MPH)
  HIGHEST WIND SPEED    13   HIGHEST WIND DIRECTION     S (170)
  HIGHEST GUST SPEED    20   HIGHEST GUST DIRECTION     S (160)
  AVERAGE WIND SPEED     7.2


SKY COVER
  AVERAGE SKY COVER 0.0


WEATHER CONDITIONS
 THE FOLLOWING WEATHER WAS RECORDED TODAY.
  NO SIGNIFICANT WEATHER WAS OBSERVED.


RELATIVE HUMIDITY (PERCENT)
 HIGHEST    71           600 AM
 LOWEST     40           100 PM
 AVERAGE    56

..........................................................


THE BINGHAMTON NY CLIMATE NORMALS FOR TOMORROW
                         NORMAL    RECORD    YEAR
 MAXIMUM TEMPERATURE (F)   54        73      1975
 MINIMUM TEMPERATURE (F)   38        21      1969


SUNRISE AND SUNSET
OCTOBER 22 2017.......SUNRISE   725 AM EDT   SUNSET   611 PM EDT
OCTOBER 23 2017.......SUNRISE   726 AM EDT   SUNSET   609 PM EDT


-  INDICATES NEGATIVE NUMBERS.
R  INDICATES RECORD WAS SET OR TIED.
MM INDICATES DATA IS MISSING.
T  INDICATES TRACE AMOUNT.




$$
