000
CDUS41 KCAR 280527
CLIBGR


CLIMATE REPORT
NATIONAL WEATHER SERVICE CARIBOU, ME
127 AM EDT THU MAY 28 2015


...................................

...THE BANGOR ME CLIMATE SUMMARY FOR MAY 27 2015...

CLIMATE NORMAL PERIOD 1981 TO 2010
CLIMATE RECORD PERIOD 1925 TO 2015


WEATHER ITEM   OBSERVED TIME   RECORD YEAR NORMAL DEPARTURE LAST
                VALUE   (LST)  VALUE       VALUE  FROM      YEAR
                                                  NORMAL
..................................................................
TEMPERATURE (F)
 YESTERDAY
  MAXIMUM         80   1233 PM  89    1933  69     11       58
  MINIMUM         57    303 AM  31    1969  46     11       47
                                      1939
  AVERAGE         69                        57     12       53

PRECIPITATION (IN)
  YESTERDAY        0.00          2.00 1961   0.12  -0.12     0.29
  MONTH TO DATE    1.20                      3.15  -1.95     3.26
  SINCE MAR 1      5.04                     10.15  -5.11     9.19
  SINCE JAN 1      9.93                     15.56  -5.63    14.36

SNOWFALL (IN)
  YESTERDAY        0.0           0.0  2002   0.0             0.0
                                      2001
  MONTH TO DATE    0.0                       0.1             0.0
  SINCE MAR 1     21.9                      15.5            16.8
  SINCE JUL 1    139.0                      66.2            80.0
  SNOW DEPTH       0

DEGREE DAYS
 HEATING
  YESTERDAY        0                         8     -8       12
  MONTH TO DATE  244                       326    -82      277
  SINCE MAR 1   2219                      2078    141     2270
  SINCE JUL 1   8109                      7724    385     8022

 COOLING
  YESTERDAY        4                         0      4        0
  MONTH TO DATE   11                         0     11        0
  SINCE MAR 1     11                         0     11        0
  SINCE JAN 1     11                         0     11        0
..................................................................


WIND (MPH)
  RESULTANT WIND SPEED   9   RESULTANT WIND DIRECTION   S (180)
  HIGHEST WIND SPEED    24   HIGHEST WIND DIRECTION     S (180)
  HIGHEST GUST SPEED    30   HIGHEST GUST DIRECTION     S (170)


SKY COVER
  POSSIBLE SUNSHINE  MM
  AVERAGE SKY COVER 0.6


WEATHER CONDITIONS
 THE FOLLOWING WEATHER WAS RECORDED YESTERDAY.
  FOG
  HAZE


RELATIVE HUMIDITY (PERCENT)
 HIGHEST    93
 LOWEST     58
 AVERAGE    76

..........................................................


THE BANGOR ME CLIMATE NORMALS FOR TODAY
                         NORMAL    RECORD    YEAR
 MAXIMUM TEMPERATURE (F)   69        90      1959
 MINIMUM TEMPERATURE (F)   46        33      1994


SUNRISE AND SUNSET
MAY 28 2015...........SUNRISE   455 AM EDT   SUNSET   810 PM EDT
MAY 29 2015...........SUNRISE   455 AM EDT   SUNSET   811 PM EDT


-  INDICATES NEGATIVE NUMBERS.
R  INDICATES RECORD WAS SET OR TIED.
MM INDICATES DATA IS MISSING.
T  INDICATES TRACE AMOUNT.




$$
