000
CDUS41 KCAR 230527
CLIBGR


CLIMATE REPORT
NATIONAL WEATHER SERVICE CARIBOU, ME
127 AM EDT WED APR 23 2014


...................................

...THE BANGOR ME CLIMATE SUMMARY FOR APRIL 22 2014...

CLIMATE NORMAL PERIOD 1981 TO 2010
CLIMATE RECORD PERIOD 1925 TO 2014


WEATHER ITEM   OBSERVED TIME   RECORD YEAR NORMAL DEPARTURE LAST
                VALUE   (LST)  VALUE       VALUE  FROM      YEAR
                                                  NORMAL
..................................................................
TEMPERATURE (F)
 YESTERDAY
  MAXIMUM         66   1227 PM  76    1977  56     10       52
  MINIMUM         38    215 AM  21    2013  35      3       21
  AVERAGE         52                        45      7       37

PRECIPITATION (IN)
  YESTERDAY        0.01          1.51 2000   0.12  -0.11     0.00
  MONTH TO DATE    1.74                      2.67  -0.93     1.59
  SINCE MAR 1      5.39                      6.05  -0.66     3.64
  SINCE JAN 1     10.56                     11.46  -0.90     6.55

SNOWFALL (IN)
  YESTERDAY        0.0           0.4  1963   0.1             0.0
  MONTH TO DATE    1.1                       3.5             1.1
  SINCE MAR 1     16.8                      15.2            14.8
  SINCE JUL 1     80.0                      65.9            74.3
  SNOW DEPTH       0

DEGREE DAYS
 HEATING
  YESTERDAY       13                        20     -7       28
  MONTH TO DATE  524                       531     -7      573
  SINCE MAR 1   1828                      1608    220     1576
  SINCE JUL 1   7580                      7254    326     6953

 COOLING
  YESTERDAY        0                         0      0        0
  MONTH TO DATE    0                         0      0        0
  SINCE MAR 1      0                         0      0        0
  SINCE JAN 1      0                         0      0        0
..................................................................


WIND (MPH)
  RESULTANT WIND SPEED   8   RESULTANT WIND DIRECTION   S (160)
  HIGHEST WIND SPEED    21   HIGHEST WIND DIRECTION     S (170)
  HIGHEST GUST SPEED    26   HIGHEST GUST DIRECTION     S (170)


SKY COVER
  POSSIBLE SUNSHINE  MM
  AVERAGE SKY COVER 0.9


WEATHER CONDITIONS
 THE FOLLOWING WEATHER WAS RECORDED YESTERDAY.
  LIGHT RAIN
  FOG


RELATIVE HUMIDITY (PERCENT)
 HIGHEST    89
 LOWEST     34
 AVERAGE    62

..........................................................


THE BANGOR ME CLIMATE NORMALS FOR TODAY
                         NORMAL    RECORD    YEAR
 MAXIMUM TEMPERATURE (F)   56        83      2007
 MINIMUM TEMPERATURE (F)   35         1      1928


SUNRISE AND SUNSET
APRIL 23 2014.........SUNRISE   538 AM EDT   SUNSET   730 PM EDT
APRIL 24 2014.........SUNRISE   536 AM EDT   SUNSET   732 PM EDT


-  INDICATES NEGATIVE NUMBERS.
R  INDICATES RECORD WAS SET OR TIED.
MM INDICATES DATA IS MISSING.
T  INDICATES TRACE AMOUNT.




$$
