000
CDUS41 KCAR 200530
CLIBGR


CLIMATE REPORT
NATIONAL WEATHER SERVICE CARIBOU, ME
128 AM EDT WED SEP 20 2017


...................................

...THE BANGOR ME CLIMATE SUMMARY FOR SEPTEMBER 19 2017...

CLIMATE NORMAL PERIOD 1981 TO 2010
CLIMATE RECORD PERIOD 1925 TO 2017


WEATHER ITEM   OBSERVED TIME   RECORD YEAR NORMAL DEPARTURE LAST
                VALUE   (LST)  VALUE       VALUE  FROM      YEAR
                                                  NORMAL
..................................................................
TEMPERATURE (F)
 YESTERDAY
  MAXIMUM         74    119 PM  87    1968  69      5       72
  MINIMUM         60    242 AM  28    1943  47     13       63
  AVERAGE         67                        58      9       68

PRECIPITATION (IN)
  YESTERDAY        0.05          1.40 1945   0.13  -0.08     0.05
  MONTH TO DATE    2.69                      2.26   0.43     0.68
  SINCE SEP 1      2.69                      2.26   0.43     0.68
  SINCE JAN 1     28.86                     28.51   0.35    22.67

SNOWFALL (IN)
  YESTERDAY        0.0           0.0  2002   0.0             0.0
                                      2001
  MONTH TO DATE    T                         0.0             0.0
  SINCE SEP 1      T                         0.0             0.0
  SINCE JUL 1      T                         0.0             0.0
  SNOW DEPTH       0

DEGREE DAYS
 HEATING
  YESTERDAY        0                         8     -8        0
  MONTH TO DATE   36                        98    -62       43
  SINCE SEP 1     36                        98    -62       43
  SINCE JUL 1     83                       161    -78       70

 COOLING
  YESTERDAY        2                         0      2        3
  MONTH TO DATE   32                        21     11       51
  SINCE SEP 1     32                        21     11       51
  SINCE JAN 1    314                       315     -1      440
..................................................................


WIND (MPH)
  RESULTANT WIND SPEED   3   RESULTANT WIND DIRECTION   E (90)
  HIGHEST WIND SPEED    12   HIGHEST WIND DIRECTION    SE (120)
  HIGHEST GUST SPEED    13   HIGHEST GUST DIRECTION     E (110)


SKY COVER
  POSSIBLE SUNSHINE  MM
  AVERAGE SKY COVER 0.9


WEATHER CONDITIONS
 THE FOLLOWING WEATHER WAS RECORDED YESTERDAY.
  LIGHT RAIN
  FOG


RELATIVE HUMIDITY (PERCENT)
 HIGHEST   100
 LOWEST     73
 AVERAGE    87

..........................................................


THE BANGOR ME CLIMATE NORMALS FOR TODAY
                         NORMAL    RECORD    YEAR
 MAXIMUM TEMPERATURE (F)   68        88      1948
 MINIMUM TEMPERATURE (F)   46        27      1929


SUNRISE AND SUNSET
SEPTEMBER 20 2017.....SUNRISE   620 AM EDT   SUNSET   636 PM EDT
SEPTEMBER 21 2017.....SUNRISE   621 AM EDT   SUNSET   634 PM EDT


-  INDICATES NEGATIVE NUMBERS.
R  INDICATES RECORD WAS SET OR TIED.
MM INDICATES DATA IS MISSING.
T  INDICATES TRACE AMOUNT.




$$
