000
CDUS41 KCAR 250530
CLIBGR


CLIMATE REPORT
NATIONAL WEATHER SERVICE CARIBOU, ME
1230 AM EST SAT NOV 25 2017


...................................

...THE BANGOR ME CLIMATE SUMMARY FOR NOVEMBER 24 2017...

CLIMATE NORMAL PERIOD 1981 TO 2010
CLIMATE RECORD PERIOD 1925 TO 2017


WEATHER ITEM   OBSERVED TIME   RECORD YEAR NORMAL DEPARTURE LAST
                VALUE   (LST)  VALUE       VALUE  FROM      YEAR
                                                  NORMAL
..................................................................
TEMPERATURE (F)
 YESTERDAY
  MAXIMUM         45    249 PM  65    1931  42      3       36
  MINIMUM         27    658 AM   1    1989  26      1       25
  AVERAGE         36                        34      2       31

PRECIPITATION (IN)
  YESTERDAY        0.00          1.03 1947   0.14  -0.14      T
  MONTH TO DATE    3.02                      3.35  -0.33     2.38
  SINCE SEP 1     11.30                     11.35  -0.05     6.81
  SINCE JAN 1     37.47                     37.60  -0.13    28.80

SNOWFALL (IN)
  YESTERDAY        0.0           5.2  1975   0.2              T
  MONTH TO DATE    T                         1.3              T
  SINCE SEP 1      T                         1.4              T
  SINCE JUL 1      T                         1.4              T
  SNOW DEPTH       0

DEGREE DAYS
 HEATING
  YESTERDAY       29                        31     -2       34
  MONTH TO DATE  665                       646     19      575
  SINCE SEP 1   1027                      1409   -382     1214
  SINCE JUL 1   1074                      1472   -398     1241

 COOLING
  YESTERDAY        0                         0      0        0
  MONTH TO DATE    0                         0      0        0
  SINCE SEP 1     86                        24     62       59
  SINCE JAN 1    368                       318     50      448
..................................................................


WIND (MPH)
  RESULTANT WIND SPEED   5   RESULTANT WIND DIRECTION   S (190)
  HIGHEST WIND SPEED    13   HIGHEST WIND DIRECTION     S (180)
  HIGHEST GUST SPEED    16   HIGHEST GUST DIRECTION     S (190)


SKY COVER
  POSSIBLE SUNSHINE  MM
  AVERAGE SKY COVER 0.6


WEATHER CONDITIONS
 THE FOLLOWING WEATHER WAS RECORDED YESTERDAY.
  NO SIGNIFICANT WEATHER WAS OBSERVED.


RELATIVE HUMIDITY (PERCENT)
 HIGHEST    89
 LOWEST     49
 AVERAGE    69

..........................................................


THE BANGOR ME CLIMATE NORMALS FOR TODAY
                         NORMAL    RECORD    YEAR
 MAXIMUM TEMPERATURE (F)   42        63      1953
 MINIMUM TEMPERATURE (F)   25         4      1939


SUNRISE AND SUNSET
NOVEMBER 25 2017......SUNRISE   646 AM EST   SUNSET   359 PM EST
NOVEMBER 26 2017......SUNRISE   647 AM EST   SUNSET   358 PM EST


-  INDICATES NEGATIVE NUMBERS.
R  INDICATES RECORD WAS SET OR TIED.
MM INDICATES DATA IS MISSING.
T  INDICATES TRACE AMOUNT.




$$
