000
CDUS41 KCAR 310531
CLIBGR


CLIMATE REPORT
NATIONAL WEATHER SERVICE CARIBOU, ME
1231 AM EST SAT JAN 31 2015


...................................

...THE BANGOR ME CLIMATE SUMMARY FOR JANUARY 30 2015...

CLIMATE NORMAL PERIOD 1981 TO 2010
CLIMATE RECORD PERIOD 1925 TO 2015


WEATHER ITEM   OBSERVED TIME   RECORD YEAR NORMAL DEPARTURE LAST
                VALUE   (LST)  VALUE       VALUE  FROM      YEAR
                                                  NORMAL
..................................................................
TEMPERATURE (F)
 YESTERDAY
  MAXIMUM         33    825 PM  52    2013  28      5       25
  MINIMUM          8   1223 AM -16    1948   7      1        6
  AVERAGE         21                        17      4       16

PRECIPITATION (IN)
  YESTERDAY        0.34          1.03 1990   0.09   0.25     0.00
  MONTH TO DATE    2.46                      2.80  -0.34     3.18
  SINCE DEC 1      7.69                      6.28   1.41     6.11
  SINCE JAN 1      2.46                      2.80  -0.34     3.18

SNOWFALL (IN)
  YESTERDAY        5.4          10.8  1990   0.6             0.0
  MONTH TO DATE   36.6                      18.6             8.7
  SINCE DEC 1     43.6                      33.0            37.3
  SINCE JUL 1     69.5                      35.4            38.0
  SNOW DEPTH      21

DEGREE DAYS
 HEATING
  YESTERDAY       44                        48     -4       49
  MONTH TO DATE 1506                      1438     68     1390
  SINCE DEC 1   2617                      2690    -73     2817
  SINCE JUL 1   4201                      4359   -158     4402

 COOLING
  YESTERDAY        0                         0      0        0
  MONTH TO DATE    0                         0      0        0
  SINCE DEC 1      0                         0      0        0
  SINCE JAN 1      0                         0      0        0
..................................................................


WIND (MPH)
  RESULTANT WIND SPEED   3   RESULTANT WIND DIRECTION  NE (30)
  HIGHEST WIND SPEED    22   HIGHEST WIND DIRECTION     N (360)
  HIGHEST GUST SPEED    26   HIGHEST GUST DIRECTION     N (350)


SKY COVER
  POSSIBLE SUNSHINE  MM
  AVERAGE SKY COVER 1.0


WEATHER CONDITIONS
 THE FOLLOWING WEATHER WAS RECORDED YESTERDAY.
  SNOW
  LIGHT SNOW
  FOG
  FOG W/VISIBILITY <= 1/4 MILE


RELATIVE HUMIDITY (PERCENT)
 HIGHEST    96
 LOWEST     73
 AVERAGE    85

..........................................................


THE BANGOR ME CLIMATE NORMALS FOR TODAY
                         NORMAL    RECORD    YEAR
 MAXIMUM TEMPERATURE (F)   28        54      2013
 MINIMUM TEMPERATURE (F)    7       -18      1934


SUNRISE AND SUNSET
JANUARY 31 2015.......SUNRISE   656 AM EST   SUNSET   442 PM EST
FEBRUARY  1 2015......SUNRISE   655 AM EST   SUNSET   443 PM EST


-  INDICATES NEGATIVE NUMBERS.
R  INDICATES RECORD WAS SET OR TIED.
MM INDICATES DATA IS MISSING.
T  INDICATES TRACE AMOUNT.




$$
