000
CDUS41 KCAR 012037
CLIBGR


CLIMATE REPORT
NATIONAL WEATHER SERVICE CARIBOU, ME
437 PM EDT FRI AUG 1 2014


...................................

...THE BANGOR ME CLIMATE SUMMARY FOR AUGUST 1 2014...
VALID TODAY AS OF 0400 PM LOCAL TIME.

CLIMATE NORMAL PERIOD 1981 TO 2010
CLIMATE RECORD PERIOD 1925 TO 2014


WEATHER ITEM   OBSERVED TIME   RECORD YEAR NORMAL DEPARTURE LAST
                VALUE   (LST)  VALUE       VALUE  FROM      YEAR
                                                  NORMAL
..................................................................
TEMPERATURE (F)
 TODAY
  MAXIMUM         81    150 PM  91    1975  80      1       80
  MINIMUM         61    313 AM  47    1998  58      3       56
                                      1947
  AVERAGE         71                        69      2       68

PRECIPITATION (IN)
  TODAY            0.00          1.79 1985   0.11  -0.11     0.00
  MONTH TO DATE    0.00                      0.11  -0.11     0.00
  SINCE JUN 1     10.37                      7.33   3.04     9.20
  SINCE JAN 1     24.78                     23.38   1.40    20.49

SNOWFALL (IN)
  TODAY            0.0           0.0  2002   0.0    0.0      0.0
                                      2001
  MONTH TO DATE    0.0                       0.0    0.0      0.0
  SINCE JUN 1      0.0                       0.0    0.0      0.0
  SINCE JUL 1      0.0                       0.0    0.0      0.0
  SNOW DEPTH       0

DEGREE DAYS
 HEATING
  TODAY            0                         1     -1        0
  MONTH TO DATE    0                         1     -1        0
  SINCE JUN 1     76                       131    -55      108
  SINCE JUL 1      5                        24    -19        8

 COOLING
  TODAY            6                         4      2        3
  MONTH TO DATE    6                         4      2        3
  SINCE JUN 1    225                       188     37      245
  SINCE JAN 1    225                       194     31      253
..................................................................


WIND (MPH)
  HIGHEST WIND SPEED    15   HIGHEST WIND DIRECTION     S (190)
  HIGHEST GUST SPEED    19   HIGHEST GUST DIRECTION     S (190)
  AVERAGE WIND SPEED     4.5


SKY COVER
  POSSIBLE SUNSHINE  MM
  AVERAGE SKY COVER 0.8


WEATHER CONDITIONS
 THE FOLLOWING WEATHER WAS RECORDED TODAY.
  FOG


RELATIVE HUMIDITY (PERCENT)
 HIGHEST    93           100 AM
 LOWEST     51           100 PM
 AVERAGE    72

..........................................................


THE BANGOR ME CLIMATE NORMALS FOR TOMORROW
                         NORMAL    RECORD    YEAR
 MAXIMUM TEMPERATURE (F)   80       102      1975
 MINIMUM TEMPERATURE (F)   58        40      1941
                                             1940


SUNRISE AND SUNSET
AUGUST  1 2014........SUNRISE   521 AM EDT   SUNSET   801 PM EDT
AUGUST  2 2014........SUNRISE   522 AM EDT   SUNSET   800 PM EDT


-  INDICATES NEGATIVE NUMBERS.
R  INDICATES RECORD WAS SET OR TIED.
MM INDICATES DATA IS MISSING.
T  INDICATES TRACE AMOUNT.




$$
