000
CDUS41 KCAR 280537
CLIBGR


CLIMATE REPORT
NATIONAL WEATHER SERVICE CARIBOU, ME
131 AM EDT THU APR 28 2016


...................................

...THE BANGOR ME CLIMATE SUMMARY FOR APRIL 27 2016...

CLIMATE NORMAL PERIOD 1981 TO 2010
CLIMATE RECORD PERIOD 1925 TO 2016


WEATHER ITEM   OBSERVED TIME   RECORD YEAR NORMAL DEPARTURE LAST
                VALUE   (LST)  VALUE       VALUE  FROM      YEAR
                                                  NORMAL
..................................................................
TEMPERATURE (F)
 YESTERDAY
  MAXIMUM         53    415 PM  78    1970  58     -5       53
  MINIMUM         21R   426 AM  24    1966  36    -15       40
                                      1940
  AVERAGE         37                        47    -10       47

PRECIPITATION (IN)
  YESTERDAY        0.00          0.83 1973   0.12  -0.12     0.07
  MONTH TO DATE    2.58                      3.26  -0.68     2.34
  SINCE MAR 1      5.85                      6.64  -0.79     3.79
  SINCE JAN 1     12.12                     12.05   0.07     8.68

SNOWFALL (IN)
  YESTERDAY        0.0           0.1  1961   0.0             0.0
  MONTH TO DATE    T                         3.6             6.3
  SINCE MAR 1      6.0                      15.3            21.9
  SINCE JUL 1     44.6                      66.0           139.0
  SNOW DEPTH       0

DEGREE DAYS
 HEATING
  YESTERDAY       28                        18     10       18
  MONTH TO DATE  660                       624     36      674
  SINCE MAR 1   1645                      1701    -56     1926
  SINCE JUL 1   6560                      7347   -787     7816

 COOLING
  YESTERDAY        0                         0      0        0
  MONTH TO DATE    0                         0      0        0
  SINCE MAR 1      0                         0      0        0
  SINCE JAN 1      0                         0      0        0
..................................................................


WIND (MPH)
  RESULTANT WIND SPEED   5   RESULTANT WIND DIRECTION   W (290)
  HIGHEST WIND SPEED    23   HIGHEST WIND DIRECTION     N (350)
  HIGHEST GUST SPEED    28   HIGHEST GUST DIRECTION    NW (330)


SKY COVER
  POSSIBLE SUNSHINE  MM
  AVERAGE SKY COVER 0.2


WEATHER CONDITIONS
 THE FOLLOWING WEATHER WAS RECORDED YESTERDAY.
  FOG


RELATIVE HUMIDITY (PERCENT)
 HIGHEST   100
 LOWEST     16
 AVERAGE    58

..........................................................


THE BANGOR ME CLIMATE NORMALS FOR TODAY
                         NORMAL    RECORD    YEAR
 MAXIMUM TEMPERATURE (F)   59        90      2009
 MINIMUM TEMPERATURE (F)   37        23      1947


SUNRISE AND SUNSET
APRIL 28 2016.........SUNRISE   529 AM EDT   SUNSET   737 PM EDT
APRIL 29 2016.........SUNRISE   527 AM EDT   SUNSET   738 PM EDT


-  INDICATES NEGATIVE NUMBERS.
R  INDICATES RECORD WAS SET OR TIED.
MM INDICATES DATA IS MISSING.
T  INDICATES TRACE AMOUNT.




$$
