000
CDUS41 KCAR 280537
CLIBGR


CLIMATE REPORT
NATIONAL WEATHER SERVICE CARIBOU, ME
1233 AM EST TUE FEB 28 2017


...................................

...THE BANGOR ME CLIMATE SUMMARY FOR FEBRUARY 27 2017...

CLIMATE NORMAL PERIOD 1981 TO 2010
CLIMATE RECORD PERIOD 1925 TO 2017


WEATHER ITEM   OBSERVED TIME   RECORD YEAR NORMAL DEPARTURE LAST
                VALUE   (LST)  VALUE       VALUE  FROM      YEAR
                                                  NORMAL
..................................................................
TEMPERATURE (F)
 YESTERDAY
  MAXIMUM         45    350 PM  54    1976  35     10       33
  MINIMUM         19   1227 AM -17    1963  14      5       12
  AVERAGE         32                        24      8       23

PRECIPITATION (IN)
  YESTERDAY        0.00          0.84 2002   0.10  -0.10     0.00
  MONTH TO DATE    2.26                      2.42  -0.16     3.89
  SINCE DEC 1      9.66                      8.79   0.87    10.33
  SINCE JAN 1      5.89                      5.31   0.58     6.27

SNOWFALL (IN)
  YESTERDAY        0.0           7.0  1934   0.5             0.0
  MONTH TO DATE   37.4                      14.2            19.6
  SINCE DEC 1     61.8                      47.8            36.1
  SINCE JUL 1     63.3                      50.2            38.6
  SNOW DEPTH       2

DEGREE DAYS
 HEATING
  YESTERDAY       33                        41     -8       42
  MONTH TO DATE 1132                      1198    -66     1093
  SINCE DEC 1   3681                      3936   -255     3359
  SINCE JUL 1   5100                      5605   -505     4860

 COOLING
  YESTERDAY        0                         0      0        0
  MONTH TO DATE    0                         0      0        0
  SINCE DEC 1      0                         0      0        0
  SINCE JAN 1      0                         0      0        0
..................................................................


WIND (MPH)
  RESULTANT WIND SPEED   7   RESULTANT WIND DIRECTION  SW (220)
  HIGHEST WIND SPEED    20   HIGHEST WIND DIRECTION    SW (220)
  HIGHEST GUST SPEED    28   HIGHEST GUST DIRECTION    SW (230)


SKY COVER
  POSSIBLE SUNSHINE  MM
  AVERAGE SKY COVER 0.5


WEATHER CONDITIONS
 THE FOLLOWING WEATHER WAS RECORDED YESTERDAY.
  NO SIGNIFICANT WEATHER WAS OBSERVED.


RELATIVE HUMIDITY (PERCENT)
 HIGHEST    78
 LOWEST     37
 AVERAGE    58

..........................................................


THE BANGOR ME CLIMATE NORMALS FOR TODAY
                         NORMAL    RECORD    YEAR
 MAXIMUM TEMPERATURE (F)   35        50      1954
 MINIMUM TEMPERATURE (F)   14       -16      2015


SUNRISE AND SUNSET
FEBRUARY 28 2017......SUNRISE   614 AM EST   SUNSET   522 PM EST
MARCH  1 2017.........SUNRISE   613 AM EST   SUNSET   523 PM EST


-  INDICATES NEGATIVE NUMBERS.
R  INDICATES RECORD WAS SET OR TIED.
MM INDICATES DATA IS MISSING.
T  INDICATES TRACE AMOUNT.




$$
