000
CDUS44 KBMX 010953
CLIBHM


CLIMATE REPORT
NATIONAL WEATHER SERVICE BIRMINGHAM, AL
453 AM CDT MON SEP 1 2014


...................................

...THE BIRMINGHAM CLIMATE SUMMARY FOR AUGUST 31 2014...

CLIMATE NORMAL PERIOD 1981 TO 2010
CLIMATE RECORD PERIOD 1895 TO 2014


WEATHER ITEM   OBSERVED TIME   RECORD YEAR NORMAL DEPARTURE LAST
                VALUE   (LST)  VALUE       VALUE  FROM      YEAR
                                                  NORMAL
..................................................................
TEMPERATURE (F)
 YESTERDAY
  MAXIMUM         91    333 PM 100    1951  89      2       95
  MINIMUM         71    417 AM  51    1946  69      2       74
  AVERAGE         81                        79      2       85

PRECIPITATION (IN)
  YESTERDAY        0.00          2.91 1998   0.12  -0.12     0.00
  MONTH TO DATE    4.27                      3.93   0.34     4.29
  SINCE JUN 1     10.00                     13.11  -3.11    21.75
  SINCE JAN 1     32.86                     37.08  -4.22    52.26

DEGREE DAYS
 COOLING
  YESTERDAY       16                        14      2       20
  MONTH TO DATE  509                       487     22      423
  SINCE JUN 1   1347                      1368    -21     1260
  SINCE JAN 1   1640                      1650    -10     1525
..................................................................


WIND (MPH)
  HIGHEST WIND SPEED    16   HIGHEST WIND DIRECTION     S (190)
  HIGHEST GUST SPEED    24   HIGHEST GUST DIRECTION    SW (220)
  AVERAGE WIND SPEED     5.2


SKY COVER
  AVERAGE SKY COVER 0.6


WEATHER CONDITIONS
 THE FOLLOWING WEATHER WAS RECORDED YESTERDAY.
  NO SIGNIFICANT WEATHER WAS OBSERVED.


RELATIVE HUMIDITY (PERCENT)
 HIGHEST    93          1200 AM
 LOWEST     44           300 PM
 AVERAGE    69

..........................................................


THE BIRMINGHAM CLIMATE NORMALS FOR TODAY
                         NORMAL    RECORD    YEAR
 MAXIMUM TEMPERATURE (F)   89       100      1951
 MINIMUM TEMPERATURE (F)   69        53      1946


SUNRISE AND SUNSET
SEPTEMBER  1 2014.....SUNRISE   621 AM CDT   SUNSET   712 PM CDT
SEPTEMBER  2 2014.....SUNRISE   622 AM CDT   SUNSET   711 PM CDT


-  INDICATES NEGATIVE NUMBERS.
R  INDICATES RECORD WAS SET OR TIED.
MM INDICATES DATA IS MISSING.
T  INDICATES TRACE AMOUNT.




$$
