000
CDUS44 KBMX 142123
CLIBHM


CLIMATE REPORT
NATIONAL WEATHER SERVICE BIRMINGHAM, AL
423 PM CDT SUN SEP 14 2014


...................................

...THE BIRMINGHAM CLIMATE SUMMARY FOR SEPTEMBER 14 2014...
VALID AS OF 0400 PM LOCAL TIME.

CLIMATE NORMAL PERIOD 1981 TO 2010
CLIMATE RECORD PERIOD 1895 TO 2014


WEATHER ITEM   OBSERVED TIME   RECORD YEAR NORMAL DEPARTURE LAST
                VALUE   (LST)  VALUE       VALUE  FROM      YEAR
                                                  NORMAL
..................................................................
TEMPERATURE (F)
 TODAY
  MAXIMUM         88    255 PM  98    1980  86      2       80
                                      1927
  MINIMUM         62    559 AM  45    1902  65     -3       55
  AVERAGE         75                        76     -1       68

PRECIPITATION (IN)
  TODAY            0.00          3.22 1900   0.14  -0.14     0.00
  MONTH TO DATE    1.61                      1.83  -0.22     1.44
  SINCE SEP 1      1.61                      1.83  -0.22     1.44
  SINCE JAN 1     34.47                     38.91  -4.44    53.70

DEGREE DAYS

 COOLING
  TODAY           10                        11     -1        3
  MONTH TO DATE  223                       174     49      188
  SINCE SEP 1    223                       174     49      188
  SINCE JAN 1   1863                      1824     39     1713
..................................................................


WIND (MPH)
  HIGHEST WIND SPEED     9   HIGHEST WIND DIRECTION    NW (320)
  HIGHEST GUST SPEED    12   HIGHEST GUST DIRECTION    NW (320)
  AVERAGE WIND SPEED     3.5


SKY COVER
  AVERAGE SKY COVER 0.2


WEATHER CONDITIONS
 THE FOLLOWING WEATHER WAS RECORDED TODAY.
  FOG


RELATIVE HUMIDITY (PERCENT)
 HIGHEST    93           200 AM
 LOWEST     46           300 PM
 AVERAGE    70

..........................................................


THE BIRMINGHAM CLIMATE NORMALS FOR TOMORROW
                         NORMAL    RECORD    YEAR
 MAXIMUM TEMPERATURE (F)   86       102      1927
 MINIMUM TEMPERATURE (F)   65        52      1985


SUNRISE AND SUNSET
SEPTEMBER 14 2014.....SUNRISE   630 AM CDT   SUNSET   655 PM CDT
SEPTEMBER 15 2014.....SUNRISE   630 AM CDT   SUNSET   653 PM CDT


-  INDICATES NEGATIVE NUMBERS.
R  INDICATES RECORD WAS SET OR TIED.
MM INDICATES DATA IS MISSING.
T  INDICATES TRACE AMOUNT.




$$
