083
CDUS44 KBMX 250837
CLIBHM


CLIMATE REPORT
NATIONAL WEATHER SERVICE BIRMINGHAM, AL
237 AM CST SAT FEB 25 2017


...................................

...THE BIRMINGHAM CLIMATE SUMMARY FOR FEBRUARY 24 2017...

CLIMATE NORMAL PERIOD 1981 TO 2010
CLIMATE RECORD PERIOD 1895 TO 2017


WEATHER ITEM   OBSERVED TIME   RECORD YEAR NORMAL DEPARTURE LAST
                VALUE   (LST)  VALUE       VALUE  FROM      YEAR
                                                  NORMAL
..................................................................
TEMPERATURE (F)
 YESTERDAY
  MAXIMUM         81R   338 PM  78    1930  61     20       63
  MINIMUM         57    525 AM  16    1989  39     18       42
  AVERAGE         69                        50     19       53

PRECIPITATION (IN)
  YESTERDAY        0.00          1.81 1979   0.18  -0.18     0.17
  MONTH TO DATE    2.50                      3.85  -1.35     7.46
  SINCE DEC 1     11.60                     13.14  -1.54    21.27
  SINCE JAN 1      9.21                      8.69   0.52    10.74

SNOWFALL (IN)
  YESTERDAY        0.0                       0.0    0.0      0.0
  MONTH TO DATE    0.0                       0.1   -0.1       T
  SINCE DEC 1      0.3                       0.8   -0.5       T
  SINCE JUL 1      0.3                       0.8   -0.5       T
  SNOW DEPTH       0

DEGREE DAYS
 HEATING
  YESTERDAY        0                        15    -15       12
  MONTH TO DATE  224                       429   -205      356
  SINCE DEC 1   1097                      1676   -579     1326
  SINCE JUL 1   1329                      2134   -805     1597
..................................................................


WIND (MPH)
  HIGHEST WIND SPEED    22   HIGHEST WIND DIRECTION    SW (210)
  HIGHEST GUST SPEED    29   HIGHEST GUST DIRECTION     S (170)
  AVERAGE WIND SPEED    10.5


SKY COVER
  AVERAGE SKY COVER 0.2


WEATHER CONDITIONS
 THE FOLLOWING WEATHER WAS RECORDED YESTERDAY.
  NO SIGNIFICANT WEATHER WAS OBSERVED.


RELATIVE HUMIDITY (PERCENT)
 HIGHEST    87           400 AM
 LOWEST     42           300 PM
 AVERAGE    65

..........................................................


THE BIRMINGHAM CLIMATE NORMALS FOR TODAY
                         NORMAL    RECORD    YEAR
 MAXIMUM TEMPERATURE (F)   61        82      1918
 MINIMUM TEMPERATURE (F)   40        12      1967


SUNRISE AND SUNSET
FEBRUARY 25 2017......SUNRISE   620 AM CST   SUNSET   541 PM CST
FEBRUARY 26 2017......SUNRISE   619 AM CST   SUNSET   541 PM CST


-  INDICATES NEGATIVE NUMBERS.
R  INDICATES RECORD WAS SET OR TIED.
MM INDICATES DATA IS MISSING.
T  INDICATES TRACE AMOUNT.




$$
