000
CDUS44 KBMX 271042
CLIBHM


CLIMATE REPORT
NATIONAL WEATHER SERVICE BIRMINGHAM, AL
541 AM CDT WED AUG 27 2014


...................................

...THE BIRMINGHAM CLIMATE SUMMARY FOR AUGUST 26 2014...

CLIMATE NORMAL PERIOD 1981 TO 2010
CLIMATE RECORD PERIOD 1895 TO 2014


WEATHER ITEM   OBSERVED TIME   RECORD YEAR NORMAL DEPARTURE LAST
                VALUE   (LST)  VALUE       VALUE  FROM      YEAR
                                                  NORMAL
..................................................................
TEMPERATURE (F)
 YESTERDAY
  MAXIMUM         90    333 PM 103    1943  90      0       84
  MINIMUM         68    550 AM  55    1966  70     -2       65
  AVERAGE         79                        80     -1       75

PRECIPITATION (IN)
  YESTERDAY        0.00          2.94 1967   0.11  -0.11     0.00
  MONTH TO DATE    3.08                      3.35  -0.27     4.29
  SINCE JUN 1      8.81                     12.53  -3.72    21.75
  SINCE JAN 1     31.67                     36.50  -4.83    52.26

DEGREE DAYS
 COOLING
  YESTERDAY       14                        15     -1       10
  MONTH TO DATE  433                       411     22      346
  SINCE JUN 1   1271                      1292    -21     1183
  SINCE JAN 1   1564                      1574    -10     1448
..................................................................


WIND (MPH)
  HIGHEST WIND SPEED    14   HIGHEST WIND DIRECTION    NE (50)
  HIGHEST GUST SPEED    22   HIGHEST GUST DIRECTION     E (70)
  AVERAGE WIND SPEED     5.8


SKY COVER
  AVERAGE SKY COVER 0.3


WEATHER CONDITIONS
 THE FOLLOWING WEATHER WAS RECORDED YESTERDAY.
  NO SIGNIFICANT WEATHER WAS OBSERVED.


RELATIVE HUMIDITY (PERCENT)
 HIGHEST    76           500 AM
 LOWEST     32           400 PM
 AVERAGE    54

..........................................................


THE BIRMINGHAM CLIMATE NORMALS FOR TODAY
                         NORMAL    RECORD    YEAR
 MAXIMUM TEMPERATURE (F)   90       103      1943
                                             1938
 MINIMUM TEMPERATURE (F)   70        58      1968
                                             1966
                                             1958


SUNRISE AND SUNSET
AUGUST 27 2014........SUNRISE   618 AM CDT   SUNSET   719 PM CDT
AUGUST 28 2014........SUNRISE   618 AM CDT   SUNSET   718 PM CDT


-  INDICATES NEGATIVE NUMBERS.
R  INDICATES RECORD WAS SET OR TIED.
MM INDICATES DATA IS MISSING.
T  INDICATES TRACE AMOUNT.




$$
