000
CDUS44 KBMX 292130
CLIBHM


CLIMATE REPORT
NATIONAL WEATHER SERVICE BIRMINGHAM, AL
430 PM CDT SUN MAY 29 2016


...................................

...THE BIRMINGHAM CLIMATE SUMMARY FOR MAY 29 2016...
VALID TODAY AS OF 0400 PM LOCAL TIME.

CLIMATE NORMAL PERIOD 1981 TO 2010
CLIMATE RECORD PERIOD 1895 TO 2016


WEATHER ITEM   OBSERVED TIME   RECORD YEAR NORMAL DEPARTURE LAST
                VALUE   (LST)  VALUE       VALUE  FROM      YEAR
                                                  NORMAL
..................................................................
TEMPERATURE (F)
 TODAY
  MAXIMUM         89    323 PM  99    1898  84      5       84
  MINIMUM         66    533 AM  44    1984  64      2       65
  AVERAGE         78                        74      4       75

PRECIPITATION (IN)
  TODAY            0.00          2.48 2005   0.15  -0.15     0.30
  MONTH TO DATE    1.39                      4.68  -3.29     2.43
  SINCE MAR 1     10.84                     14.29  -3.45    16.90
  SINCE JAN 1     21.58                     23.66  -2.08    25.60

DEGREE DAYS
 COOLING
  TODAY           13                         9      4       10
  MONTH TO DATE  178                       180     -2      231
  SINCE MAR 1    286                       260     26      313
  SINCE JAN 1    293                       264     29      313
..................................................................


WIND (MPH)
  HIGHEST WIND SPEED    13   HIGHEST WIND DIRECTION     N (10)
  HIGHEST GUST SPEED    17   HIGHEST GUST DIRECTION    NW (310)
  AVERAGE WIND SPEED     2.8


SKY COVER
  AVERAGE SKY COVER 0.4


WEATHER CONDITIONS
 THE FOLLOWING WEATHER WAS RECORDED TODAY.
  NO SIGNIFICANT WEATHER WAS OBSERVED.


RELATIVE HUMIDITY (PERCENT)
 HIGHEST    93           300 AM
 LOWEST     45          1100 AM
 AVERAGE    69

..........................................................


THE BIRMINGHAM CLIMATE NORMALS FOR TOMORROW
                         NORMAL    RECORD    YEAR
 MAXIMUM TEMPERATURE (F)   85        97      1914
 MINIMUM TEMPERATURE (F)   64        41      1984


SUNRISE AND SUNSET
MAY 29 2016...........SUNRISE   539 AM CDT   SUNSET   751 PM CDT
MAY 30 2016...........SUNRISE   538 AM CDT   SUNSET   751 PM CDT


-  INDICATES NEGATIVE NUMBERS.
R  INDICATES RECORD WAS SET OR TIED.
MM INDICATES DATA IS MISSING.
T  INDICATES TRACE AMOUNT.




$$
