000
CDUS44 KBMX 020653
CLIBHM


CLIMATE REPORT
NATIONAL WEATHER SERVICE BIRMINGHAM, AL
152 AM CDT WED SEP 2 2015


...................................

...THE BIRMINGHAM CLIMATE SUMMARY FOR SEPTEMBER 1 2015...

CLIMATE NORMAL PERIOD 1981 TO 2010
CLIMATE RECORD PERIOD 2014 TO 2015


WEATHER ITEM   OBSERVED TIME   RECORD YEAR NORMAL DEPARTURE LAST
                VALUE   (LST)  VALUE       VALUE  FROM      YEAR
                                                  NORMAL
..................................................................
TEMPERATURE (F)
 YESTERDAY
  MAXIMUM         89    127 PM 100    1951  89      0       93
  MINIMUM         69    553 AM  53    1946  69      0       75
  AVERAGE         79                        79      0       84

PRECIPITATION (IN)
  YESTERDAY        0.00          2.71 1917   0.12  -0.12     0.00
  MONTH TO DATE    0.00                      0.12  -0.12     0.00
  SINCE SEP 1      0.00                      0.12  -0.12     0.00
  SINCE JAN 1     42.07                     37.20   4.87    32.86

DEGREE DAYS
 COOLING
  YESTERDAY       14                        14      0       19
  MONTH TO DATE   14                        14      0       19
  SINCE SEP 1     14                        14      0       19
  SINCE JAN 1   1828                      1664    164     1659
..................................................................


WIND (MPH)
  HIGHEST WIND SPEED    10   HIGHEST WIND DIRECTION     N (10)
  HIGHEST GUST SPEED    14   HIGHEST GUST DIRECTION    NE (50)
  AVERAGE WIND SPEED     2.2


SKY COVER
  AVERAGE SKY COVER 0.3


WEATHER CONDITIONS
 THE FOLLOWING WEATHER WAS RECORDED YESTERDAY.
  NO SIGNIFICANT WEATHER WAS OBSERVED.


RELATIVE HUMIDITY (PERCENT)
 HIGHEST   100          1200 AM
 LOWEST     50           200 PM
 AVERAGE    75

..........................................................


THE BIRMINGHAM CLIMATE NORMALS FOR TODAY
                         NORMAL    RECORD    YEAR
 MAXIMUM TEMPERATURE (F)   89        98      2011
                                             1925
                                             1907
 MINIMUM TEMPERATURE (F)   69        55      1987


SUNRISE AND SUNSET
SEPTEMBER  2 2015.....SUNRISE   621 AM CDT   SUNSET   711 PM CDT
SEPTEMBER  3 2015.....SUNRISE   622 AM CDT   SUNSET   710 PM CDT


-  INDICATES NEGATIVE NUMBERS.
R  INDICATES RECORD WAS SET OR TIED.
MM INDICATES DATA IS MISSING.
T  INDICATES TRACE AMOUNT.




$$
