000
CDUS44 KBMX 091120
CLIBHM


CLIMATE REPORT
NATIONAL WEATHER SERVICE BIRMINGHAM, AL
519 AM CST TUE FEB 9 2016


...................................

...THE BIRMINGHAM CLIMATE SUMMARY FOR FEBRUARY 8 2016...

CLIMATE NORMAL PERIOD 1981 TO 2010
CLIMATE RECORD PERIOD 1895 TO 2016


WEATHER ITEM   OBSERVED TIME   RECORD YEAR NORMAL DEPARTURE LAST
                VALUE   (LST)  VALUE       VALUE  FROM      YEAR
                                                  NORMAL
..................................................................
TEMPERATURE (F)
 YESTERDAY
  MAXIMUM         52   1203 PM  83    1918  57     -5       69
  MINIMUM         37   1159 PM  11    1933  36      1       48
  AVERAGE         45                        46     -1       59

PRECIPITATION (IN)
  YESTERDAY        0.00          2.21 1905   0.16  -0.16     0.00
  MONTH TO DATE    3.05                      1.28   1.77     0.29
  SINCE DEC 1     16.86                     10.57   6.29    11.82
  SINCE JAN 1      6.33                      6.12   0.21     4.67

SNOWFALL (IN)
  YESTERDAY        0.0                       0.0    0.0      0.0
  MONTH TO DATE    0.0                       0.0    0.0      0.0
  SINCE DEC 1      T                         0.7   -0.7       T
  SINCE JUL 1      T                         0.7   -0.7       T
  SNOW DEPTH       0

DEGREE DAYS
 HEATING
  YESTERDAY       20                        19      1        6
  MONTH TO DATE  125                       157    -32      169
  SINCE DEC 1   1095                      1404   -309     1364
  SINCE JUL 1   1366                      1862   -496     1926
..................................................................


WIND (MPH)
  HIGHEST WIND SPEED    24   HIGHEST WIND DIRECTION    NW (300)
  HIGHEST GUST SPEED    35   HIGHEST GUST DIRECTION    NW (300)
  AVERAGE WIND SPEED    11.6


SKY COVER
  AVERAGE SKY COVER 0.7


WEATHER CONDITIONS
 THE FOLLOWING WEATHER WAS RECORDED YESTERDAY.
  NO SIGNIFICANT WEATHER WAS OBSERVED.


RELATIVE HUMIDITY (PERCENT)
 HIGHEST    62           700 AM
 LOWEST     29           200 PM
 AVERAGE    46

..........................................................


THE BIRMINGHAM CLIMATE NORMALS FOR TODAY
                         NORMAL    RECORD    YEAR
 MAXIMUM TEMPERATURE (F)   57        77      1957
 MINIMUM TEMPERATURE (F)   36         7      1933


SUNRISE AND SUNSET
FEBRUARY  9 2016......SUNRISE   637 AM CST   SUNSET   526 PM CST
FEBRUARY 10 2016......SUNRISE   636 AM CST   SUNSET   526 PM CST


-  INDICATES NEGATIVE NUMBERS.
R  INDICATES RECORD WAS SET OR TIED.
MM INDICATES DATA IS MISSING.
T  INDICATES TRACE AMOUNT.




$$
