000
CDUS44 KBMX 020016
CLIBHM


CLIMATE REPORT
NATIONAL WEATHER SERVICE BIRMINGHAM, AL
715 PM CDT FRI AUG 1 2014


...................................

...THE BIRMINGHAM CLIMATE SUMMARY FOR AUGUST 1 2014...
VALID TODAY AS OF 0700 PM LOCAL TIME.

CLIMATE NORMAL PERIOD 1981 TO 2010
CLIMATE RECORD PERIOD 1895 TO 2014


WEATHER ITEM   OBSERVED TIME   RECORD YEAR NORMAL DEPARTURE LAST
                VALUE   (LST)  VALUE       VALUE  FROM      YEAR
                                                  NORMAL
..................................................................
TEMPERATURE (F)
 TODAY
  MAXIMUM         88    230 PM 101    2010  91     -3       88
                                      1987
                                      1921
  MINIMUM         68    538 AM  59    1925  72     -4       70
  AVERAGE         78                        81     -3       79

PRECIPITATION (IN)
  TODAY            0.00          1.98 1967   0.14  -0.14     0.18
  MONTH TO DATE    0.00                      0.14  -0.14     0.18
  SINCE JUN 1      5.73                      9.32  -3.59    17.64
  SINCE JAN 1     28.59                     33.29  -4.70    48.15

DEGREE DAYS
 COOLING
  TODAY           13                        16     -3       14
  MONTH TO DATE   13                        16     -3       14
  SINCE JUN 1    851                       897    -46      851
  SINCE JAN 1   1144                      1179    -35     1116
..................................................................


WIND (MPH)
  HIGHEST WIND SPEED    12   HIGHEST WIND DIRECTION    NE (50)
  HIGHEST GUST SPEED    14   HIGHEST GUST DIRECTION    NE (50)
  AVERAGE WIND SPEED     4.5


SKY COVER
  AVERAGE SKY COVER 0.7


WEATHER CONDITIONS
 THE FOLLOWING WEATHER WAS RECORDED TODAY.
  NO SIGNIFICANT WEATHER WAS OBSERVED.


RELATIVE HUMIDITY (PERCENT)
 HIGHEST    90           200 AM
 LOWEST     45           400 PM
 AVERAGE    68

..........................................................


THE BIRMINGHAM CLIMATE NORMALS FOR TOMORROW
                         NORMAL    RECORD    YEAR
 MAXIMUM TEMPERATURE (F)   91       101      2010
 MINIMUM TEMPERATURE (F)   72        60      1992
                                             1965


SUNRISE AND SUNSET
AUGUST  1 2014........SUNRISE   559 AM CDT   SUNSET   747 PM CDT
AUGUST  2 2014........SUNRISE   600 AM CDT   SUNSET   746 PM CDT


-  INDICATES NEGATIVE NUMBERS.
R  INDICATES RECORD WAS SET OR TIED.
MM INDICATES DATA IS MISSING.
T  INDICATES TRACE AMOUNT.




$$
