000
CDUS44 KBMX 260748
CLIBHM


CLIMATE REPORT
NATIONAL WEATHER SERVICE BIRMINGHAM, AL
248 AM CDT MON JUN 26 2017


...................................

...THE BIRMINGHAM CLIMATE SUMMARY FOR JUNE 25 2017...

CLIMATE NORMAL PERIOD 1981 TO 2010
CLIMATE RECORD PERIOD 1895 TO 2017


WEATHER ITEM   OBSERVED TIME   RECORD YEAR NORMAL DEPARTURE LAST
                VALUE   (LST)  VALUE       VALUE  FROM      YEAR
                                                  NORMAL
..................................................................
TEMPERATURE (F)
 YESTERDAY
  MAXIMUM         80   1214 PM 101    1931  89     -9       97
  MINIMUM         63   1153 PM  49    1974  70     -7       76
  AVERAGE         72                        80     -8       87

PRECIPITATION (IN)
  YESTERDAY        0.00          1.99 1932   0.15  -0.15     0.03
  MONTH TO DATE    8.37                      3.59   4.78     2.65
  SINCE JUN 1      8.37                      3.59   4.78     2.65
  SINCE JAN 1     36.03                     27.56   8.47    24.26

DEGREE DAYS
 COOLING
  YESTERDAY        7                        15     -8       22
  MONTH TO DATE  301                       308     -7      392
  SINCE JUN 1    301                       308     -7      392
  SINCE JAN 1    763                       590    173      715
..................................................................


WIND (MPH)
  HIGHEST WIND SPEED    16   HIGHEST WIND DIRECTION     N (10)
  HIGHEST GUST SPEED    20   HIGHEST GUST DIRECTION     N (10)
  AVERAGE WIND SPEED     4.9


SKY COVER
  AVERAGE SKY COVER 0.6


WEATHER CONDITIONS
 THE FOLLOWING WEATHER WAS RECORDED YESTERDAY.
  NO SIGNIFICANT WEATHER WAS OBSERVED.


RELATIVE HUMIDITY (PERCENT)
 HIGHEST    93           500 AM
 LOWEST     42          1200 PM
 AVERAGE    68

..........................................................


THE BIRMINGHAM CLIMATE NORMALS FOR TODAY
                         NORMAL    RECORD    YEAR
 MAXIMUM TEMPERATURE (F)   90       100      2016
                                             1988
                                             1954
 MINIMUM TEMPERATURE (F)   70        50      1974


SUNRISE AND SUNSET
JUNE 26 2017..........SUNRISE   539 AM CDT   SUNSET   801 PM CDT
JUNE 27 2017..........SUNRISE   539 AM CDT   SUNSET   801 PM CDT


-  INDICATES NEGATIVE NUMBERS.
R  INDICATES RECORD WAS SET OR TIED.
MM INDICATES DATA IS MISSING.
T  INDICATES TRACE AMOUNT.




$$
