000
CDUS45 KVEF 080036
CLIBIH


CLIMATE REPORT
NATIONAL WEATHER SERVICE LAS VEGAS, NV
536 PM PDT TUE JUL 7 2015


...................................

...THE BISHOP CA CLIMATE SUMMARY FOR JULY 7 2015...
VALID TODAY AS OF 0500 PM LOCAL TIME.

CLIMATE NORMAL PERIOD 1981 TO 2010
CLIMATE RECORD PERIOD 1943 TO 2015


WEATHER ITEM   OBSERVED RECORD YEAR NORMAL DEPARTURE LAST
                VALUE   VALUE       VALUE  FROM      YEAR
                                           NORMAL
...........................................................
TEMPERATURE (F)
 TODAY
  MAXIMUM         96    106    1989  98     -2       96
  MINIMUM         59     44    2000  56      3       72
  AVERAGE         78

PRECIPITATION (IN)
  TODAY            0.00   0.06 2001   0.00   0.00      T
  MONTH TO DATE    0.24               0.03   0.21      T
  SINCE OCT 1      2.76               4.72  -1.96     2.48
  SINCE JAN 1      2.30               3.10  -0.80     2.26

SNOWFALL (IN)
  TODAY            0.0   MM      MM   0.0    0.0      0.0
  MONTH TO DATE    0.0                0.0    0.0      0.0
  SINCE JUN 1      0.0                0.0    0.0      0.0
  SINCE JUL 1      0.0                0.0    0.0      0.0
  SNOW DEPTH       0

DEGREE DAYS
 HEATING
  TODAY            0                  0      0        0
  MONTH TO DATE    0                  0      0        0
  SINCE JUN 1      0                 19    -19        0
  SINCE JUL 1      0                  0      0        0

 COOLING
  TODAY           13                 12      1       19
  MONTH TO DATE  109                 79     30      111
  SINCE JUN 1    443                293    150      407
  SINCE JAN 1    494                361    133      492
...........................................................


WIND (MPH)
  RESULTANT WIND SPEED   4   RESULTANT WIND DIRECTION  SW (220)
  HIGHEST WIND SPEED    28   HIGHEST WIND DIRECTION    SE (140)
  HIGHEST GUST SPEED    40   HIGHEST GUST DIRECTION    SE (130)
  AVERAGE WIND SPEED     9.3


SKY COVER
  POSSIBLE SUNSHINE  MM
  AVERAGE SKY COVER 0.0


WEATHER CONDITIONS
 THE FOLLOWING WEATHER WAS RECORDED TODAY.
  NO SIGNIFICANT WEATHER WAS OBSERVED.


RELATIVE HUMIDITY (PERCENT)
 HIGHEST    62           400 AM
 LOWEST     12           100 PM
 AVERAGE    37

..........................................................


THE BISHOP CA CLIMATE NORMALS FOR TOMORROW
                         NORMAL    RECORD    YEAR
 MAXIMUM TEMPERATURE (F)   98       106      2008
 MINIMUM TEMPERATURE (F)   56        44      1979


SUNRISE AND SUNSET
JULY  7 2015..........SUNRISE   539 AM PDT   SUNSET   817 PM PDT
JULY  8 2015..........SUNRISE   540 AM PDT   SUNSET   817 PM PDT


-  INDICATES NEGATIVE NUMBERS.
R  INDICATES RECORD WAS SET OR TIED.
MM INDICATES DATA IS MISSING.
T  INDICATES TRACE AMOUNT.




$$
