499
CDUS45 KVEF 060830
CLIBIH


CLIMATE REPORT
NATIONAL WEATHER SERVICE LAS VEGAS, NV
130 AM PDT FRI MAY 6 2016


...................................

...THE BISHOP CA CLIMATE SUMMARY FOR MAY 5 2016...

CLIMATE NORMAL PERIOD 1981 TO 2010
CLIMATE RECORD PERIOD 1943 TO 2016


WEATHER ITEM   OBSERVED TIME   RECORD YEAR NORMAL DEPARTURE LAST
                VALUE   (LST)  VALUE       VALUE  FROM      YEAR
                                                  NORMAL
..................................................................
TEMPERATURE (F)
 YESTERDAY
  MAXIMUM         78    237 PM 100    1946  79     -1       84
  MINIMUM         51    616 AM  28    1983  42      9       43
                                      1975
  AVERAGE         65                        60      5       64

PRECIPITATION (IN)
  YESTERDAY        0.01          0.22 1971   0.01   0.00      T
  MONTH TO DATE    0.01                      0.03  -0.02      T
  SINCE OCT 1      3.05                      4.34  -1.29     0.74
  SINCE JAN 1      2.24                      2.72  -0.48     0.28

SNOWFALL (IN)
  YESTERDAY        0.0           0.4  1988   0.0    0.0      0.0
  MONTH TO DATE    0.0                       0.0    0.0      0.0
  SINCE MAR 1      T                         0.6   -0.6       T
  SINCE JUL 1      2.0                       8.0   -6.0       T
  SNOW DEPTH       0

DEGREE DAYS
 HEATING
  YESTERDAY        0                         6     -6        1
  MONTH TO DATE   21                        31    -10        3
  SINCE MAR 1    623                       866   -243      553
  SINCE JUL 1   3679                      4073   -394     2994

 COOLING
  YESTERDAY        0                         1     -1        0
  MONTH TO DATE    1                         3     -2        1
  SINCE MAR 1      1                         7     -6        5
  SINCE JAN 1      1                         7     -6        5
..................................................................


WIND (MPH)
  RESULTANT WIND SPEED  14   RESULTANT WIND DIRECTION   S (160)
  HIGHEST WIND SPEED    30   HIGHEST WIND DIRECTION     S (170)
  HIGHEST GUST SPEED    39   HIGHEST GUST DIRECTION     S (190)
  AVERAGE WIND SPEED    14.9


SKY COVER
  POSSIBLE SUNSHINE  MM
  AVERAGE SKY COVER 0.1


WEATHER CONDITIONS
 THE FOLLOWING WEATHER WAS RECORDED YESTERDAY.
  THUNDERSTORM
  LIGHT RAIN


RELATIVE HUMIDITY (PERCENT)
 HIGHEST    41           600 AM
 LOWEST      8          1200 PM
 AVERAGE    25

..........................................................


THE BISHOP CA CLIMATE NORMALS FOR TODAY
                         NORMAL    RECORD    YEAR
 MAXIMUM TEMPERATURE (F)   79        94      1989
 MINIMUM TEMPERATURE (F)   42        29      1988


SUNRISE AND SUNSET
MAY  6 2016...........SUNRISE   552 AM PDT   SUNSET   748 PM PDT
MAY  7 2016...........SUNRISE   551 AM PDT   SUNSET   749 PM PDT


-  INDICATES NEGATIVE NUMBERS.
R  INDICATES RECORD WAS SET OR TIED.
MM INDICATES DATA IS MISSING.
T  INDICATES TRACE AMOUNT.




$$
