000
CDUS45 KVEF 240826
CLIBIH


CLIMATE REPORT
NATIONAL WEATHER SERVICE LAS VEGAS, NV
125 AM PDT FRI MAR 24 2017


...................................

...THE BISHOP CA CLIMATE SUMMARY FOR MARCH 23 2017...

CLIMATE NORMAL PERIOD 1981 TO 2010
CLIMATE RECORD PERIOD 1943 TO 2017


WEATHER ITEM   OBSERVED TIME   RECORD YEAR NORMAL DEPARTURE LAST
                VALUE   (LST)  VALUE       VALUE  FROM      YEAR
                                                  NORMAL
..................................................................
TEMPERATURE (F)
 YESTERDAY
  MAXIMUM         67    412 PM  82    2004  67      0       68
  MINIMUM         34   1121 PM  18    1964  32      2       31
  AVERAGE         51                        50      1       50

PRECIPITATION (IN)
  YESTERDAY        0.00          0.31 1983   0.02  -0.02     0.00
  MONTH TO DATE    0.09                      0.43  -0.34     0.07
  SINCE OCT 1      7.89                      3.95   3.94     2.00
  SINCE JAN 1      7.53                      2.33   5.20     1.19

SNOWFALL (IN)
  YESTERDAY        0.0           1.0  1983   0.0    0.0      0.0
  MONTH TO DATE    T                         0.4   -0.4      0.0
  SINCE MAR 1      T                         0.4   -0.4      0.0
  SINCE JUL 1      8.6                       7.8    0.8      2.0
  SNOW DEPTH       0

DEGREE DAYS
 HEATING
  YESTERDAY       14                        15     -1       15
  MONTH TO DATE  309                       399    -90      289
  SINCE MAR 1    309                       399    -90      289
  SINCE JUL 1   3309                      3606   -297     3345

 COOLING
  YESTERDAY        0                         0      0        0
  MONTH TO DATE    0                         0      0        0
  SINCE MAR 1      0                         0      0        0
  SINCE JAN 1      0                         0      0        0
..................................................................


WIND (MPH)
  RESULTANT WIND SPEED   8   RESULTANT WIND DIRECTION   N (360)
  HIGHEST WIND SPEED    22   HIGHEST WIND DIRECTION     N (10)
  HIGHEST GUST SPEED    26   HIGHEST GUST DIRECTION     N (20)
  AVERAGE WIND SPEED     8.5


SKY COVER
  POSSIBLE SUNSHINE  MM
  AVERAGE SKY COVER 0.1


WEATHER CONDITIONS
 THE FOLLOWING WEATHER WAS RECORDED YESTERDAY.
  NO SIGNIFICANT WEATHER WAS OBSERVED.


RELATIVE HUMIDITY (PERCENT)
 HIGHEST    54          1100 PM
 LOWEST      9           400 PM
 AVERAGE    32

..........................................................


THE BISHOP CA CLIMATE NORMALS FOR TODAY
                         NORMAL    RECORD    YEAR
 MAXIMUM TEMPERATURE (F)   67        81      1960
 MINIMUM TEMPERATURE (F)   32        16      1964


SUNRISE AND SUNSET
MARCH 24 2017.........SUNRISE   651 AM PDT   SUNSET   709 PM PDT
MARCH 25 2017.........SUNRISE   649 AM PDT   SUNSET   710 PM PDT


-  INDICATES NEGATIVE NUMBERS.
R  INDICATES RECORD WAS SET OR TIED.
MM INDICATES DATA IS MISSING.
T  INDICATES TRACE AMOUNT.




$$
