000
CDUS45 KVEF 280843
CLIBIH


CLIMATE REPORT
NATIONAL WEATHER SERVICE LAS VEGAS, NV
133 AM PDT SAT MAR 28 2015


...................................

...THE BISHOP CA CLIMATE SUMMARY FOR MARCH 27 2015...

CLIMATE NORMAL PERIOD 1981 TO 2010
CLIMATE RECORD PERIOD 1943 TO 2015


WEATHER ITEM   OBSERVED TIME   RECORD YEAR NORMAL DEPARTURE LAST
                VALUE   (LST)  VALUE       VALUE  FROM      YEAR
                                                  NORMAL
..................................................................
TEMPERATURE (F)
 YESTERDAY
  MAXIMUM         85R   337 PM  79    1986  68     17       65
  MINIMUM         39    627 AM  23    1964  33      6       28
  AVERAGE         62                        50     12       47

PRECIPITATION (IN)
  YESTERDAY        0.00          0.21 1979   0.01  -0.01     0.00
  MONTH TO DATE    0.01                      0.48  -0.47      T
  SINCE OCT 1      0.73                      4.00  -3.27     2.13
  SINCE JAN 1      0.27                      2.38  -2.11     1.91

SNOWFALL (IN)
  YESTERDAY        0.0          MM      MM   0.0    0.0      0.0
  MONTH TO DATE    T                         0.8   -0.8      0.0
  SINCE MAR 1      T                         0.8   -0.8      0.0
  SINCE JUL 1      T                         6.7   -6.7      0.5
  SNOW DEPTH       0

DEGREE DAYS
 HEATING
  YESTERDAY        3                        15    -12       18
  MONTH TO DATE  288                       459   -171      375
  SINCE MAR 1    288                       459   -171      375
  SINCE JUL 1   2729                      3666   -937     3325

 COOLING
  YESTERDAY        0                         0      0        0
  MONTH TO DATE    0                         0      0        0
  SINCE MAR 1      0                         0      0        0
  SINCE JAN 1      0                         0      0        0
..................................................................


WIND (MPH)
  RESULTANT WIND SPEED   2   RESULTANT WIND DIRECTION  SE (140)
  HIGHEST WIND SPEED    16   HIGHEST WIND DIRECTION     S (170)
  HIGHEST GUST SPEED    23   HIGHEST GUST DIRECTION     S (160)
  AVERAGE WIND SPEED     6.9


SKY COVER
  POSSIBLE SUNSHINE  MM
  AVERAGE SKY COVER 0.0


WEATHER CONDITIONS
 THE FOLLOWING WEATHER WAS RECORDED YESTERDAY.
  NO SIGNIFICANT WEATHER WAS OBSERVED.


RELATIVE HUMIDITY (PERCENT)
 HIGHEST    48           500 AM
 LOWEST      9           200 PM
 AVERAGE    29

..........................................................


THE BISHOP CA CLIMATE NORMALS FOR TODAY
                         NORMAL    RECORD    YEAR
 MAXIMUM TEMPERATURE (F)   68        81      1986
                                             1968
                                             1966
 MINIMUM TEMPERATURE (F)   33        15      1972


SUNRISE AND SUNSET
MARCH 28 2015.........SUNRISE   645 AM PDT   SUNSET   712 PM PDT
MARCH 29 2015.........SUNRISE   644 AM PDT   SUNSET   713 PM PDT


-  INDICATES NEGATIVE NUMBERS.
R  INDICATES RECORD WAS SET OR TIED.
MM INDICATES DATA IS MISSING.
T  INDICATES TRACE AMOUNT.




$$
