781
CDUS45 KVEF 170028
CLIBIH


CLIMATE REPORT
NATIONAL WEATHER SERVICE LAS VEGAS, NV
428 PM PST SAT DEC 16 2017


...................................

...THE BISHOP CA CLIMATE SUMMARY FOR DECEMBER 16 2017...
VALID TODAY AS OF 0400 PM LOCAL TIME.

CLIMATE NORMAL PERIOD 1981 TO 2010
CLIMATE RECORD PERIOD 1943 TO 2017


WEATHER ITEM   OBSERVED RECORD YEAR NORMAL DEPARTURE LAST
                VALUE   VALUE       VALUE  FROM      YEAR
                                           NORMAL
...........................................................
TEMPERATURE (F)
 TODAY
  MAXIMUM         50     72    1980  53     -3       55
  MINIMUM         36      6    1984  22     14       30
  AVERAGE         43

PRECIPITATION (IN)
  TODAY            0.00   0.75 1957   0.02  -0.02     0.06
  MONTH TO DATE    0.00               0.32  -0.32     0.06
  SINCE OCT 1      0.16               1.14  -0.98     0.15
  SINCE JAN 1      8.98               4.69   4.29     3.22

SNOWFALL (IN)
  TODAY            0.0    1.0  1987   0.0    0.0      0.0
  MONTH TO DATE    0.0                0.3   -0.3       T
  SINCE DEC 1      0.0                0.3   -0.3       T
  SINCE JUL 1      0.0                0.6   -0.6       T
  SNOW DEPTH       0

DEGREE DAYS
 HEATING
  TODAY           22                 28     -6       22
  MONTH TO DATE  346                429    -83      345
  SINCE DEC 1    346                429    -83      345
  SINCE JUL 1   1146               1330   -184     1088

 COOLING
  TODAY            0                  0      0        0
  MONTH TO DATE    0                  0      0        0
  SINCE DEC 1      0                  0      0        0
  SINCE JAN 1   1407               1104    303     1361
...........................................................


WIND (MPH)
  RESULTANT WIND SPEED  18   RESULTANT WIND DIRECTION   N (10)
  HIGHEST WIND SPEED    33   HIGHEST WIND DIRECTION     N (10)
  HIGHEST GUST SPEED    44   HIGHEST GUST DIRECTION     N (360)
  AVERAGE WIND SPEED    19.6


SKY COVER
  POSSIBLE SUNSHINE  MM
  AVERAGE SKY COVER 0.5


WEATHER CONDITIONS
 THE FOLLOWING WEATHER WAS RECORDED TODAY.
  NO SIGNIFICANT WEATHER WAS OBSERVED.


RELATIVE HUMIDITY (PERCENT)
 HIGHEST    49           700 AM
 LOWEST     30           100 AM
 AVERAGE    40

..........................................................


THE BISHOP CA CLIMATE NORMALS FOR TOMORROW
                         NORMAL    RECORD    YEAR
 MAXIMUM TEMPERATURE (F)   53        72      1998
 MINIMUM TEMPERATURE (F)   22         0      1984


SUNRISE AND SUNSET
DECEMBER 16 2017......SUNRISE   701 AM PST   SUNSET   437 PM PST
DECEMBER 17 2017......SUNRISE   702 AM PST   SUNSET   438 PM PST


-  INDICATES NEGATIVE NUMBERS.
R  INDICATES RECORD WAS SET OR TIED.
MM INDICATES DATA IS MISSING.
T  INDICATES TRACE AMOUNT.




$$
