000
CDUS45 KVEF 020830
CLIBIH


CLIMATE REPORT
NATIONAL WEATHER SERVICE LAS VEGAS, NV
130 AM PDT THU OCT 2 2014


...................................

...THE BISHOP CA CLIMATE SUMMARY FOR OCTOBER 1 2014...

CLIMATE NORMAL PERIOD 1981 TO 2010
CLIMATE RECORD PERIOD 1943 TO 2014


WEATHER ITEM   OBSERVED TIME   RECORD YEAR NORMAL DEPARTURE LAST
                VALUE   (LST)  VALUE       VALUE  FROM      YEAR
                                                  NORMAL
..................................................................
TEMPERATURE (F)
 YESTERDAY
  MAXIMUM         79    305 PM  97    1980  82     -3       85
  MINIMUM         49   1159 PM  30    1971  42      7       41
  AVERAGE         64                        62      2       63

PRECIPITATION (IN)
  YESTERDAY        0.00          0.39 1946   0.01  -0.01     0.00
  MONTH TO DATE    0.00                      0.01  -0.01     0.00
  SINCE OCT 1      0.00                      0.01  -0.01     0.00
  SINCE JAN 1      2.77                      3.57  -0.80     1.11

SNOWFALL (IN)
  YESTERDAY        0.0          MM      MM   0.0    0.0      0.0
  MONTH TO DATE    0.0                       0.0    0.0      0.0
  SINCE SEP 1      0.0                       0.0    0.0      0.0
  SINCE JUL 1      0.0                       0.0    0.0      0.0
  SNOW DEPTH       0

DEGREE DAYS
 HEATING
  YESTERDAY        1                         4     -3        2
  MONTH TO DATE    1                         4     -3        2
  SINCE SEP 1     26                        45    -19       58
  SINCE JUL 1     26                        47    -21       58

 COOLING
  YESTERDAY        0                         1     -1        0
  MONTH TO DATE    0                         1     -1        0
  SINCE SEP 1    219                       120     99      172
  SINCE JAN 1   1366                      1097    269     1337
..................................................................


WIND (MPH)
  RESULTANT WIND SPEED  10   RESULTANT WIND DIRECTION   N (360)
  HIGHEST WIND SPEED    24   HIGHEST WIND DIRECTION     N (360)
  HIGHEST GUST SPEED    30   HIGHEST GUST DIRECTION     N (10)
  AVERAGE WIND SPEED    11.4


SKY COVER
  POSSIBLE SUNSHINE  MM
  AVERAGE SKY COVER 0.1


WEATHER CONDITIONS
 THE FOLLOWING WEATHER WAS RECORDED YESTERDAY.
  NO SIGNIFICANT WEATHER WAS OBSERVED.


RELATIVE HUMIDITY (PERCENT)
 HIGHEST    41           500 AM
 LOWEST      8           400 PM
 AVERAGE    25

..........................................................


THE BISHOP CA CLIMATE NORMALS FOR TODAY
                         NORMAL    RECORD    YEAR
 MAXIMUM TEMPERATURE (F)   82        95      1980
 MINIMUM TEMPERATURE (F)   42        27      1946


SUNRISE AND SUNSET
OCTOBER  2 2014.......SUNRISE   650 AM PDT   SUNSET   635 PM PDT
OCTOBER  3 2014.......SUNRISE   651 AM PDT   SUNSET   634 PM PDT


-  INDICATES NEGATIVE NUMBERS.
R  INDICATES RECORD WAS SET OR TIED.
MM INDICATES DATA IS MISSING.
T  INDICATES TRACE AMOUNT.




$$
