000
CDUS45 KVEF 270835
CLIBIH


CLIMATE REPORT
NATIONAL WEATHER SERVICE LAS VEGAS, NV
135 AM PDT THU AUG 27 2015


...................................

...THE BISHOP CA CLIMATE SUMMARY FOR AUGUST 26 2015...

CLIMATE NORMAL PERIOD 1981 TO 2010
CLIMATE RECORD PERIOD 1943 TO 2015


WEATHER ITEM   OBSERVED TIME   RECORD YEAR NORMAL DEPARTURE LAST
                VALUE   (LST)  VALUE       VALUE  FROM      YEAR
                                                  NORMAL
..................................................................
TEMPERATURE (F)
 YESTERDAY
  MAXIMUM         99    241 PM 102    2001  95      4       91
  MINIMUM         63    506 AM  42    1954  52     11       55
  AVERAGE         81                        73      8       73

PRECIPITATION (IN)
  YESTERDAY        T             0.16 1999   0.00   0.00     0.00
  MONTH TO DATE    0.02                      0.11  -0.09     0.20
  SINCE OCT 1      3.01                      4.96  -1.95     2.83
  SINCE JAN 1      2.55                      3.34  -0.79     2.61

SNOWFALL (IN)
  YESTERDAY        0.0          MM      MM   0.0    0.0      0.0
  MONTH TO DATE    0.0                       0.0    0.0      0.0
  SINCE JUN 1      0.0                       0.0    0.0      0.0
  SINCE JUL 1      0.0                       0.0    0.0      0.0
  SNOW DEPTH       0

DEGREE DAYS
 HEATING
  YESTERDAY        0                         0      0        0
  MONTH TO DATE    0                         0      0        0
  SINCE JUN 1      0                        20    -20        0
  SINCE JUL 1      0                         1     -1        0

 COOLING
  YESTERDAY       16                         8      8        8
  MONTH TO DATE  343                       274     69      244
  SINCE JUN 1   1039                       870    169     1004
  SINCE JAN 1   1090                       938    152     1089
..................................................................


WIND (MPH)
  RESULTANT WIND SPEED   2   RESULTANT WIND DIRECTION  NW (310)
  HIGHEST WIND SPEED    26   HIGHEST WIND DIRECTION     W (250)
  HIGHEST GUST SPEED    33   HIGHEST GUST DIRECTION     W (250)
  AVERAGE WIND SPEED     5.1


SKY COVER
  POSSIBLE SUNSHINE  MM
  AVERAGE SKY COVER 0.1


WEATHER CONDITIONS
 THE FOLLOWING WEATHER WAS RECORDED YESTERDAY.
  LIGHT RAIN


RELATIVE HUMIDITY (PERCENT)
 HIGHEST    37          1200 AM
 LOWEST      9           300 PM
 AVERAGE    23

..........................................................


THE BISHOP CA CLIMATE NORMALS FOR TODAY
                         NORMAL    RECORD    YEAR
 MAXIMUM TEMPERATURE (F)   94       103      1950
 MINIMUM TEMPERATURE (F)   52        41      1973


SUNRISE AND SUNSET
AUGUST 27 2015........SUNRISE   620 AM PDT   SUNSET   730 PM PDT
AUGUST 28 2015........SUNRISE   620 AM PDT   SUNSET   728 PM PDT


-  INDICATES NEGATIVE NUMBERS.
R  INDICATES RECORD WAS SET OR TIED.
MM INDICATES DATA IS MISSING.
T  INDICATES TRACE AMOUNT.




$$
