000
CDUS45 KVEF 210826
CLIBIH


CLIMATE REPORT
NATIONAL WEATHER SERVICE LAS VEGAS, NV
1226 AM PST SUN DEC 21 2014


...................................

...THE BISHOP CA CLIMATE SUMMARY FOR DECEMBER 20 2014...

CLIMATE NORMAL PERIOD 1981 TO 2010
CLIMATE RECORD PERIOD 1943 TO 2014


WEATHER ITEM   OBSERVED TIME   RECORD YEAR NORMAL DEPARTURE LAST
                VALUE   (LST)  VALUE       VALUE  FROM      YEAR
                                                  NORMAL
..................................................................
TEMPERATURE (F)
 YESTERDAY
  MAXIMUM         51    252 PM  71    1972  53     -2       55
  MINIMUM         25    237 AM  -2    1967  22      3       24
  AVERAGE         38                        37      1       40

PRECIPITATION (IN)
  YESTERDAY        0.00          0.51 2010   0.02  -0.02     0.00
  MONTH TO DATE    0.46                      0.42   0.04     0.03
  SINCE OCT 1      0.46                      1.24  -0.78     0.22
  SINCE JAN 1      3.23                      4.80  -1.57     1.33

SNOWFALL (IN)
  YESTERDAY        0.0           1.3  2010   0.0    0.0      0.0
  MONTH TO DATE    0.0                       0.6   -0.6      0.5
  SINCE DEC 1      0.0                       0.6   -0.6      0.5
  SINCE JUL 1      0.0                       1.0   -1.0      0.5
  SNOW DEPTH       0

DEGREE DAYS
 HEATING
  YESTERDAY       27                        28     -1       25
  MONTH TO DATE  463                       541    -78      566
  SINCE DEC 1    463                       541    -78      566
  SINCE JUL 1   1114                      1442   -328     1569

 COOLING
  YESTERDAY        0                         0      0        0
  MONTH TO DATE    0                         0      0        0
  SINCE DEC 1      0                         0      0        0
  SINCE JAN 1   1384                      1104    280     1337
..................................................................


WIND (MPH)
  RESULTANT WIND SPEED   1   RESULTANT WIND DIRECTION  NW (330)
  HIGHEST WIND SPEED     8   HIGHEST WIND DIRECTION    NW (310)
  HIGHEST GUST SPEED     9   HIGHEST GUST DIRECTION     E (70)
  AVERAGE WIND SPEED     2.2


SKY COVER
  POSSIBLE SUNSHINE  MM
  AVERAGE SKY COVER 0.1


WEATHER CONDITIONS
 THE FOLLOWING WEATHER WAS RECORDED YESTERDAY.
  FOG


RELATIVE HUMIDITY (PERCENT)
 HIGHEST    92           200 AM
 LOWEST     50           200 PM
 AVERAGE    71

..........................................................


THE BISHOP CA CLIMATE NORMALS FOR TODAY
                         NORMAL    RECORD    YEAR
 MAXIMUM TEMPERATURE (F)   53        69      1960
 MINIMUM TEMPERATURE (F)   22        -4      1990
                                             1967


SUNRISE AND SUNSET
DECEMBER 21 2014......SUNRISE   704 AM PST   SUNSET   439 PM PST
DECEMBER 22 2014......SUNRISE   705 AM PST   SUNSET   440 PM PST


-  INDICATES NEGATIVE NUMBERS.
R  INDICATES RECORD WAS SET OR TIED.
MM INDICATES DATA IS MISSING.
T  INDICATES TRACE AMOUNT.




$$
