000
CDUS45 KVEF 020034
CLIBIH


CLIMATE REPORT
NATIONAL WEATHER SERVICE LAS VEGAS, NV
434 PM PST SUN FEB 1 2015


...................................

...THE BISHOP CA CLIMATE SUMMARY FOR FEBRUARY 1 2015...
VALID TODAY AS OF 0400 PM LOCAL TIME.

CLIMATE NORMAL PERIOD 1981 TO 2010
CLIMATE RECORD PERIOD 1943 TO 2015


WEATHER ITEM   OBSERVED RECORD YEAR NORMAL DEPARTURE LAST
                VALUE   VALUE       VALUE  FROM      YEAR
                                           NORMAL
...........................................................
TEMPERATURE (F)
 TODAY
  MAXIMUM         69     73    2003  55     14       47
                               1995
  MINIMUM         26      9    1969  24      2       19
                               1950
                               1949
  AVERAGE         48

PRECIPITATION (IN)
  TODAY            0.00   2.36 1945   0.03  -0.03     0.00
  MONTH TO DATE    0.00               0.03  -0.03     0.00
  SINCE OCT 1      0.55               2.70  -2.15     0.42
  SINCE JAN 1      0.09               1.08  -0.99     0.20

SNOWFALL (IN)
  TODAY            0.0    2.2  1998   0.0    0.0      0.0
  MONTH TO DATE    0.0                0.0    0.0      0.0
  SINCE DEC 1      0.0                5.4   -5.4      0.5
  SINCE JUL 1      0.0                5.8   -5.8      0.5
  SNOW DEPTH       0

DEGREE DAYS
 HEATING
  TODAY           17                 25     -8       32
  MONTH TO DATE   17                 25     -8       32
  SINCE DEC 1   1404               1693   -289     1455
  SINCE JUL 1   2055               2594   -539     2458

 COOLING
  TODAY            0                  0      0        0
  MONTH TO DATE    0                  0      0        0
  SINCE DEC 1      0                  0      0        0
  SINCE JAN 1      0                  0      0        0
...........................................................


WIND (MPH)
  RESULTANT WIND SPEED   4   RESULTANT WIND DIRECTION  NW (320)
  HIGHEST WIND SPEED    12   HIGHEST WIND DIRECTION    NW (320)
  HIGHEST GUST SPEED    13   HIGHEST GUST DIRECTION    NW (320)
  AVERAGE WIND SPEED     5.7


SKY COVER
  POSSIBLE SUNSHINE  MM
  AVERAGE SKY COVER 0.0


WEATHER CONDITIONS
 THE FOLLOWING WEATHER WAS RECORDED TODAY.
  NO SIGNIFICANT WEATHER WAS OBSERVED.


RELATIVE HUMIDITY (PERCENT)
 HIGHEST    39           100 AM
 LOWEST      5           300 PM
 AVERAGE    22

..........................................................


THE BISHOP CA CLIMATE NORMALS FOR TOMORROW
                         NORMAL    RECORD    YEAR
 MAXIMUM TEMPERATURE (F)   55        72      1995
 MINIMUM TEMPERATURE (F)   25         9      1969
                                             1949


SUNRISE AND SUNSET
FEBRUARY  1 2015......SUNRISE   657 AM PST   SUNSET   518 PM PST
FEBRUARY  2 2015......SUNRISE   656 AM PST   SUNSET   519 PM PST


-  INDICATES NEGATIVE NUMBERS.
R  INDICATES RECORD WAS SET OR TIED.
MM INDICATES DATA IS MISSING.
T  INDICATES TRACE AMOUNT.




$$
