000
CDUS45 KVEF 260827
CLIBIH


CLIMATE REPORT
NATIONAL WEATHER SERVICE LAS VEGAS, NV
126 AM PDT MON SEP 26 2016


...................................

...THE BISHOP CA CLIMATE SUMMARY FOR SEPTEMBER 25 2016...

CLIMATE NORMAL PERIOD 1981 TO 2010
CLIMATE RECORD PERIOD 1943 TO 2016


WEATHER ITEM   OBSERVED TIME   RECORD YEAR NORMAL DEPARTURE LAST
                VALUE   (LST)  VALUE       VALUE  FROM      YEAR
                                                  NORMAL
..................................................................
TEMPERATURE (F)
 YESTERDAY
  MAXIMUM         89    310 PM  96    2015  85      4       96
  MINIMUM         48    547 AM  32    1986  44      4       53
  AVERAGE         69                        64      5       75

PRECIPITATION (IN)
  YESTERDAY        0.00          0.14 1943   0.00   0.00     0.00
  MONTH TO DATE    T                         0.14  -0.14     0.01
  SINCE OCT 1      3.88                      5.12  -1.24     3.02
  SINCE JAN 1      3.07                      3.50  -0.43     2.56

SNOWFALL (IN)
  YESTERDAY        0.0          MM      MM   0.0    0.0      0.0
  MONTH TO DATE    0.0                       0.0    0.0      0.0
  SINCE SEP 1      0.0                       0.0    0.0      0.0
  SINCE JUL 1      0.0                       0.0    0.0      0.0
  SNOW DEPTH       0

DEGREE DAYS
 HEATING
  YESTERDAY        0                         2     -2        0
  MONTH TO DATE   17                        25     -8        5
  SINCE SEP 1     17                        25     -8        5
  SINCE JUL 1     17                        27    -10        5

 COOLING
  YESTERDAY        4                         2      2       10
  MONTH TO DATE  118                       111      7      157
  SINCE SEP 1    118                       111      7      157
  SINCE JAN 1   1341                      1088    253     1307
..................................................................


WIND (MPH)
  RESULTANT WIND SPEED   3   RESULTANT WIND DIRECTION  NW (300)
  HIGHEST WIND SPEED    15   HIGHEST WIND DIRECTION     N (340)
  HIGHEST GUST SPEED    19   HIGHEST GUST DIRECTION     N (350)
  AVERAGE WIND SPEED     6.3


SKY COVER
  POSSIBLE SUNSHINE  MM
  AVERAGE SKY COVER 0.0


WEATHER CONDITIONS
 THE FOLLOWING WEATHER WAS RECORDED YESTERDAY.
  NO SIGNIFICANT WEATHER WAS OBSERVED.


RELATIVE HUMIDITY (PERCENT)
 HIGHEST    32           600 AM
 LOWEST      8           100 PM
 AVERAGE    20

..........................................................


THE BISHOP CA CLIMATE NORMALS FOR TODAY
                         NORMAL    RECORD    YEAR
 MAXIMUM TEMPERATURE (F)   84        96      2010
                                             2009
 MINIMUM TEMPERATURE (F)   44        26      1986
                                             1948


SUNRISE AND SUNSET
SEPTEMBER 26 2016.....SUNRISE   645 AM PDT   SUNSET   643 PM PDT
SEPTEMBER 27 2016.....SUNRISE   646 AM PDT   SUNSET   642 PM PDT


-  INDICATES NEGATIVE NUMBERS.
R  INDICATES RECORD WAS SET OR TIED.
MM INDICATES DATA IS MISSING.
T  INDICATES TRACE AMOUNT.




$$
