000
CDUS45 KVEF 310836
CLIBIH


CLIMATE REPORT
NATIONAL WEATHER SERVICE LAS VEGAS, NV
136 AM PDT TUE MAY 31 2016


...................................

...THE BISHOP CA CLIMATE SUMMARY FOR MAY 30 2016...

CLIMATE NORMAL PERIOD 1981 TO 2010
CLIMATE RECORD PERIOD 1943 TO 2016


WEATHER ITEM   OBSERVED TIME   RECORD YEAR NORMAL DEPARTURE LAST
                VALUE   (LST)  VALUE       VALUE  FROM      YEAR
                                                  NORMAL
..................................................................
TEMPERATURE (F)
 YESTERDAY
  MAXIMUM         94    318 PM 100    1986  87      7       96
  MINIMUM         51    449 AM  30    2011  47      4       52
  AVERAGE         73                        67      6       74

PRECIPITATION (IN)
  YESTERDAY        0.00          0.05 1949   0.00   0.00     0.00
  MONTH TO DATE    0.34                      0.18   0.16     1.39
  SINCE OCT 1      3.38                      4.49  -1.11     2.13
  SINCE JAN 1      2.57                      2.87  -0.30     1.67

SNOWFALL (IN)
  YESTERDAY        0.0          MM      MM   0.0    0.0      0.0
  MONTH TO DATE    0.0                       0.0    0.0       T
  SINCE MAR 1      T                         0.6   -0.6       T
  SINCE JUL 1      2.0                       8.0   -6.0       T
  SNOW DEPTH       0

DEGREE DAYS
 HEATING
  YESTERDAY        0                         2     -2        0
  MONTH TO DATE   96                       115    -19      127
  SINCE MAR 1    698                       950   -252      677
  SINCE JUL 1   3754                      4157   -403     3118

 COOLING
  YESTERDAY        8                         4      4        9
  MONTH TO DATE   39                        59    -20       38
  SINCE MAR 1     39                        63    -24       42
  SINCE JAN 1     39                        63    -24       42
..................................................................


WIND (MPH)
  RESULTANT WIND SPEED   6   RESULTANT WIND DIRECTION  NW (310)
  HIGHEST WIND SPEED    18   HIGHEST WIND DIRECTION     N (340)
  HIGHEST GUST SPEED    25   HIGHEST GUST DIRECTION     N (340)
  AVERAGE WIND SPEED     7.7


SKY COVER
  POSSIBLE SUNSHINE  MM
  AVERAGE SKY COVER 0.0


WEATHER CONDITIONS
 THE FOLLOWING WEATHER WAS RECORDED YESTERDAY.
  NO SIGNIFICANT WEATHER WAS OBSERVED.


RELATIVE HUMIDITY (PERCENT)
 HIGHEST    54           500 AM
 LOWEST      9           300 PM
 AVERAGE    32

..........................................................


THE BISHOP CA CLIMATE NORMALS FOR TODAY
                         NORMAL    RECORD    YEAR
 MAXIMUM TEMPERATURE (F)   87        99      1950
 MINIMUM TEMPERATURE (F)   48        33      1971


SUNRISE AND SUNSET
MAY 31 2016...........SUNRISE   535 AM PDT   SUNSET   808 PM PDT
JUNE  1 2016..........SUNRISE   534 AM PDT   SUNSET   809 PM PDT


-  INDICATES NEGATIVE NUMBERS.
R  INDICATES RECORD WAS SET OR TIED.
MM INDICATES DATA IS MISSING.
T  INDICATES TRACE AMOUNT.




$$
