000
CDUS45 KBYZ 230309
CLIBIL


CLIMATE REPORT
NATIONAL WEATHER SERVICE BILLINGS MT
908 PM MDT MON SEP 22 2014


...................................

...THE BILLINGS MT CLIMATE SUMMARY FOR SEPTEMBER 22 2014...
VALID AS OF 0900 PM LOCAL TIME.

CLIMATE NORMAL PERIOD 1981 TO 2010
CLIMATE RECORD PERIOD 1934 TO 2014


WEATHER ITEM   OBSERVED RECORD YEAR NORMAL DEPARTURE LAST
                VALUE   VALUE       VALUE  FROM      YEAR
                                           NORMAL
...........................................................
TEMPERATURE (F)
 TODAY
  MAXIMUM         83     91    1938  70     13
  MINIMUM         54     25    2000  45      9
  AVERAGE         69

PRECIPITATION (IN)
  TODAY            0.00   0.55 2006   0.05  -0.05      T
  MONTH TO DATE    0.41               0.93  -0.52     2.99
  SINCE OCT 1     17.19              13.29   3.90    13.22
  SINCE JAN 1     12.30              10.98   1.32    11.17

...........................................................










-  INDICATES NEGATIVE NUMBERS.
R  INDICATES RECORD WAS SET OR TIED.
MM INDICATES DATA IS MISSING.
T  INDICATES TRACE AMOUNT.




$$
