000
CDUS45 KBYZ 220723
CLIBIL


CLIMATE REPORT
NATIONAL WEATHER SERVICE BILLINGS MT
123 AM MDT FRI SEP 22 2017


...................................

...THE BILLINGS MT CLIMATE SUMMARY FOR SEPTEMBER 21 2017...

CLIMATE NORMAL PERIOD 1981 TO 2010
CLIMATE RECORD PERIOD 1934 TO 2017


WEATHER ITEM   OBSERVED TIME   RECORD YEAR NORMAL DEPARTURE LAST
                VALUE   (LST)  VALUE       VALUE  FROM      YEAR
                                                  NORMAL
..................................................................
TEMPERATURE (F)
 YESTERDAY
  MAXIMUM         51   1227 PM  91    1938  70    -19       56
  MINIMUM         40   1159 PM  28    1995  46     -6       48
  AVERAGE         46                        58    -12       52

PRECIPITATION (IN)
  YESTERDAY        0.51          0.67 1991   0.05   0.46     0.05
  MONTH TO DATE    2.46                      0.88   1.58     1.08
  SINCE OCT 1     19.26                     13.24   6.02    11.68
  SINCE JAN 1     13.70                     10.93   2.77     8.83

SNOWFALL (IN)
  YESTERDAY        0.0           0.5  2000   0.1   -0.1      0.0
  MONTH TO DATE    0.0                       0.5   -0.5      0.0
  SINCE SEP 1      0.0                       0.5   -0.5      0.0
  SINCE JUL 1      0.0                       0.5   -0.5      0.0
  SNOW DEPTH       0

DEGREE DAYS
 HEATING
  YESTERDAY       19                         8     11       13
  MONTH TO DATE  118                       103     15      112
  SINCE SEP 1    118                       103     15      112
  SINCE JUL 1    120                       140    -20      140

 COOLING
  YESTERDAY        0                         1     -1        0
  MONTH TO DATE   99                        45     54       39
  SINCE SEP 1     99                        45     54       39
  SINCE JAN 1    839                       627    212      723
..................................................................


WIND (MPH)
  HIGHEST WIND SPEED    16   HIGHEST WIND DIRECTION    NE (50)
  HIGHEST GUST SPEED    19   HIGHEST GUST DIRECTION    NE (60)
  AVERAGE WIND SPEED     6.4


SKY COVER
  POSSIBLE SUNSHINE  MM
  AVERAGE SKY COVER 1.0


WEATHER CONDITIONS
 THE FOLLOWING WEATHER WAS RECORDED YESTERDAY.
  RAIN
  LIGHT RAIN
  FOG


RELATIVE HUMIDITY (PERCENT)
 HIGHEST   100          1100 PM
 LOWEST     61          1200 AM
 AVERAGE    81

..........................................................


THE BILLINGS MT CLIMATE NORMALS FOR TODAY
                         NORMAL    RECORD    YEAR
 MAXIMUM TEMPERATURE (F)   70        91      1938
 MINIMUM TEMPERATURE (F)   45        25      2000


SUNRISE AND SUNSET
SEPTEMBER 22 2017.....SUNRISE   701 AM MDT   SUNSET   711 PM MDT
SEPTEMBER 23 2017.....SUNRISE   703 AM MDT   SUNSET   709 PM MDT


-  INDICATES NEGATIVE NUMBERS.
R  INDICATES RECORD WAS SET OR TIED.
MM INDICATES DATA IS MISSING.
T  INDICATES TRACE AMOUNT.




$$
