000
CDUS45 KBYZ 302233
CLIBIL


CLIMATE REPORT
NATIONAL WEATHER SERVICE BILLINGS MT
433 PM MDT MON MAR 30 2015


...................................

...THE BILLINGS MT CLIMATE SUMMARY FOR MARCH 30 2015...
VALID TODAY AS OF 0400 PM LOCAL TIME.

CLIMATE NORMAL PERIOD 1981 TO 2010
CLIMATE RECORD PERIOD 1934 TO 2015


WEATHER ITEM   OBSERVED TIME   RECORD YEAR NORMAL DEPARTURE LAST
                VALUE   (LST)  VALUE       VALUE  FROM      YEAR
                                                  NORMAL
..................................................................
TEMPERATURE (F)
 TODAY
  MAXIMUM         71    321 PM  79    1978  53     18       45
  MINIMUM         46    110 AM  -8    1936  31     15       29
  AVERAGE         59                        42     17       37

PRECIPITATION (IN)
  TODAY            0.00          0.75 2006   0.04  -0.04     0.62
  MONTH TO DATE    0.37                      1.01  -0.64     1.24
  SINCE OCT 1      3.24                      4.28  -1.04     9.21
  SINCE JAN 1      1.67                      1.97  -0.30     4.32

SNOWFALL (IN)
  TODAY            0.0           8.3  2007   0.3   -0.3      0.3
  MONTH TO DATE    5.4                       9.8   -4.4      9.3
  SINCE MAR 1      5.4                       9.8   -4.4      9.3
  SINCE JUL 1     49.5                      44.3    5.2     99.5
  SNOW DEPTH       0

DEGREE DAYS
 HEATING
  TODAY            6                        24    -18       28
  MONTH TO DATE  553                       822   -269      929
  SINCE MAR 1    553                       822   -269      929
  SINCE JUL 1   5194                      5787   -593     6202

 COOLING
  TODAY            0                         0      0        0
  MONTH TO DATE    0                         0      0        0
  SINCE MAR 1      0                         0      0        0
  SINCE JAN 1      0                         0      0        0
..................................................................


WIND (MPH)
  HIGHEST WIND SPEED    20   HIGHEST WIND DIRECTION     W (270)
  HIGHEST GUST SPEED    26   HIGHEST GUST DIRECTION     W (280)
  AVERAGE WIND SPEED    12.4


SKY COVER
  POSSIBLE SUNSHINE  MM
  AVERAGE SKY COVER 0.5


WEATHER CONDITIONS
 THE FOLLOWING WEATHER WAS RECORDED TODAY.
  NO SIGNIFICANT WEATHER WAS OBSERVED.


RELATIVE HUMIDITY (PERCENT)
 HIGHEST    42           200 AM
 LOWEST     15           200 PM
 AVERAGE    29

..........................................................


THE BILLINGS MT CLIMATE NORMALS FOR TOMORROW
                         NORMAL    RECORD    YEAR
 MAXIMUM TEMPERATURE (F)   53        80      2012
                                             2004
 MINIMUM TEMPERATURE (F)   31         1      1936


SUNRISE AND SUNSET
MARCH 30 2015.........SUNRISE   658 AM MDT   SUNSET   740 PM MDT
MARCH 31 2015.........SUNRISE   656 AM MDT   SUNSET   741 PM MDT


-  INDICATES NEGATIVE NUMBERS.
R  INDICATES RECORD WAS SET OR TIED.
MM INDICATES DATA IS MISSING.
T  INDICATES TRACE AMOUNT.




$$
