000
CDUS45 KBYZ 081038
CLIBIL


CLIMATE REPORT
NATIONAL WEATHER SERVICE BILLINGS MT
337 AM MST MON FEB 8 2016


...................................

...THE BILLINGS MT CLIMATE SUMMARY FOR FEBRUARY 7 2016...

CLIMATE NORMAL PERIOD 1981 TO 2010
CLIMATE RECORD PERIOD 1934 TO 2016


WEATHER ITEM   OBSERVED TIME   RECORD YEAR NORMAL DEPARTURE LAST
                VALUE   (LST)  VALUE       VALUE  FROM      YEAR
                                                  NORMAL
..................................................................
TEMPERATURE (F)
 YESTERDAY
  MAXIMUM         42    341 PM  68    1987  38      4       65
  MINIMUM         25    737 AM -25    1936  20      5       48
  AVERAGE         34                        29      5       57

PRECIPITATION (IN)
  YESTERDAY        0.00          0.29 2011   0.01  -0.01     0.00
  MONTH TO DATE    T                         0.11  -0.11     0.09
  SINCE OCT 1      3.29                      2.90   0.39     2.75
  SINCE JAN 1      0.44                      0.59  -0.15     1.18

SNOWFALL (IN)
  YESTERDAY        0.0           6.3  2011   0.2   -0.2      0.0
  MONTH TO DATE    T                         1.5   -1.5      1.7
  SINCE DEC 1     20.1                      18.1    2.0     28.8
  SINCE JUL 1     24.2                      29.8   -5.6     42.0
  SNOW DEPTH       0

DEGREE DAYS
 HEATING
  YESTERDAY       31                        36     -5        8
  MONTH TO DATE  224                       255    -31      203
  SINCE DEC 1   2407                      2623   -216     2367
  SINCE JUL 1   3795                      4251   -456     3968

 COOLING
  YESTERDAY        0                         0      0        0
  MONTH TO DATE    0                         0      0        0
  SINCE DEC 1      0                         0      0        0
  SINCE JAN 1      0                         0      0        0
..................................................................


WIND (MPH)
  HIGHEST WIND SPEED    28   HIGHEST WIND DIRECTION    NW (330)
  HIGHEST GUST SPEED    35   HIGHEST GUST DIRECTION    NW (320)
  AVERAGE WIND SPEED    11.7


SKY COVER
  POSSIBLE SUNSHINE  MM
  AVERAGE SKY COVER 0.5


WEATHER CONDITIONS
 THE FOLLOWING WEATHER WAS RECORDED YESTERDAY.
  NO SIGNIFICANT WEATHER WAS OBSERVED.


RELATIVE HUMIDITY (PERCENT)
 HIGHEST    63           700 AM
 LOWEST     22           200 PM
 AVERAGE    43

..........................................................


THE BILLINGS MT CLIMATE NORMALS FOR TODAY
                         NORMAL    RECORD    YEAR
 MAXIMUM TEMPERATURE (F)   39        68      1954
 MINIMUM TEMPERATURE (F)   20       -33      1936


SUNRISE AND SUNSET
FEBRUARY  8 2016......SUNRISE   727 AM MST   SUNSET   530 PM MST
FEBRUARY  9 2016......SUNRISE   726 AM MST   SUNSET   531 PM MST


-  INDICATES NEGATIVE NUMBERS.
R  INDICATES RECORD WAS SET OR TIED.
MM INDICATES DATA IS MISSING.
T  INDICATES TRACE AMOUNT.





&&

...THE CLIMATE SUMMARY FOR SOUTHWEST BILLINGS FOR 07 FEBRUARY 2016...

HIGH TEMPERATURE........................44
LOW TEMPERATURE.........................31

PRECIPITATION...........................0.00
MONTHLY PRECIPITATION TOTAL.............T
YEARLY PRECIPITATION TOTAL..............0.35

SNOWFALL................................0.0
MONTHLY SNOWFALL TOTAL..................T
TOTAL SNOWFALL SINCE JULY 1.............23.8

SNOW DEPTH AT MIDNIGHT..................0

$$
