000
CDUS43 KBIS 210032
CLIBIS


CLIMATE REPORT
NATIONAL WEATHER SERVICE BISMARCK ND
732 PM CDT SAT SEP 20 2014


...................................

...THE BISMARCK ND CLIMATE SUMMARY FOR SEPTEMBER 20 2014...
VALID TODAY AS OF 0700 PM LOCAL TIME.

CLIMATE NORMAL PERIOD 1981 TO 2010
CLIMATE RECORD PERIOD 1875 TO 2014


WEATHER ITEM   OBSERVED TIME   RECORD YEAR NORMAL DEPARTURE LAST
                VALUE   (LST)  VALUE       VALUE  FROM      YEAR
                                                  NORMAL
..................................................................
TEMPERATURE (F)
 TODAY
  MAXIMUM         74    336 PM  97    1898  70      4       67
  MINIMUM         50    633 AM  25    1982  43      7       41
  AVERAGE         62                        57      5       54

PRECIPITATION (IN)
  TODAY            0.00          1.21 1955   0.05  -0.05     0.00
  MONTH TO DATE    0.26                      1.12  -0.86     3.91
  SINCE SEP 1      0.26                      1.12  -0.86     3.91
  SINCE JAN 1     12.95                     14.93  -1.98    20.22

SNOWFALL (IN)
  TODAY            0.0           0.0  2002   0.0    0.0      0.0
                                      2001
  MONTH TO DATE    0.0                       0.1   -0.1      0.0
  SINCE SEP 1      0.0                       0.1   -0.1      0.0
  SINCE JUL 1      0.0                       0.1   -0.1      0.0
  SNOW DEPTH       0

DEGREE DAYS
 HEATING
  TODAY            3                         9     -6       11
  MONTH TO DATE  147                       118     29       43
  SINCE SEP 1    147                       118     29       43
  SINCE JUL 1    209                       173     36       71

 COOLING
  TODAY            0                         1     -1        0
  MONTH TO DATE   15                        35    -20       74
  SINCE SEP 1     15                        35    -20       74
  SINCE JAN 1    421                       516    -95      554
..................................................................


WIND (MPH)
  RESULTANT WIND SPEED  10   RESULTANT WIND DIRECTION  NW (300)
  HIGHEST WIND SPEED    31   HIGHEST WIND DIRECTION    NW (320)
  HIGHEST GUST SPEED    40   HIGHEST GUST DIRECTION    NW (330)
  AVERAGE WIND SPEED    11.3


SKY COVER
  POSSIBLE SUNSHINE  MM
  AVERAGE SKY COVER 0.3


WEATHER CONDITIONS
 THE FOLLOWING WEATHER WAS RECORDED TODAY.
  NO SIGNIFICANT WEATHER WAS OBSERVED.


RELATIVE HUMIDITY (PERCENT)
 HIGHEST    93           400 AM
 LOWEST     27           400 PM
 AVERAGE    60

..........................................................


THE BISMARCK ND CLIMATE NORMALS FOR TOMORROW
                         NORMAL    RECORD    YEAR
 MAXIMUM TEMPERATURE (F)   70        93      1937
                                             1922
 MINIMUM TEMPERATURE (F)   43        20      1878


SUNRISE AND SUNSET
SEPTEMBER 20 2014.....SUNRISE   727 AM CDT   SUNSET   745 PM CDT
SEPTEMBER 21 2014.....SUNRISE   729 AM CDT   SUNSET   743 PM CDT


-  INDICATES NEGATIVE NUMBERS.
R  INDICATES RECORD WAS SET OR TIED.
MM INDICATES DATA IS MISSING.
T  INDICATES TRACE AMOUNT.




$$
