000
CDUS43 KGRR 200519
CLIBIV


CLIMATE REPORT
NATIONAL WEATHER SERVICE GRAND RAPIDS, MI
118 AM EDT SAT SEP 20 2014


...................................

...THE HOLLAND/TULIP CITY MI CLIMATE SUMMARY FOR SEPTEMBER 19 2014...

CLIMATE NORMAL PERIOD 1981 TO 2010
CLIMATE RECORD PERIOD 1996 TO 2014


WEATHER ITEM   OBSERVED TIME   NORMAL DEPARTURE LAST
                VALUE   (LST)  VALUE  FROM      YEAR
                                      NORMAL
......................................................
TEMPERATURE (F)
 YESTERDAY
  MAXIMUM         72    405 PM  72      0       78
  MINIMUM         47    617 AM  52     -5       63
  AVERAGE         60            62     -2       71

PRECIPITATION (IN)
  YESTERDAY        0.00          0.14  -0.14     0.71
  MONTH TO DATE    2.88          2.16   0.72     0.88
  SINCE SEP 1      2.88          2.16   0.72     0.88
  SINCE JAN 1     23.91         25.37  -1.46    28.89

DEGREE DAYS
 HEATING
  YESTERDAY        5             5      0        0
  MONTH TO DATE   91            46     45       54
  SINCE SEP 1     91            46     45       54
  SINCE JUL 1    127            61     66       73

 COOLING
  YESTERDAY        0             2     -2        6
  MONTH TO DATE   49            52     -3       81
  SINCE SEP 1     49            52     -3       81
  SINCE JAN 1    566           670   -104      788
......................................................


WIND (MPH)
  RESULTANT WIND SPEED   7   RESULTANT WIND DIRECTION  SE (150)
  HIGHEST WIND SPEED    18   HIGHEST WIND DIRECTION    SE (150)
  HIGHEST GUST SPEED    23   HIGHEST GUST DIRECTION    SE (150)
  AVERAGE WIND SPEED     8.6


SKY COVER
  AVERAGE SKY COVER 0.0


WEATHER CONDITIONS
 THE FOLLOWING WEATHER WAS RECORDED YESTERDAY.
  FOG


RELATIVE HUMIDITY (PERCENT)
 HIGHEST    93           400 AM
 LOWEST     53           200 PM
 AVERAGE    73

..........................................................


THE HOLLAND/TULIP CITY MI CLIMATE NORMALS FOR TODAY
                         NORMAL
 MAXIMUM TEMPERATURE (F)   72
 MINIMUM TEMPERATURE (F)   52


SUNRISE AND SUNSET
SEPTEMBER 20 2014.....SUNRISE   730 AM EDT   SUNSET   746 PM EDT
SEPTEMBER 21 2014.....SUNRISE   731 AM EDT   SUNSET   744 PM EDT


-  INDICATES NEGATIVE NUMBERS.
R  INDICATES RECORD WAS SET OR TIED.
MM INDICATES DATA IS MISSING.
T  INDICATES TRACE AMOUNT.




$$
