000
CDUS43 KGRR 270553
CLIBIV


CLIMATE REPORT
NATIONAL WEATHER SERVICE GRAND RAPIDS, MI
152 AM EDT SAT AUG 27 2016


...................................

...THE HOLLAND/TULIP CITY MI CLIMATE SUMMARY FOR AUGUST 26 2016...

CLIMATE NORMAL PERIOD 1981 TO 2010
CLIMATE RECORD PERIOD 1996 TO 2016


WEATHER ITEM   OBSERVED TIME   NORMAL DEPARTURE LAST
                VALUE   (LST)  VALUE  FROM      YEAR
                                      NORMAL
......................................................
TEMPERATURE (F)
 YESTERDAY
  MAXIMUM         78    152 PM  80     -2       67
  MINIMUM         62    648 AM  60      2       56
  AVERAGE         70            70      0       62

PRECIPITATION (IN)
  YESTERDAY        0.00          0.13  -0.13     0.08
  MONTH TO DATE    4.71          2.98   1.73     2.57
  SINCE JUN 1      8.37         10.03  -1.66     6.30
  SINCE JAN 1     21.50         22.62  -1.12    17.11

DEGREE DAYS
 HEATING
  YESTERDAY        0             0      0        3
  MONTH TO DATE    0             0      0        7
  SINCE JUN 1     43            54    -11       41
  SINCE JUL 1      7             6      1       17

 COOLING
  YESTERDAY        5             5      0        0
  MONTH TO DATE  201           169     32      149
  SINCE JUN 1    577           550     27      416
  SINCE JAN 1    636           592     44      465
......................................................


WIND (MPH)
  RESULTANT WIND SPEED   2   RESULTANT WIND DIRECTION  NW (300)
  HIGHEST WIND SPEED    10   HIGHEST WIND DIRECTION     W (270)
  HIGHEST GUST SPEED    14   HIGHEST GUST DIRECTION     W (270)
  AVERAGE WIND SPEED     3.2


SKY COVER
  AVERAGE SKY COVER 0.0


WEATHER CONDITIONS
 THE FOLLOWING WEATHER WAS RECORDED YESTERDAY.
  FOG


RELATIVE HUMIDITY (PERCENT)
 HIGHEST   100           500 AM
 LOWEST     60           200 PM
 AVERAGE    80

..........................................................


THE HOLLAND/TULIP CITY MI CLIMATE NORMALS FOR TODAY
                         NORMAL
 MAXIMUM TEMPERATURE (F)   80
 MINIMUM TEMPERATURE (F)   59


SUNRISE AND SUNSET
AUGUST 27 2016........SUNRISE   704 AM EDT   SUNSET   827 PM EDT
AUGUST 28 2016........SUNRISE   705 AM EDT   SUNSET   825 PM EDT


-  INDICATES NEGATIVE NUMBERS.
R  INDICATES RECORD WAS SET OR TIED.
MM INDICATES DATA IS MISSING.
T  INDICATES TRACE AMOUNT.




$$
