000
CDUS43 KGRR 180512
CLIBIV


CLIMATE REPORT
NATIONAL WEATHER SERVICE GRAND RAPIDS, MI
111 AM EDT FRI APR 18 2014


...................................

...THE HOLLAND/TULIP CITY MI CLIMATE SUMMARY FOR APRIL 17 2014...

CLIMATE NORMAL PERIOD 1981 TO 2010
CLIMATE RECORD PERIOD 9999 TO 9999


WEATHER ITEM   OBSERVED TIME   NORMAL DEPARTURE LAST
                VALUE   (LST)  VALUE  FROM      YEAR
                                      NORMAL
......................................................
TEMPERATURE (F)
 YESTERDAY
  MAXIMUM         59    321 PM  59      0       53
  MINIMUM         37    619 AM  39     -2       43
  AVERAGE         48            49     -1       48

PRECIPITATION (IN)
  YESTERDAY        0.00          0.13  -0.13     1.20
  MONTH TO DATE    1.37          1.59  -0.22     5.59
  SINCE MAR 1      2.51          3.86  -1.35     6.59
  SINCE JAN 1      6.47          7.75  -1.28    12.35

DEGREE DAYS
 HEATING
  YESTERDAY       17            16      1       17
  MONTH TO DATE  343           327     16      372
  SINCE MAR 1   1469          1201    268     1362
  SINCE JUL 1   6627          5701    926     5614

 COOLING
  YESTERDAY        0             0      0        0
  MONTH TO DATE    0             0      0        0
  SINCE MAR 1      0             0      0        0
  SINCE JAN 1      0             0      0        0
......................................................


WIND (MPH)
  RESULTANT WIND SPEED   6   RESULTANT WIND DIRECTION   S (180)
  HIGHEST WIND SPEED    23   HIGHEST WIND DIRECTION    SW (230)
  HIGHEST GUST SPEED    28   HIGHEST GUST DIRECTION    SW (240)
  AVERAGE WIND SPEED    11.0


SKY COVER
  AVERAGE SKY COVER 0.2


WEATHER CONDITIONS
 THE FOLLOWING WEATHER WAS RECORDED YESTERDAY.
  NO SIGNIFICANT WEATHER WAS OBSERVED.


RELATIVE HUMIDITY (PERCENT)
 HIGHEST    76          1100 PM
 LOWEST     36           100 PM
 AVERAGE    56

..........................................................


THE HOLLAND/TULIP CITY MI CLIMATE NORMALS FOR TODAY
                         NORMAL
 MAXIMUM TEMPERATURE (F)   59
 MINIMUM TEMPERATURE (F)   40


SUNRISE AND SUNSET
APRIL 18 2014.........SUNRISE   658 AM EDT   SUNSET   830 PM EDT
APRIL 19 2014.........SUNRISE   657 AM EDT   SUNSET   832 PM EDT


-  INDICATES NEGATIVE NUMBERS.
R  INDICATES RECORD WAS SET OR TIED.
MM INDICATES DATA IS MISSING.
T  INDICATES TRACE AMOUNT.




$$
