000
CDUS43 KGRR 220529
CLIBIV


CLIMATE REPORT
NATIONAL WEATHER SERVICE GRAND RAPIDS, MI
128 AM EDT FRI SEP 22 2017


...................................

...THE HOLLAND/TULIP CITY MI CLIMATE SUMMARY FOR SEPTEMBER 21 2017...

CLIMATE NORMAL PERIOD 1981 TO 2010
CLIMATE RECORD PERIOD 1996 TO 2017


WEATHER ITEM   OBSERVED TIME   NORMAL DEPARTURE LAST
                VALUE   (LST)  VALUE  FROM      YEAR
                                      NORMAL
......................................................
TEMPERATURE (F)
 YESTERDAY
  MAXIMUM         90    319 PM  72     18       77
  MINIMUM         68    640 AM  51     17       56
  AVERAGE         79            61     18       67

PRECIPITATION (IN)
  YESTERDAY        0.00          0.15  -0.15    MM
  MONTH TO DATE    0.53          2.46  -1.93     1.02
  SINCE SEP 1      0.53          2.46  -1.93     1.02
  SINCE JAN 1     25.35         25.67  -0.32    22.90

DEGREE DAYS
 HEATING
  YESTERDAY        0             5     -5        0
  MONTH TO DATE   75            56     19        8
  SINCE SEP 1     75            56     19        8
  SINCE JUL 1     96            71     25       15

 COOLING
  YESTERDAY       14             1     13        2
  MONTH TO DATE   53            54     -1       83
  SINCE SEP 1     53            54     -1       83
  SINCE JAN 1    538           672   -134      762
......................................................


WIND (MPH)
  RESULTANT WIND SPEED   3   RESULTANT WIND DIRECTION   S (160)
  HIGHEST WIND SPEED    14   HIGHEST WIND DIRECTION    SW (240)
  HIGHEST GUST SPEED    18   HIGHEST GUST DIRECTION     W (250)
  AVERAGE WIND SPEED     4.4


SKY COVER
  AVERAGE SKY COVER 0.0


WEATHER CONDITIONS
 THE FOLLOWING WEATHER WAS RECORDED YESTERDAY.
  FOG


RELATIVE HUMIDITY (PERCENT)
 HIGHEST    90           200 AM
 LOWEST     52           300 PM
 AVERAGE    71

..........................................................


THE HOLLAND/TULIP CITY MI CLIMATE NORMALS FOR TODAY
                         NORMAL
 MAXIMUM TEMPERATURE (F)   71
 MINIMUM TEMPERATURE (F)   51


SUNRISE AND SUNSET
SEPTEMBER 22 2017.....SUNRISE   732 AM EDT   SUNSET   741 PM EDT
SEPTEMBER 23 2017.....SUNRISE   733 AM EDT   SUNSET   740 PM EDT


-  INDICATES NEGATIVE NUMBERS.
R  INDICATES RECORD WAS SET OR TIED.
MM INDICATES DATA IS MISSING.
T  INDICATES TRACE AMOUNT.




$$
