000
CDUS43 KGRR 260517
CLIBIV


CLIMATE REPORT
NATIONAL WEATHER SERVICE GRAND RAPIDS, MI
1217 AM EST SUN FEB 26 2017


...................................

...THE HOLLAND/TULIP CITY MI CLIMATE SUMMARY FOR FEBRUARY 25 2017...

CLIMATE NORMAL PERIOD 1981 TO 2010
CLIMATE RECORD PERIOD 1996 TO 2017


WEATHER ITEM   OBSERVED TIME   NORMAL DEPARTURE LAST
                VALUE   (LST)  VALUE  FROM      YEAR
                                      NORMAL
......................................................
TEMPERATURE (F)
 YESTERDAY
  MAXIMUM         34   1238 AM  38     -4       34
  MINIMUM         23    702 PM  24     -1       28
  AVERAGE         29            31     -2       31

PRECIPITATION (IN)
  YESTERDAY        0.02          0.07  -0.05     0.04
  MONTH TO DATE    1.38          1.57  -0.19     2.17
  SINCE DEC 1      5.85          5.96  -0.11     7.37
  SINCE JAN 1      4.10          3.66   0.44     3.79

DEGREE DAYS
 HEATING
  YESTERDAY       36            34      2       34
  MONTH TO DATE  721           926   -205      911
  SINCE DEC 1   2892          3177   -285     2849
  SINCE JUL 1   3790          4400   -610     3879

 COOLING
  YESTERDAY        0             0      0        0
  MONTH TO DATE    0             0      0        0
  SINCE DEC 1      0             0      0        0
  SINCE JAN 1      0             0      0        0
......................................................


WIND (MPH)
  RESULTANT WIND SPEED  15   RESULTANT WIND DIRECTION   W (280)
  HIGHEST WIND SPEED    24   HIGHEST WIND DIRECTION     W (270)
  HIGHEST GUST SPEED    33   HIGHEST GUST DIRECTION     W (270)
  AVERAGE WIND SPEED    13.9


SKY COVER
  AVERAGE SKY COVER 1.0


WEATHER CONDITIONS
 THE FOLLOWING WEATHER WAS RECORDED YESTERDAY.
  SNOW
  LIGHT SNOW
  FOG


RELATIVE HUMIDITY (PERCENT)
 HIGHEST   100          1200 AM
 LOWEST     63          1000 PM
 AVERAGE    82

..........................................................


THE HOLLAND/TULIP CITY MI CLIMATE NORMALS FOR TODAY
                         NORMAL
 MAXIMUM TEMPERATURE (F)   38
 MINIMUM TEMPERATURE (F)   24


SUNRISE AND SUNSET
FEBRUARY 26 2017......SUNRISE   725 AM EST   SUNSET   631 PM EST
FEBRUARY 27 2017......SUNRISE   723 AM EST   SUNSET   632 PM EST


-  INDICATES NEGATIVE NUMBERS.
R  INDICATES RECORD WAS SET OR TIED.
MM INDICATES DATA IS MISSING.
T  INDICATES TRACE AMOUNT.




$$
