593
CDUS43 KGRR 270517
CLIBIV


CLIMATE REPORT
NATIONAL WEATHER SERVICE GRAND RAPIDS, MI
116 AM EDT WED JUL 27 2016


...................................

...THE HOLLAND/TULIP CITY MI CLIMATE SUMMARY FOR JULY 26 2016...

CLIMATE NORMAL PERIOD 1981 TO 2010
CLIMATE RECORD PERIOD 1996 TO 2016


WEATHER ITEM   OBSERVED TIME   NORMAL DEPARTURE LAST
                VALUE   (LST)  VALUE  FROM      YEAR
                                      NORMAL
......................................................
TEMPERATURE (F)
 YESTERDAY
  MAXIMUM         84    128 PM  82      2       88
  MINIMUM         62    536 AM  63     -1       59
  AVERAGE         73            72      1       74

PRECIPITATION (IN)
  YESTERDAY        0.00          0.08  -0.08     0.00
  MONTH TO DATE    1.17          2.37  -1.20     2.29
  SINCE JUN 1      3.45          6.59  -3.14     3.73
  SINCE JAN 1     16.58         19.18  -2.60    14.54

DEGREE DAYS
 HEATING
  YESTERDAY        0             0      0        0
  MONTH TO DATE    7             0      7       10
  SINCE JUN 1     43            48     -5       34
  SINCE JUL 1      7             0      7       10

 COOLING
  YESTERDAY        8             8      0        9
  MONTH TO DATE  207           202      5      124
  SINCE JUN 1    339           348     -9      208
  SINCE JAN 1    398           390      8      257
......................................................


WIND (MPH)
  RESULTANT WIND SPEED   3   RESULTANT WIND DIRECTION   W (280)
  HIGHEST WIND SPEED    13   HIGHEST WIND DIRECTION     W (260)
  HIGHEST GUST SPEED    16   HIGHEST GUST DIRECTION     W (260)
  AVERAGE WIND SPEED     3.7


SKY COVER
  AVERAGE SKY COVER 0.0


WEATHER CONDITIONS
 THE FOLLOWING WEATHER WAS RECORDED YESTERDAY.
  FOG


RELATIVE HUMIDITY (PERCENT)
 HIGHEST   100          1100 PM
 LOWEST     55          1200 PM
 AVERAGE    78

..........................................................


THE HOLLAND/TULIP CITY MI CLIMATE NORMALS FOR TODAY
                         NORMAL
 MAXIMUM TEMPERATURE (F)   82
 MINIMUM TEMPERATURE (F)   63


SUNRISE AND SUNSET
JULY 27 2016..........SUNRISE   631 AM EDT   SUNSET   910 PM EDT
JULY 28 2016..........SUNRISE   632 AM EDT   SUNSET   909 PM EDT


-  INDICATES NEGATIVE NUMBERS.
R  INDICATES RECORD WAS SET OR TIED.
MM INDICATES DATA IS MISSING.
T  INDICATES TRACE AMOUNT.




$$
