000
CDUS43 KGRR 222233
CLIBIV


CLIMATE REPORT
NATIONAL WEATHER SERVICE GRAND RAPIDS, MI
532 PM EST MON DEC 22 2014


...................................

...THE HOLLAND/TULIP CITY MI CLIMATE SUMMARY FOR DECEMBER 22 2014...
VALID TODAY AS OF 0500 PM LOCAL TIME.

CLIMATE NORMAL PERIOD 1981 TO 2010
CLIMATE RECORD PERIOD 1996 TO 2014


WEATHER ITEM   OBSERVED TIME   RECORD YEAR NORMAL DEPARTURE LAST
                VALUE   (LST)  VALUE       VALUE  FROM      YEAR
                                                  NORMAL
..................................................................
TEMPERATURE (F)
 TODAY
  MAXIMUM         37    459 PM  MM      MM  35      2       32
  MINIMUM         29    840 AM  MM      MM  24      5       29
  AVERAGE         33                        30      3       31

PRECIPITATION (IN)
  TODAY            0.04         MM      MM   0.06  -0.02     0.15
  MONTH TO DATE    0.42                      1.79  -1.37     1.19
  SINCE DEC 1      0.42                      1.79  -1.37     1.19
  SINCE JAN 1     32.59                     35.95  -3.36    39.70

DEGREE DAYS
 HEATING
  TODAY           32                        35     -3       34
  MONTH TO DATE  666                       716    -50      816
  SINCE DEC 1    666                       716    -50      816
  SINCE JUL 1   2057                      1939    118     2052

 COOLING
  TODAY            0                         0      0        0
  MONTH TO DATE    0                         0      0        0
  SINCE DEC 1      0                         0      0        0
  SINCE JAN 1    570                       693   -123      813
..................................................................


WIND (MPH)
  RESULTANT WIND SPEED  11   RESULTANT WIND DIRECTION   E (110)
  HIGHEST WIND SPEED    15   HIGHEST WIND DIRECTION     E (100)
  HIGHEST GUST SPEED    20   HIGHEST GUST DIRECTION     E (100)
  AVERAGE WIND SPEED    11.0



WEATHER CONDITIONS
 THE FOLLOWING WEATHER WAS RECORDED TODAY.
  LIGHT RAIN
  FOG
  HAZE


RELATIVE HUMIDITY (PERCENT)
 HIGHEST    85           500 PM
 LOWEST     69           100 AM
 AVERAGE    77

..........................................................




SUNRISE AND SUNSET
DECEMBER 22 2014......SUNRISE   813 AM EST   SUNSET   514 PM EST
DECEMBER 23 2014......SUNRISE   813 AM EST   SUNSET   515 PM EST


-  INDICATES NEGATIVE NUMBERS.
R  INDICATES RECORD WAS SET OR TIED.
MM INDICATES DATA IS MISSING.
T  INDICATES TRACE AMOUNT.




$$

JAM
