000
CDUS46 KBOI 300931
CLIBKE


CLIMATE REPORT
NATIONAL WEATHER SERVICE BOISE ID
331 AM MDT MON MAY 30 2016


...................................

...THE BAKER OR CLIMATE SUMMARY FOR MAY 29 2016...

CLIMATE NORMAL PERIOD 1981 TO 2010
CLIMATE RECORD PERIOD 1948 TO 2016


WEATHER ITEM   OBSERVED TIME   RECORD YEAR NORMAL DEPARTURE LAST
                VALUE   (LST)  VALUE       VALUE  FROM      YEAR
                                                  NORMAL
..................................................................
TEMPERATURE (F)
 YESTERDAY
  MAXIMUM         74    109 PM  92    1986  69      5       82
  MINIMUM         36    230 AM  28    2014  39     -3       42
  AVERAGE         55                        54      1       62

PRECIPITATION (IN)
  YESTERDAY        0.00          1.65 1953   0.05  -0.05     0.02
  MONTH TO DATE    1.07                      1.37  -0.30     1.89
  SINCE OCT 1      4.88                      6.93  -2.05     6.33
  SINCE JAN 1      2.34                      4.42  -2.08     4.13

DEGREE DAYS
 HEATING
  YESTERDAY       10                        11     -1        3
  MONTH TO DATE  356                       413    -57      336
  SINCE MAR 1   1621                      1906   -285     1702
  SINCE JUL 1   6665                      7426   -761     6378

 COOLING
  YESTERDAY        0                         0      0        0
  MONTH TO DATE    0                         0      0        0
  SINCE MAR 1      0                         0      0        0
  SINCE JAN 1      0                         0      0        0
..................................................................


WIND (MPH)
  RESULTANT WIND SPEED   6   RESULTANT WIND DIRECTION  NW (320)
  HIGHEST WIND SPEED    23   HIGHEST WIND DIRECTION    NW (330)
  HIGHEST GUST SPEED    30   HIGHEST GUST DIRECTION    NW (330)
  AVERAGE WIND SPEED     7.9


SKY COVER
  AVERAGE SKY COVER 0.2


WEATHER CONDITIONS
 THE FOLLOWING WEATHER WAS RECORDED YESTERDAY.
  NO SIGNIFICANT WEATHER WAS OBSERVED.


RELATIVE HUMIDITY (PERCENT)
 HIGHEST    92           300 AM
 LOWEST     34           700 PM
 AVERAGE    63

..........................................................


THE BAKER OR CLIMATE NORMALS FOR TODAY
                         NORMAL    RECORD    YEAR
 MAXIMUM TEMPERATURE (F)   69        94      1986
 MINIMUM TEMPERATURE (F)   40        28      2010


SUNRISE AND SUNSET
MAY 30 2016...........SUNRISE   509 AM PDT   SUNSET   829 PM PDT
MAY 31 2016...........SUNRISE   509 AM PDT   SUNSET   830 PM PDT


-  INDICATES NEGATIVE NUMBERS.
R  INDICATES RECORD WAS SET OR TIED.
MM INDICATES DATA IS MISSING.
T  INDICATES TRACE AMOUNT.




$$
