000
CDUS46 KBOI 010934
CLIBKE


CLIMATE REPORT
NATIONAL WEATHER SERVICE BOISE ID
234 AM MST WED MAR 1 2017


...................................

...THE BAKER OR CLIMATE SUMMARY FOR FEBRUARY 28 2017...

CLIMATE NORMAL PERIOD 1981 TO 2010
CLIMATE RECORD PERIOD 1948 TO 2017


WEATHER ITEM   OBSERVED TIME   RECORD YEAR NORMAL DEPARTURE LAST
                VALUE   (LST)  VALUE       VALUE  FROM      YEAR
                                                  NORMAL
..................................................................
TEMPERATURE (F)
 YESTERDAY
  MAXIMUM         37    230 PM  65    1986  45     -8       51
  MINIMUM         25    724 AM  -9    1960  22      3       24
  AVERAGE         31                        33     -2       38

PRECIPITATION (IN)
  YESTERDAY        T             0.48 1970   0.02  -0.02      T
  MONTH TO DATE    0.89                      0.58   0.31     0.21
  SINCE OCT 1      4.31                      3.89   0.42     3.14
  SINCE JAN 1      1.57                      1.38   0.19     0.60

DEGREE DAYS
 HEATING
  YESTERDAY       34                        32      2       27
  MONTH TO DATE  900                       995    -95      868
  SINCE DEC 1   4054                      3483    571     3163
  SINCE JUL 1   5828                      5520    308     5014

 COOLING
  YESTERDAY        0                         0      0        0
  MONTH TO DATE    0                         0      0        0
  SINCE DEC 1      0                         0      0        0
  SINCE JAN 1      0                         0      0        0
..................................................................


WIND (MPH)
  RESULTANT WIND SPEED   5   RESULTANT WIND DIRECTION  NW (320)
  HIGHEST WIND SPEED    22   HIGHEST WIND DIRECTION    NW (310)
  HIGHEST GUST SPEED    26   HIGHEST GUST DIRECTION     W (290)
  AVERAGE WIND SPEED     6.4


SKY COVER
  AVERAGE SKY COVER 0.9


WEATHER CONDITIONS
 THE FOLLOWING WEATHER WAS RECORDED YESTERDAY.
  LIGHT SNOW
  FOG


RELATIVE HUMIDITY (PERCENT)
 HIGHEST   100          1200 AM
 LOWEST     51           900 AM
 AVERAGE    76

..........................................................


THE BAKER OR CLIMATE NORMALS FOR TODAY
                         NORMAL    RECORD    YEAR
 MAXIMUM TEMPERATURE (F)   45        66      1986
 MINIMUM TEMPERATURE (F)   22         0      1960


SUNRISE AND SUNSET
MARCH  1 2017.........SUNRISE   628 AM PST   SUNSET   539 PM PST
MARCH  2 2017.........SUNRISE   627 AM PST   SUNSET   541 PM PST


-  INDICATES NEGATIVE NUMBERS.
R  INDICATES RECORD WAS SET OR TIED.
MM INDICATES DATA IS MISSING.
T  INDICATES TRACE AMOUNT.




$$
