000
CDUS46 KBOI 240931
CLIBKE


CLIMATE REPORT
NATIONAL WEATHER SERVICE BOISE ID
331 AM MDT WED MAY 24 2017


...................................

...THE BAKER OR CLIMATE SUMMARY FOR MAY 23 2017...

CLIMATE NORMAL PERIOD 1981 TO 2010
CLIMATE RECORD PERIOD 1928 TO 2017


WEATHER ITEM   OBSERVED TIME   RECORD YEAR NORMAL DEPARTURE LAST
                VALUE   (LST)  VALUE       VALUE  FROM      YEAR
                                                  NORMAL
..................................................................
TEMPERATURE (F)
 YESTERDAY
  MAXIMUM         85    237 PM  94    2001  68     17       59
  MINIMUM         40    440 AM  22    1966  38      2       37
  AVERAGE         63                        53     10       48

PRECIPITATION (IN)
  YESTERDAY        0.00          0.55 1956   0.05  -0.05     0.00
  MONTH TO DATE    0.33                      1.06  -0.73     1.07
  SINCE OCT 1      6.48                      6.62  -0.14     4.88
  SINCE JAN 1      3.74                      4.11  -0.37     2.34

DEGREE DAYS
 HEATING
  YESTERDAY        2                        12    -10       17
  MONTH TO DATE  365                       344     21      278
  SINCE MAR 1   1785                      1837    -52     1543
  SINCE JUL 1   7613                      7357    256     6587

 COOLING
  YESTERDAY        0                         0      0        0
  MONTH TO DATE    0                         0      0        0
  SINCE MAR 1      0                         0      0        0
  SINCE JAN 1      0                         0      0        0
..................................................................


WIND (MPH)
  RESULTANT WIND SPEED   1   RESULTANT WIND DIRECTION   E (70)
  HIGHEST WIND SPEED    17   HIGHEST WIND DIRECTION    NE (60)
  HIGHEST GUST SPEED    21   HIGHEST GUST DIRECTION    NE (50)
  AVERAGE WIND SPEED     4.6


SKY COVER
  AVERAGE SKY COVER 0.0


WEATHER CONDITIONS
 THE FOLLOWING WEATHER WAS RECORDED YESTERDAY.
  NO SIGNIFICANT WEATHER WAS OBSERVED.


RELATIVE HUMIDITY (PERCENT)
 HIGHEST   100           400 AM
 LOWEST     31           100 PM
 AVERAGE    66

..........................................................


THE BAKER OR CLIMATE NORMALS FOR TODAY
                         NORMAL    RECORD    YEAR
 MAXIMUM TEMPERATURE (F)   68        91      2003
 MINIMUM TEMPERATURE (F)   38        28      2002
                                             1950


SUNRISE AND SUNSET
MAY 24 2017...........SUNRISE   514 AM PDT   SUNSET   823 PM PDT
MAY 25 2017...........SUNRISE   513 AM PDT   SUNSET   824 PM PDT


-  INDICATES NEGATIVE NUMBERS.
R  INDICATES RECORD WAS SET OR TIED.
MM INDICATES DATA IS MISSING.
T  INDICATES TRACE AMOUNT.




$$
