000
CDUS46 KBOI 010931
CLIBKE


CLIMATE REPORT
NATIONAL WEATHER SERVICE BOISE ID
331 AM MDT WED OCT 1 2014


...................................

...THE BAKER OR CLIMATE SUMMARY FOR SEPTEMBER 30 2014...

CLIMATE NORMAL PERIOD 1981 TO 2010
CLIMATE RECORD PERIOD 1948 TO 2014


WEATHER ITEM   OBSERVED TIME   RECORD YEAR NORMAL DEPARTURE LAST
                VALUE   (LST)  VALUE       VALUE  FROM      YEAR
                                                  NORMAL
..................................................................
TEMPERATURE (F)
 YESTERDAY
  MAXIMUM         61    122 PM  90    1992  69     -8       60
  MINIMUM         34   1025 PM  17    1954  32      2       34
  AVERAGE         48                        50     -2       47

PRECIPITATION (IN)
  YESTERDAY        T             0.36 1957   0.02  -0.02     0.07
  MONTH TO DATE    0.38                      0.55  -0.17     1.62
  SINCE OCT 1      7.17                     10.13  -2.96     9.95
  SINCE JAN 1      6.00                      7.62  -1.62     7.77

DEGREE DAYS
 HEATING
  YESTERDAY       17                        15      2       18
  MONTH TO DATE  210                       290    -80      239
  SINCE SEP 1    210                       291    -81      239
  SINCE JUL 1    287                       442   -155      271

 COOLING
  YESTERDAY        0                         0      0        0
  MONTH TO DATE   15                         9      6       28
  SINCE SEP 1     15                         9      6       28
  SINCE JAN 1    250                       169     81      258
..................................................................


WIND (MPH)
  RESULTANT WIND SPEED   9   RESULTANT WIND DIRECTION  NW (320)
  HIGHEST WIND SPEED    24   HIGHEST WIND DIRECTION    NW (320)
  HIGHEST GUST SPEED    29   HIGHEST GUST DIRECTION    NW (330)
  AVERAGE WIND SPEED    11.3


SKY COVER
  AVERAGE SKY COVER 0.5


WEATHER CONDITIONS
 THE FOLLOWING WEATHER WAS RECORDED YESTERDAY.
  LIGHT RAIN
  FOG


RELATIVE HUMIDITY (PERCENT)
 HIGHEST   100          1200 AM
 LOWEST     39           200 PM
 AVERAGE    70

..........................................................


THE BAKER OR CLIMATE NORMALS FOR TODAY
                         NORMAL    RECORD    YEAR
 MAXIMUM TEMPERATURE (F)   68        90      2010
 MINIMUM TEMPERATURE (F)   31        13      1950


SUNRISE AND SUNSET
OCTOBER  1 2014.......SUNRISE   649 AM PDT   SUNSET   632 PM PDT
OCTOBER  2 2014.......SUNRISE   650 AM PDT   SUNSET   630 PM PDT


-  INDICATES NEGATIVE NUMBERS.
R  INDICATES RECORD WAS SET OR TIED.
MM INDICATES DATA IS MISSING.
T  INDICATES TRACE AMOUNT.




$$
