000
CDUS46 KBOI 270931
CLIBKE


CLIMATE REPORT
NATIONAL WEATHER SERVICE BOISE ID
231 AM MST FRI FEB 27 2015


...................................

...THE BAKER OR CLIMATE SUMMARY FOR FEBRUARY 26 2015...

CLIMATE NORMAL PERIOD 1981 TO 2010
CLIMATE RECORD PERIOD 1948 TO 2015


WEATHER ITEM   OBSERVED TIME   RECORD YEAR NORMAL DEPARTURE LAST
                VALUE   (LST)  VALUE       VALUE  FROM      YEAR
                                                  NORMAL
..................................................................
TEMPERATURE (F)
 YESTERDAY
  MAXIMUM         46   1237 PM  62    1986  44      2       54
  MINIMUM         27   1120 PM  -3    1993  21      6       33
  AVERAGE         37                        32      5       44

PRECIPITATION (IN)
  YESTERDAY        T             0.17 2000   0.02  -0.02      T
  MONTH TO DATE    0.70                      0.54   0.16     1.10
  SINCE OCT 1      3.29                      3.85  -0.56     2.77
  SINCE JAN 1      1.09                      1.34  -0.25     1.60

DEGREE DAYS
 HEATING
  YESTERDAY       28                        32     -4       21
  MONTH TO DATE  671                       931   -260      930
  SINCE DEC 1   2813                      3417   -604     3551
  SINCE JUL 1   4616                      5454   -838     5476

 COOLING
  YESTERDAY        0                         0      0        0
  MONTH TO DATE    0                         0      0        0
  SINCE DEC 1      0                         0      0        0
  SINCE JAN 1      0                         0      0        0
..................................................................


WIND (MPH)
  RESULTANT WIND SPEED   5   RESULTANT WIND DIRECTION  NW (300)
  HIGHEST WIND SPEED    22   HIGHEST WIND DIRECTION    NW (330)
  HIGHEST GUST SPEED    28   HIGHEST GUST DIRECTION    NW (320)
  AVERAGE WIND SPEED     6.3


SKY COVER
  AVERAGE SKY COVER 1.0


WEATHER CONDITIONS
 THE FOLLOWING WEATHER WAS RECORDED YESTERDAY.
  LIGHT RAIN
  FOG


RELATIVE HUMIDITY (PERCENT)
 HIGHEST   100          1100 PM
 LOWEST     65          1200 PM
 AVERAGE    83

..........................................................


THE BAKER OR CLIMATE NORMALS FOR TODAY
                         NORMAL    RECORD    YEAR
 MAXIMUM TEMPERATURE (F)   44        63      1992
 MINIMUM TEMPERATURE (F)   21        -5      1993


SUNRISE AND SUNSET
FEBRUARY 27 2015......SUNRISE   633 AM PST   SUNSET   536 PM PST
FEBRUARY 28 2015......SUNRISE   631 AM PST   SUNSET   537 PM PST


-  INDICATES NEGATIVE NUMBERS.
R  INDICATES RECORD WAS SET OR TIED.
MM INDICATES DATA IS MISSING.
T  INDICATES TRACE AMOUNT.




$$
