000
CDUS46 KBOI 160933
CLIBKE


CLIMATE REPORT
NATIONAL WEATHER SERVICE BOISE ID
232 AM MST SAT DEC 16 2017


...................................

...THE BAKER OR CLIMATE SUMMARY FOR DECEMBER 15 2017...

CLIMATE NORMAL PERIOD 1981 TO 2010
CLIMATE RECORD PERIOD 1928 TO 2017


WEATHER ITEM   OBSERVED TIME   RECORD YEAR NORMAL DEPARTURE LAST
                VALUE   (LST)  VALUE       VALUE  FROM      YEAR
                                                  NORMAL
..................................................................
TEMPERATURE (F)
 YESTERDAY
  MAXIMUM         30    242 PM  53    2006  33     -3       31
  MINIMUM         16   1111 PM -10    1967  15      1       22
  AVERAGE         23                        24     -1       27

PRECIPITATION (IN)
  YESTERDAY        T             0.31 1962   0.03  -0.03     0.02
  MONTH TO DATE    0.02                      0.47  -0.45     0.59
  SINCE OCT 1      1.11                      2.00  -0.89     2.40
  SINCE JAN 1      6.85                      9.62  -2.77     6.10

DEGREE DAYS
 HEATING
  YESTERDAY       42                        41      1       38
  MONTH TO DATE  585                       590     -5      667
  SINCE DEC 1    585                       590     -5      667
  SINCE JUL 1   2215                      2627   -412     2441

 COOLING
  YESTERDAY        0                         0      0        0
  MONTH TO DATE    0                         0      0        0
  SINCE DEC 1      0                         0      0        0
  SINCE JAN 1    357                       169    188      132
..................................................................


WIND (MPH)
  RESULTANT WIND SPEED   4   RESULTANT WIND DIRECTION   E (70)
  HIGHEST WIND SPEED    10   HIGHEST WIND DIRECTION     E (100)
  HIGHEST GUST SPEED    13   HIGHEST GUST DIRECTION     E (100)
  AVERAGE WIND SPEED     4.2


SKY COVER
  AVERAGE SKY COVER 0.9


WEATHER CONDITIONS
 THE FOLLOWING WEATHER WAS RECORDED YESTERDAY.
  LIGHT SNOW
  FOG
  FOG W/VISIBILITY <= 1/4 MILE
  HAZE


RELATIVE HUMIDITY (PERCENT)
 HIGHEST    88           700 PM
 LOWEST     63          1200 PM
 AVERAGE    76

..........................................................


THE BAKER OR CLIMATE NORMALS FOR TODAY
                         NORMAL    RECORD    YEAR
 MAXIMUM TEMPERATURE (F)   33        57      1939
 MINIMUM TEMPERATURE (F)   15       -16      1964


SUNRISE AND SUNSET
DECEMBER 16 2017......SUNRISE   723 AM PST   SUNSET   411 PM PST
DECEMBER 17 2017......SUNRISE   724 AM PST   SUNSET   411 PM PST


-  INDICATES NEGATIVE NUMBERS.
R  INDICATES RECORD WAS SET OR TIED.
MM INDICATES DATA IS MISSING.
T  INDICATES TRACE AMOUNT.




$$
