000
CDUS46 KBOI 190933
CLIBKE


CLIMATE REPORT
NATIONAL WEATHER SERVICE BOISE ID
233 AM MST FRI DEC 19 2014


...................................

...THE BAKER OR CLIMATE SUMMARY FOR DECEMBER 18 2014...

CLIMATE NORMAL PERIOD 1981 TO 2010
CLIMATE RECORD PERIOD 1948 TO 2014


WEATHER ITEM   OBSERVED TIME   RECORD YEAR NORMAL DEPARTURE LAST
                VALUE   (LST)  VALUE       VALUE  FROM      YEAR
                                                  NORMAL
..................................................................
TEMPERATURE (F)
 YESTERDAY
  MAXIMUM         42    136 PM  46    1979  33      9       31
  MINIMUM         30    739 AM -12    1948  15     15       17
  AVERAGE         36                        24     12       24

PRECIPITATION (IN)
  YESTERDAY        T             0.39 1969   0.04  -0.04     0.00
  MONTH TO DATE    0.49                      0.57  -0.08     0.10
  SINCE OCT 1      1.21                      2.10  -0.89     0.64
  SINCE JAN 1      7.21                      9.72  -2.51     8.41

DEGREE DAYS
 HEATING
  YESTERDAY       29                        41    -12       41
  MONTH TO DATE  521                       713   -192      843
  SINCE DEC 1    521                       713   -192      843
  SINCE JUL 1   2324                      2750   -426     2768

 COOLING
  YESTERDAY        0                         0      0        0
  MONTH TO DATE    0                         0      0        0
  SINCE DEC 1      0                         0      0        0
  SINCE JAN 1    250                       169     81      258
..................................................................


WIND (MPH)
  RESULTANT WIND SPEED   9   RESULTANT WIND DIRECTION   E (110)
  HIGHEST WIND SPEED    21   HIGHEST WIND DIRECTION    SE (130)
  HIGHEST GUST SPEED    24   HIGHEST GUST DIRECTION    SE (120)
  AVERAGE WIND SPEED    10.0


SKY COVER
  AVERAGE SKY COVER 0.9


WEATHER CONDITIONS
 THE FOLLOWING WEATHER WAS RECORDED YESTERDAY.
  LIGHT RAIN


RELATIVE HUMIDITY (PERCENT)
 HIGHEST    92           100 AM
 LOWEST     70          1100 AM
 AVERAGE    81

..........................................................


THE BAKER OR CLIMATE NORMALS FOR TODAY
                         NORMAL    RECORD    YEAR
 MAXIMUM TEMPERATURE (F)   33        55      1979
 MINIMUM TEMPERATURE (F)   15       -10      1984


SUNRISE AND SUNSET
DECEMBER 19 2014......SUNRISE   725 AM PST   SUNSET   412 PM PST
DECEMBER 20 2014......SUNRISE   725 AM PST   SUNSET   413 PM PST


-  INDICATES NEGATIVE NUMBERS.
R  INDICATES RECORD WAS SET OR TIED.
MM INDICATES DATA IS MISSING.
T  INDICATES TRACE AMOUNT.




$$
