000
CDUS46 KBOI 270931
CLIBKE


CLIMATE REPORT
NATIONAL WEATHER SERVICE BOISE ID
331 AM MDT THU AUG 27 2015


...................................

...THE BAKER OR CLIMATE SUMMARY FOR AUGUST 26 2015...

CLIMATE NORMAL PERIOD 1981 TO 2010
CLIMATE RECORD PERIOD 1948 TO 2015


WEATHER ITEM   OBSERVED TIME   RECORD YEAR NORMAL DEPARTURE LAST
                VALUE   (LST)  VALUE       VALUE  FROM      YEAR
                                                  NORMAL
..................................................................
TEMPERATURE (F)
 YESTERDAY
  MAXIMUM         96    330 PM  99    2001  82     14       82
  MINIMUM         42    533 AM  29    1992  43     -1       41
  AVERAGE         69                        62      7       62

PRECIPITATION (IN)
  YESTERDAY        0.00          0.44 1953   0.02  -0.02     0.00
  MONTH TO DATE    0.02                      0.58  -0.56     0.51
  SINCE OCT 1      9.48                      9.45   0.03     6.60
  SINCE JAN 1      7.28                      6.94   0.34     5.43

DEGREE DAYS
 HEATING
  YESTERDAY        0                         4     -4        3
  MONTH TO DATE   38                        58    -20       46
  SINCE JUN 1    162                       354   -192      292
  SINCE JUL 1     78                       128    -50       59

 COOLING
  YESTERDAY        4                         1      3        0
  MONTH TO DATE   67                        61      6       68
  SINCE JUN 1    218                       152     66      233
  SINCE JAN 1    219                       154     65      233
..................................................................


WIND (MPH)
  RESULTANT WIND SPEED   1   RESULTANT WIND DIRECTION  SW (220)
  HIGHEST WIND SPEED    16   HIGHEST WIND DIRECTION     S (170)
  HIGHEST GUST SPEED    26   HIGHEST GUST DIRECTION     S (170)
  AVERAGE WIND SPEED     4.3


SKY COVER
  AVERAGE SKY COVER 0.0


WEATHER CONDITIONS
 THE FOLLOWING WEATHER WAS RECORDED YESTERDAY.
  FOG
  HAZE


RELATIVE HUMIDITY (PERCENT)
 HIGHEST    86           400 AM
 LOWEST     11           400 PM
 AVERAGE    49

..........................................................


THE BAKER OR CLIMATE NORMALS FOR TODAY
                         NORMAL    RECORD    YEAR
 MAXIMUM TEMPERATURE (F)   82        96      1999
 MINIMUM TEMPERATURE (F)   43        33      1992


SUNRISE AND SUNSET
AUGUST 27 2015........SUNRISE   607 AM PDT   SUNSET   737 PM PDT
AUGUST 28 2015........SUNRISE   608 AM PDT   SUNSET   736 PM PDT


-  INDICATES NEGATIVE NUMBERS.
R  INDICATES RECORD WAS SET OR TIED.
MM INDICATES DATA IS MISSING.
T  INDICATES TRACE AMOUNT.




$$
