000
CDUS41 KRLX 062217
CLIBKW


CLIMATE REPORT
NATIONAL WEATHER SERVICE CHARLESTON WV
517 PM EST SAT FEB 6 2016


...................................

...THE BECKLEY WV CLIMATE SUMMARY FOR FEBRUARY 6 2016...
VALID TODAY AS OF 0500 PM LOCAL TIME.

CLIMATE NORMAL PERIOD 1981 TO 2010
CLIMATE RECORD PERIOD 1963 TO 2016


WEATHER ITEM   OBSERVED TIME   RECORD YEAR NORMAL DEPARTURE LAST
                VALUE   (LST)  VALUE       VALUE  FROM      YEAR
                                                  NORMAL
..................................................................
TEMPERATURE (F)
 TODAY
  MAXIMUM         43    316 PM  64    2008  41      2       34
                                      1963
                                      1938
  MINIMUM         21    158 AM  -5    1933  24     -3        7
                                      1912
  AVERAGE         32                        33     -1       21

PRECIPITATION (IN)
  TODAY            0.00          1.62 1908   0.09  -0.09     0.00
  MONTH TO DATE    0.71                      0.57   0.14     0.74
  SINCE DEC 1      6.68                      6.38   0.30     5.96
  SINCE JAN 1      3.13                      3.38  -0.25     2.97

DEGREE DAYS
 HEATING
  TODAY           33                        32      1       44
  MONTH TO DATE  144                       196    -52      213
  SINCE DEC 1   1781                      2200   -419     2144
  SINCE JUL 1   2640                      3340   -700     3385

 COOLING
  TODAY            0                         0      0        0
  MONTH TO DATE    0                         0      0        0
  SINCE DEC 1      0                         0      0        0
  SINCE JAN 1      0                         0      0        0
..................................................................


WIND (MPH)
  HIGHEST WIND SPEED    16   HIGHEST WIND DIRECTION     W (270)
  HIGHEST GUST SPEED    20   HIGHEST GUST DIRECTION     W (260)
  AVERAGE WIND SPEED     5.4


SKY COVER
  POSSIBLE SUNSHINE  MM
  AVERAGE SKY COVER 0.0


WEATHER CONDITIONS
 THE FOLLOWING WEATHER WAS RECORDED TODAY.
  NO SIGNIFICANT WEATHER WAS OBSERVED.


RELATIVE HUMIDITY (PERCENT)
 HIGHEST    74           600 AM
 LOWEST     30           200 PM
 AVERAGE    52

..........................................................


THE BECKLEY WV CLIMATE NORMALS FOR TOMORROW
                         NORMAL    RECORD    YEAR
 MAXIMUM TEMPERATURE (F)   41        70      1918
 MINIMUM TEMPERATURE (F)   24        -9      1912
                                             1907


SUNRISE AND SUNSET
FEBRUARY  6 2016......SUNRISE   724 AM EST   SUNSET   553 PM EST
FEBRUARY  7 2016......SUNRISE   723 AM EST   SUNSET   554 PM EST


-  INDICATES NEGATIVE NUMBERS.
R  INDICATES RECORD WAS SET OR TIED.
MM INDICATES DATA IS MISSING.
T  INDICATES TRACE AMOUNT.




$$
