000
CDUS41 KRLX 280720
CLIBKW


CLIMATE REPORT
NATIONAL WEATHER SERVICE CHARLESTON WV
318 AM EDT TUE JUL 28 2015


...................................

...THE BECKLEY WV CLIMATE SUMMARY FOR JULY 27 2015...

CLIMATE NORMAL PERIOD 1981 TO 2010
CLIMATE RECORD PERIOD 1963 TO 2015


WEATHER ITEM   OBSERVED TIME   RECORD YEAR NORMAL DEPARTURE LAST
                VALUE   (LST)  VALUE       VALUE  FROM      YEAR
                                                  NORMAL
..................................................................
TEMPERATURE (F)
 YESTERDAY
  MAXIMUM         83    531 PM  95    1896  80      3       78
  MINIMUM         68    617 AM  42    1962  61      7       67
  AVERAGE         76                        70      6       73

PRECIPITATION (IN)
  YESTERDAY        0.00          2.18 1992   0.17  -0.17     0.35
  MONTH TO DATE    7.70                      4.35   3.35     2.34
  SINCE JAN 1     33.01                     25.51   7.50    20.32

SNOWFALL (IN)
  YESTERDAY        0.0
  MONTH TO DATE    0.0
  SINCE SEP 1     66.2
  SNOW DEPTH       0

DEGREE DAYS
 HEATING
  YESTERDAY        0                         0      0        0
  MONTH TO DATE    0                         0      0       15
  SINCE JUN 1     10                        39    -29       27
  SINCE JUL 1      0                         0      0       15

 COOLING
  YESTERDAY       11                         6      5        8
  MONTH TO DATE  177                       162     15      150
  SINCE JUN 1    365                       273     92      321
  SINCE JAN 1    471                       314    157      396
..................................................................


WIND (MPH)
  HIGHEST WIND SPEED     9   HIGHEST WIND DIRECTION    SW (230)
  HIGHEST GUST SPEED    13   HIGHEST GUST DIRECTION    SW (220)
  AVERAGE WIND SPEED     2.6


SKY COVER
  POSSIBLE SUNSHINE  MM
  AVERAGE SKY COVER 0.3


WEATHER CONDITIONS
 THE FOLLOWING WEATHER WAS RECORDED YESTERDAY.
  NO SIGNIFICANT WEATHER WAS OBSERVED.


RELATIVE HUMIDITY (PERCENT)
 HIGHEST    90          1000 PM
 LOWEST     51           400 PM
 AVERAGE    71

..........................................................


THE BECKLEY WV CLIMATE NORMALS FOR TODAY
                         NORMAL    RECORD    YEAR
 MAXIMUM TEMPERATURE (F)   80        93      1952
                                             1896
 MINIMUM TEMPERATURE (F)   61        42      1962
                                             1937


SUNRISE AND SUNSET
JULY 28 2015..........SUNRISE   624 AM EDT   SUNSET   837 PM EDT
JULY 29 2015..........SUNRISE   625 AM EDT   SUNSET   836 PM EDT


-  INDICATES NEGATIVE NUMBERS.
R  INDICATES RECORD WAS SET OR TIED.
MM INDICATES DATA IS MISSING.
T  INDICATES TRACE AMOUNT.




$$
