000
CDUS41 KRLX 280716
CLIBKW


CLIMATE REPORT
NATIONAL WEATHER SERVICE CHARLESTON WV
315 AM EDT THU JUL 28 2016


...................................

...THE BECKLEY WV CLIMATE SUMMARY FOR JULY 27 2016...

CLIMATE NORMAL PERIOD 1981 TO 2010
CLIMATE RECORD PERIOD 1963 TO 2016


WEATHER ITEM   OBSERVED TIME   RECORD YEAR NORMAL DEPARTURE LAST
                VALUE   (LST)  VALUE       VALUE  FROM      YEAR
                                                  NORMAL
..................................................................
TEMPERATURE (F)
 YESTERDAY
  MAXIMUM         85   1117 AM  95    1896  80      5       83
  MINIMUM         66    344 AM  42    1962  61      5       68
  AVERAGE         76                        70      6       76

PRECIPITATION (IN)
  YESTERDAY        0.13          2.18 1992   0.17  -0.04     0.00
  MONTH TO DATE    4.81                      4.35   0.46     7.70
  SINCE JAN 1     29.99                     25.51   4.48    33.01

SNOWFALL (IN)
  YESTERDAY        0.0
  MONTH TO DATE    0.0
  SINCE SEP 1     45.5
  SNOW DEPTH       0

DEGREE DAYS
 HEATING
  YESTERDAY        0                         0      0        0
  MONTH TO DATE    0                         0      0        0
  SINCE JUN 1     16                        39    -23       10
  SINCE JUL 1      0                         0      0        0

 COOLING
  YESTERDAY       11                         6      5       11
  MONTH TO DATE  217                       162     55      177
  SINCE JUN 1    356                       273     83      365
  SINCE JAN 1    397                       314     83      471
..................................................................


WIND (MPH)
  HIGHEST WIND SPEED    13   HIGHEST WIND DIRECTION    SW (220)
  HIGHEST GUST SPEED    16   HIGHEST GUST DIRECTION    SW (220)
  AVERAGE WIND SPEED     3.4


SKY COVER
  POSSIBLE SUNSHINE  MM
  AVERAGE SKY COVER 0.3


WEATHER CONDITIONS
 THE FOLLOWING WEATHER WAS RECORDED YESTERDAY.
  THUNDERSTORM
  RAIN
  LIGHT RAIN
  FOG
  FOG W/VISIBILITY <= 1/4 MILE


RELATIVE HUMIDITY (PERCENT)
 HIGHEST    97          1100 PM
 LOWEST     65          1100 AM
 AVERAGE    81

..........................................................


THE BECKLEY WV CLIMATE NORMALS FOR TODAY
                         NORMAL    RECORD    YEAR
 MAXIMUM TEMPERATURE (F)   80        93      1952
                                             1896
 MINIMUM TEMPERATURE (F)   61        42      1962
                                             1937


SUNRISE AND SUNSET
JULY 28 2016..........SUNRISE   625 AM EDT   SUNSET   836 PM EDT
JULY 29 2016..........SUNRISE   626 AM EDT   SUNSET   835 PM EDT


-  INDICATES NEGATIVE NUMBERS.
R  INDICATES RECORD WAS SET OR TIED.
MM INDICATES DATA IS MISSING.
T  INDICATES TRACE AMOUNT.




$$
