000
CDUS41 KRLX 250815
CLIBKW


CLIMATE REPORT
NATIONAL WEATHER SERVICE CHARLESTON WV
315 AM EST SAT NOV 25 2017


...................................

...THE BECKLEY WV CLIMATE SUMMARY FOR NOVEMBER 24 2017...

CLIMATE NORMAL PERIOD 1981 TO 2010
CLIMATE RECORD PERIOD 1963 TO 2017


WEATHER ITEM   OBSERVED TIME   RECORD YEAR NORMAL DEPARTURE LAST
                VALUE   (LST)  VALUE       VALUE  FROM      YEAR
                                                  NORMAL
..................................................................
TEMPERATURE (F)
 YESTERDAY
  MAXIMUM         58    349 PM  73    1973  49      9       59
  MINIMUM         26    404 AM   5    1970  32     -6       46
                                      1956
  AVERAGE         42                        41      1       53

PRECIPITATION (IN)
  YESTERDAY        0.00          2.01 1959   0.10  -0.10      T
  MONTH TO DATE    1.36                      2.35  -0.99     0.81
  SINCE JAN 1     41.10                     37.59   3.51    41.22

SNOWFALL (IN)
  YESTERDAY        0.0           6.5  1938   0.2   -0.2      0.0
  MONTH TO DATE    T                         1.7   -1.7      0.2
  SINCE SEP 1      T                         2.1   -2.1      0.2
  SNOW DEPTH       0

DEGREE DAYS
 HEATING
  YESTERDAY       23                        24     -1       12
  MONTH TO DATE  485                       480      5      416
  SINCE SEP 1    854                       965   -111      661
  SINCE JUL 1    871                       986   -115      661

 COOLING
  YESTERDAY        0                         0      0        0
  MONTH TO DATE    0                         0      0        1
  SINCE SEP 1     81                        63     18      143
  SINCE JAN 1    594                       556     38      844
..................................................................


WIND (MPH)
  HIGHEST WIND SPEED    12   HIGHEST WIND DIRECTION     S (190)
  HIGHEST GUST SPEED    15   HIGHEST GUST DIRECTION    SE (150)
  AVERAGE WIND SPEED     5.0


SKY COVER
  POSSIBLE SUNSHINE  MM
  AVERAGE SKY COVER 0.0


WEATHER CONDITIONS
 THE FOLLOWING WEATHER WAS RECORDED YESTERDAY.
  NO SIGNIFICANT WEATHER WAS OBSERVED.


RELATIVE HUMIDITY (PERCENT)
 HIGHEST    63           600 AM
 LOWEST     19           200 PM
 AVERAGE    41

..........................................................


THE BECKLEY WV CLIMATE NORMALS FOR TODAY
                         NORMAL    RECORD    YEAR
 MAXIMUM TEMPERATURE (F)   49        73      1908
 MINIMUM TEMPERATURE (F)   32         1      1950


SUNRISE AND SUNSET
NOVEMBER 25 2017......SUNRISE   715 AM EST   SUNSET   507 PM EST
NOVEMBER 26 2017......SUNRISE   716 AM EST   SUNSET   507 PM EST


-  INDICATES NEGATIVE NUMBERS.
R  INDICATES RECORD WAS SET OR TIED.
MM INDICATES DATA IS MISSING.
T  INDICATES TRACE AMOUNT.




$$
