000
CDUS41 KRLX 060816
CLIBKW


CLIMATE REPORT
NATIONAL WEATHER SERVICE CHARLESTON WV
316 AM EST TUE DEC 6 2016


...................................

...THE BECKLEY WV CLIMATE SUMMARY FOR DECEMBER 5 2016...

CLIMATE NORMAL PERIOD 1981 TO 2010
CLIMATE RECORD PERIOD 1963 TO 2016


WEATHER ITEM   OBSERVED TIME   RECORD YEAR NORMAL DEPARTURE LAST
                VALUE   (LST)  VALUE       VALUE  FROM      YEAR
                                                  NORMAL
..................................................................
TEMPERATURE (F)
 YESTERDAY
  MAXIMUM         47    102 PM  75    1909  45      2       58
  MINIMUM         40    831 PM   7    1957  29     11       24
  AVERAGE         44                        37      7       41

PRECIPITATION (IN)
  YESTERDAY        0.05          0.90 1910   0.10  -0.05     0.00
  MONTH TO DATE    0.12                      0.49  -0.37     1.41
  SINCE JAN 1     43.12                     38.68   4.44    45.98

SNOWFALL (IN)
  YESTERDAY        0.0
  MONTH TO DATE    0.0
  SINCE SEP 1      0.2
  SNOW DEPTH       0

DEGREE DAYS
 HEATING
  YESTERDAY       21                        28     -7       24
  MONTH TO DATE  140                       137      3      121
  SINCE DEC 1    140                       137      3      121
  SINCE JUL 1    915                      1277   -362      980

 COOLING
  YESTERDAY        0                         0      0        0
  MONTH TO DATE    0                         0      0        0
  SINCE DEC 1      0                         0      0        0
  SINCE JAN 1    844                       557    287      758
..................................................................


WIND (MPH)
  HIGHEST WIND SPEED    20   HIGHEST WIND DIRECTION    SE (140)
  HIGHEST GUST SPEED    28   HIGHEST GUST DIRECTION    SE (130)
  AVERAGE WIND SPEED     7.4


SKY COVER
  POSSIBLE SUNSHINE  MM
  AVERAGE SKY COVER 0.5


WEATHER CONDITIONS
 THE FOLLOWING WEATHER WAS RECORDED YESTERDAY.
  LIGHT RAIN
  FOG


RELATIVE HUMIDITY (PERCENT)
 HIGHEST   100           200 AM
 LOWEST     62           500 PM
 AVERAGE    81

..........................................................


THE BECKLEY WV CLIMATE NORMALS FOR TODAY
                         NORMAL    RECORD    YEAR
 MAXIMUM TEMPERATURE (F)   45        72      1916
 MINIMUM TEMPERATURE (F)   29         6      1984


SUNRISE AND SUNSET
DECEMBER  6 2016......SUNRISE   726 AM EST   SUNSET   505 PM EST
DECEMBER  7 2016......SUNRISE   727 AM EST   SUNSET   505 PM EST


-  INDICATES NEGATIVE NUMBERS.
R  INDICATES RECORD WAS SET OR TIED.
MM INDICATES DATA IS MISSING.
T  INDICATES TRACE AMOUNT.




$$
