000
CDUS41 KRLX 230738
CLIBKW


CLIMATE REPORT
NATIONAL WEATHER SERVICE CHARLESTON WV
337 AM EDT THU MAR 23 2017


...................................

...THE BECKLEY WV CLIMATE SUMMARY FOR MARCH 22 2017...

CLIMATE NORMAL PERIOD 1981 TO 2010
CLIMATE RECORD PERIOD 1963 TO 2017


WEATHER ITEM   OBSERVED TIME   RECORD YEAR NORMAL DEPARTURE LAST
                VALUE   (LST)  VALUE       VALUE  FROM      YEAR
                                                  NORMAL
..................................................................
TEMPERATURE (F)
 YESTERDAY
  MAXIMUM         43    428 PM  83    1907  54    -11       62
  MINIMUM         24   1143 PM  10    2013  34    -10       32
  AVERAGE         34                        44    -10       47

PRECIPITATION (IN)
  YESTERDAY        0.00          0.94 2010   0.11  -0.11     0.00
  MONTH TO DATE    2.32                      2.50  -0.18     1.77
  SINCE JAN 1      8.69                      8.07   0.62     7.63

SNOWFALL (IN)
  YESTERDAY        0.0
  MONTH TO DATE    5.4
  SINCE SEP 1     24.3
  SNOW DEPTH       0

DEGREE DAYS
 HEATING
  YESTERDAY       31                        21     10       18
  MONTH TO DATE  610                       536     74      352
  SINCE MAR 1    610                       536     74      352
  SINCE JUL 1   3744                      4537   -793     3727

 COOLING
  YESTERDAY        0                         0      0        0
  MONTH TO DATE    0                         0      0        2
  SINCE MAR 1      0                         0      0        2
  SINCE JAN 1      0                         0      0        2
..................................................................


WIND (MPH)
  HIGHEST WIND SPEED    21   HIGHEST WIND DIRECTION     N (360)
  HIGHEST GUST SPEED    28   HIGHEST GUST DIRECTION     N (340)
  AVERAGE WIND SPEED    11.2


SKY COVER
  POSSIBLE SUNSHINE  MM
  AVERAGE SKY COVER 0.3


WEATHER CONDITIONS
 THE FOLLOWING WEATHER WAS RECORDED YESTERDAY.
  FOG


RELATIVE HUMIDITY (PERCENT)
 HIGHEST    92          1200 AM
 LOWEST     29           500 PM
 AVERAGE    61

..........................................................


THE BECKLEY WV CLIMATE NORMALS FOR TODAY
                         NORMAL    RECORD    YEAR
 MAXIMUM TEMPERATURE (F)   54        83      1907
 MINIMUM TEMPERATURE (F)   34        11      1940


SUNRISE AND SUNSET
MARCH 23 2017.........SUNRISE   723 AM EDT   SUNSET   739 PM EDT
MARCH 24 2017.........SUNRISE   722 AM EDT   SUNSET   740 PM EDT


-  INDICATES NEGATIVE NUMBERS.
R  INDICATES RECORD WAS SET OR TIED.
MM INDICATES DATA IS MISSING.
T  INDICATES TRACE AMOUNT.




$$
