000
CDUS41 KRLX 260718
CLIBKW


CLIMATE REPORT
NATIONAL WEATHER SERVICE CHARLESTON WV
318 AM EDT THU MAY 26 2016


...................................

...THE BECKLEY WV CLIMATE SUMMARY FOR MAY 25 2016...

CLIMATE NORMAL PERIOD 1981 TO 2010
CLIMATE RECORD PERIOD 1963 TO 2016


WEATHER ITEM   OBSERVED TIME   RECORD YEAR NORMAL DEPARTURE LAST
                VALUE   (LST)  VALUE       VALUE  FROM      YEAR
                                                  NORMAL
..................................................................
TEMPERATURE (F)
 YESTERDAY
  MAXIMUM         80    236 PM  86    1953  72      8       84
                                      1914
                                      1911
  MINIMUM         49    525 AM  28    1956  52     -3       58
  AVERAGE         65                        62      3       71

PRECIPITATION (IN)
  YESTERDAY        0.00          0.83 1902   0.16  -0.16     0.00
  MONTH TO DATE    6.52                      3.73   2.79     0.91
  SINCE JAN 1     17.04                     16.23   0.81    19.71

SNOWFALL (IN)
  YESTERDAY        0.0
  MONTH TO DATE    0.0
  SINCE SEP 1     45.5
  SNOW DEPTH       0

DEGREE DAYS
 HEATING
  YESTERDAY        0                         5     -5        0
  MONTH TO DATE  200                       170     30       88
  SINCE MAR 1   1004                      1278   -274     1111
  SINCE JUL 1   4379                      5279   -900     5444

 COOLING
  YESTERDAY        0                         1     -1        6
  MONTH TO DATE    7                        19    -12       61
  SINCE MAR 1     15                        29    -14       64
  SINCE JAN 1     15                        29    -14       64
..................................................................


WIND (MPH)
  HIGHEST WIND SPEED    14   HIGHEST WIND DIRECTION     W (260)
  HIGHEST GUST SPEED    19   HIGHEST GUST DIRECTION    NW (330)
  AVERAGE WIND SPEED     4.5


SKY COVER
  POSSIBLE SUNSHINE  MM
  AVERAGE SKY COVER 0.2


WEATHER CONDITIONS
 THE FOLLOWING WEATHER WAS RECORDED YESTERDAY.
  NO SIGNIFICANT WEATHER WAS OBSERVED.


RELATIVE HUMIDITY (PERCENT)
 HIGHEST    83           300 AM
 LOWEST     35          1000 AM
 AVERAGE    59

..........................................................


THE BECKLEY WV CLIMATE NORMALS FOR TODAY
                         NORMAL    RECORD    YEAR
 MAXIMUM TEMPERATURE (F)   72        90      1926
 MINIMUM TEMPERATURE (F)   52        30      1934
                                             1897


SUNRISE AND SUNSET
MAY 26 2016...........SUNRISE   607 AM EDT   SUNSET   837 PM EDT
MAY 27 2016...........SUNRISE   606 AM EDT   SUNSET   838 PM EDT


-  INDICATES NEGATIVE NUMBERS.
R  INDICATES RECORD WAS SET OR TIED.
MM INDICATES DATA IS MISSING.
T  INDICATES TRACE AMOUNT.




$$
