000
CDUS41 KRLX 020718
CLIBKW


CLIMATE REPORT
NATIONAL WEATHER SERVICE CHARLESTON WV
317 AM EDT TUE JUN 2 2015


...................................

...THE BECKLEY WV CLIMATE SUMMARY FOR JUNE 1 2015...

CLIMATE NORMAL PERIOD 1981 TO 2010
CLIMATE RECORD PERIOD 1963 TO 2015


WEATHER ITEM   OBSERVED TIME   RECORD YEAR NORMAL DEPARTURE LAST
                VALUE   (LST)  VALUE       VALUE  FROM      YEAR
                                                  NORMAL
..................................................................
TEMPERATURE (F)
 YESTERDAY
  MAXIMUM         77   1226 PM  88    1942  74      3       76
                                      1919
  MINIMUM         60   1159 PM  32    1955  54      6       59
  AVERAGE         69                        64      5       68

PRECIPITATION (IN)
  YESTERDAY        1.30          1.62 1915   0.14   1.16     0.00
  MONTH TO DATE    1.30                      0.14   1.16     0.00
  SINCE JAN 1     21.24                     17.30   3.94    14.12

SNOWFALL (IN)
  YESTERDAY        0.0
  MONTH TO DATE    0.0
  SINCE SEP 1     66.2
  SNOW DEPTH       0

DEGREE DAYS
 HEATING
  YESTERDAY        0                         3     -3        0
  MONTH TO DATE    0                         3     -3        0
  SINCE JUN 1      0                         3     -3        0
  SINCE JUL 1   5444                      5304    140     5431

 COOLING
  YESTERDAY        4                         2      2        3
  MONTH TO DATE    4                         2      2        3
  SINCE JUN 1      4                         2      2        3
  SINCE JAN 1    110                        43     67       78
..................................................................


WIND (MPH)
  HIGHEST WIND SPEED    21   HIGHEST WIND DIRECTION     W (260)
  HIGHEST GUST SPEED    29   HIGHEST GUST DIRECTION     W (260)
  AVERAGE WIND SPEED     3.5


SKY COVER
  POSSIBLE SUNSHINE  MM
  AVERAGE SKY COVER 0.8


WEATHER CONDITIONS
 THE FOLLOWING WEATHER WAS RECORDED YESTERDAY.
  THUNDERSTORM
  HEAVY RAIN
  RAIN
  LIGHT RAIN
  FOG
  FOG W/VISIBILITY <= 1/4 MILE
  HAZE


RELATIVE HUMIDITY (PERCENT)
 HIGHEST    97          1100 PM
 LOWEST     54           100 PM
 AVERAGE    76

..........................................................


THE BECKLEY WV CLIMATE NORMALS FOR TODAY
                         NORMAL    RECORD    YEAR
 MAXIMUM TEMPERATURE (F)   74        88      1937
                                             1918
 MINIMUM TEMPERATURE (F)   54        33      1955


SUNRISE AND SUNSET
JUNE  2 2015..........SUNRISE   604 AM EDT   SUNSET   841 PM EDT
JUNE  3 2015..........SUNRISE   604 AM EDT   SUNSET   842 PM EDT


-  INDICATES NEGATIVE NUMBERS.
R  INDICATES RECORD WAS SET OR TIED.
MM INDICATES DATA IS MISSING.
T  INDICATES TRACE AMOUNT.




$$
