000
CDUS41 KRNK 040911
CLIBLF


CLIMATE REPORT
NATIONAL WEATHER SERVICE BLACKSBURG VA
510 AM EDT TUE AUG 4 2015


...................................

...THE BLUEFIELD WV CLIMATE SUMMARY FOR AUGUST 3 2015...

CLIMATE NORMAL PERIOD 1981 TO 2010
CLIMATE RECORD PERIOD 1959 TO 2015


WEATHER ITEM   OBSERVED TIME   RECORD YEAR NORMAL DEPARTURE LAST
                VALUE   (LST)  VALUE       VALUE  FROM      YEAR
                                                  NORMAL
..................................................................
TEMPERATURE (F)
 YESTERDAY
  MAXIMUM         85    413 PM  89    1987  81      4       74
  MINIMUM         67    600 AM  49    1976  64      3       57
  AVERAGE         76                        73      3       66

PRECIPITATION (IN)
  YESTERDAY        0.00          0.95 1970   0.12  -0.12     0.00
  MONTH TO DATE    0.00                      0.34  -0.34     0.92
  SINCE JUN 1      8.37                      8.65  -0.28     7.47
  SINCE JAN 1     24.16                     25.47  -1.31    19.13

SNOWFALL (IN)
  YESTERDAY        0.0                                       0.0
  MONTH TO DATE    0.0                                       0.0
  SINCE JUN 1      0.0                                       0.0
  SINCE JUL 1      0.0                                       0.0
  SNOW DEPTH       0

DEGREE DAYS
 HEATING
  YESTERDAY        0                         0      0        0
  MONTH TO DATE    0                         0      0        0
  SINCE JUN 1      3                        24    -21       10
  SINCE JUL 1      0                         2     -2        8

 COOLING
  YESTERDAY       11                         8      3        1
  MONTH TO DATE   24                        24      0        7
  SINCE JUN 1    544                       438    106      422
  SINCE JAN 1    701                       529    172      551
..................................................................


WIND (MPH)
  HIGHEST WIND SPEED    15   HIGHEST WIND DIRECTION     W (250)
  HIGHEST GUST SPEED    21   HIGHEST GUST DIRECTION    SW (220)
  AVERAGE WIND SPEED     6.4


SKY COVER
  AVERAGE SKY COVER 0.2


WEATHER CONDITIONS
 THE FOLLOWING WEATHER WAS RECORDED YESTERDAY.
  NO SIGNIFICANT WEATHER WAS OBSERVED.


RELATIVE HUMIDITY (PERCENT)
 HIGHEST    66           800 AM
 LOWEST     40           400 PM
 AVERAGE    53

..........................................................


THE BLUEFIELD WV CLIMATE NORMALS FOR TODAY
                         NORMAL    RECORD    YEAR
 MAXIMUM TEMPERATURE (F)   81        90      1995
 MINIMUM TEMPERATURE (F)   64        53      1965


SUNRISE AND SUNSET
AUGUST  4 2015........SUNRISE   632 AM EDT   SUNSET   830 PM EDT
AUGUST  5 2015........SUNRISE   632 AM EDT   SUNSET   829 PM EDT


-  INDICATES NEGATIVE NUMBERS.
R  INDICATES RECORD WAS SET OR TIED.
MM INDICATES DATA IS MISSING.
T  INDICATES TRACE AMOUNT.

REMARKS:

DUE TO A TIPPING BUCKET FAILURE CAUSING MISSING PRECIPITATION ON
JUNE 1...THE SEASONAL AND ANNUAL PRECIPITATION TOTALS AND DEPARTURES
FROM NORMAL WILL BE CALCULATED WITHOUT DATA FROM THIS DATE.

ALSO...DUE TO A POWER OUTAGE CAUSING A MISSING LOW TEMPERATURE ON
JUNE 7...THE SEASONAL COOLING DEGREE DAY TOTAL AND DEPARTURE FROM
NORMAL WILL BE CALCULATED WITHOUT DATA FROM THIS DATE.

$$
