000
CDUS41 KRNK 272111
CLIBLF


CLIMATE REPORT
NATIONAL WEATHER SERVICE BLACKSBURG VA
510 PM EDT THU JUL 27 2017


...................................

...THE BLUEFIELD WV CLIMATE SUMMARY FOR JULY 27 2017...
VALID TODAY AS OF 0500 PM LOCAL TIME.

CLIMATE NORMAL PERIOD 1981 TO 2010
CLIMATE RECORD PERIOD 1959 TO 2017


WEATHER ITEM   OBSERVED TIME   RECORD YEAR NORMAL DEPARTURE LAST
                VALUE   (LST)  VALUE       VALUE  FROM      YEAR
                                                  NORMAL
..................................................................
TEMPERATURE (F)
 TODAY
  MAXIMUM         78   1005 AM  89    1966  81     -3       85
  MINIMUM         65    535 AM  47    1962  65      0       69
  AVERAGE         72                        73     -1       77

PRECIPITATION (IN)
  TODAY            0.69          0.87 1992   0.13   0.56     0.08
  MONTH TO DATE    4.02                      3.68   0.34     4.09
  SINCE JUN 1      8.18                      7.82   0.36     7.49
  SINCE JAN 1     28.98                     24.64   4.34    22.25

SNOWFALL (IN)
  TODAY            0.0                                       0.0
  MONTH TO DATE    0.0                                       0.0
  SINCE JUN 1      0.0                                       0.0
  SINCE JUL 1      0.0                                       0.0
  SNOW DEPTH       0

DEGREE DAYS
 HEATING
  TODAY            0                         0      0        0
  MONTH TO DATE    0                         0      0        0
  SINCE JUN 1     45                        22     23       16
  SINCE JUL 1      0                         0      0        0

 COOLING
  TODAY            7                         8     -1       12
  MONTH TO DATE  187                       216    -29      206
  SINCE JUN 1    262                       382   -120      329
  SINCE JAN 1    314                       473   -159      356
..................................................................


WIND (MPH)
  HIGHEST WIND SPEED    14   HIGHEST WIND DIRECTION     W (260)
  HIGHEST GUST SPEED    17   HIGHEST GUST DIRECTION     W (260)
  AVERAGE WIND SPEED     5.3


SKY COVER
  AVERAGE SKY COVER 0.3


WEATHER CONDITIONS
 THE FOLLOWING WEATHER WAS RECORDED TODAY.
  THUNDERSTORM
  HEAVY RAIN
  RAIN
  LIGHT RAIN
  FOG


RELATIVE HUMIDITY (PERCENT)
 HIGHEST    93           200 PM
 LOWEST     74          1000 AM
 AVERAGE    84

..........................................................


THE BLUEFIELD WV CLIMATE NORMALS FOR TOMORROW
                         NORMAL    RECORD    YEAR
 MAXIMUM TEMPERATURE (F)   81        90      2011
                                             1993
 MINIMUM TEMPERATURE (F)   65        54      1962


SUNRISE AND SUNSET
JULY 27 2017..........SUNRISE   626 AM EDT   SUNSET   837 PM EDT
JULY 28 2017..........SUNRISE   626 AM EDT   SUNSET   836 PM EDT


-  INDICATES NEGATIVE NUMBERS.
R  INDICATES RECORD WAS SET OR TIED.
MM INDICATES DATA IS MISSING.
T  INDICATES TRACE AMOUNT.




$$
