000
CDUS41 KRNK 240938
CLIBLF


CLIMATE REPORT
NATIONAL WEATHER SERVICE BLACKSBURG VA
434 AM EST TUE JAN 24 2017


...................................

...THE BLUEFIELD WV CLIMATE SUMMARY FOR JANUARY 23 2017...

CLIMATE NORMAL PERIOD 1981 TO 2010
CLIMATE RECORD PERIOD 1959 TO 2017


WEATHER ITEM   OBSERVED TIME   RECORD YEAR NORMAL DEPARTURE LAST
                VALUE   (LST)  VALUE       VALUE  FROM      YEAR
                                                  NORMAL
..................................................................
TEMPERATURE (F)
 YESTERDAY
  MAXIMUM         46    227 AM  64    1967  42      4       MM
  MINIMUM         37   1159 PM  -6    1963  26     11       MM
  AVERAGE         42                        34      8       MM

PRECIPITATION (IN)
  YESTERDAY        1.53R         0.91 2002   0.10   1.43     0.10
  MONTH TO DATE    4.00                      2.17   1.83     1.78
  SINCE DEC 1      7.20                      5.08   2.12     5.61
  SINCE JAN 1      4.00                      2.17   1.83     1.78

SNOWFALL (IN)
  YESTERDAY        0.0                                       5.8
  MONTH TO DATE    3.8                                      18.4
  SINCE DEC 1      9.7                                      18.5
  SINCE JUL 1      9.7                                      18.5
  SNOW DEPTH       0

DEGREE DAYS
 HEATING
  YESTERDAY       23                        31     -8       MM
  MONTH TO DATE  570                       713   -143      625
  SINCE DEC 1   1494                      1575    -81     1022
  SINCE JUL 1   2270                      2478   -208     1744

 COOLING
  YESTERDAY        0                         0      0       MM
  MONTH TO DATE    0                         0      0        0
  SINCE DEC 1      0                         0      0        3
  SINCE JAN 1      0                         0      0        0
..................................................................


WIND (MPH)
  HIGHEST WIND SPEED    17   HIGHEST WIND DIRECTION    NW (300)
  HIGHEST GUST SPEED    24   HIGHEST GUST DIRECTION    NW (310)
  AVERAGE WIND SPEED     7.4


SKY COVER
  AVERAGE SKY COVER 0.9


WEATHER CONDITIONS
 THE FOLLOWING WEATHER WAS RECORDED YESTERDAY.
  HEAVY RAIN
  RAIN
  LIGHT RAIN
  FOG


RELATIVE HUMIDITY (PERCENT)
 HIGHEST   100           400 AM
 LOWEST     92           500 AM
 AVERAGE    96

..........................................................


THE BLUEFIELD WV CLIMATE NORMALS FOR TODAY
                         NORMAL    RECORD    YEAR
 MAXIMUM TEMPERATURE (F)   42        67      1972
 MINIMUM TEMPERATURE (F)   26       -18      1963


SUNRISE AND SUNSET
JANUARY 24 2017.......SUNRISE   733 AM EST   SUNSET   541 PM EST
JANUARY 25 2017.......SUNRISE   733 AM EST   SUNSET   542 PM EST


-  INDICATES NEGATIVE NUMBERS.
R  INDICATES RECORD WAS SET OR TIED.
MM INDICATES DATA IS MISSING.
T  INDICATES TRACE AMOUNT.

REMARKS:
DUE TO A POWER OUTAGE CAUSING A MISSING HIGH TEMPERATURE ON NOVEMBER
10...THE SEASONAL HEATING DEGREE DAY TOTAL AND DEPARTURE FROM
NORMAL WILL BE CALCULATED WITHOUT DATA FROM THIS DATE.


$$
RCS
