000
CDUS41 KRNK 241130
CLIBLF


CLIMATE REPORT
NATIONAL WEATHER SERVICE BLACKSBURG VA
627 AM EST FRI FEB 24 2017


...................................

...THE BLUEFIELD WV CLIMATE SUMMARY FOR FEBRUARY 23 2017...

CLIMATE NORMAL PERIOD 1981 TO 2010
CLIMATE RECORD PERIOD 1959 TO 2017


WEATHER ITEM   OBSERVED TIME   RECORD YEAR NORMAL DEPARTURE LAST
                VALUE   (LST)  VALUE       VALUE  FROM      YEAR
                                                  NORMAL
..................................................................
TEMPERATURE (F)
 YESTERDAY
  MAXIMUM         64   1242 PM  74    1975  48     16       43
  MINIMUM         48    752 AM   5    1963  31     17       37
  AVERAGE         56                        39     17       40

PRECIPITATION (IN)
  YESTERDAY        0.00          0.63 1998   0.10  -0.10     0.39
  MONTH TO DATE    0.99                      2.24  -1.25     2.55
  SINCE DEC 1      8.44                      8.05   0.39     8.23
  SINCE JAN 1      5.24                      5.14   0.10     4.40

SNOWFALL (IN)
  YESTERDAY        0.0                                       0.0
  MONTH TO DATE    0.9                                      12.4
  SINCE DEC 1     17.2                                      31.1
  SINCE JUL 1     17.2                                      31.1
  SNOW DEPTH       0

DEGREE DAYS
 HEATING
  YESTERDAY        9                        26    -17       25
  MONTH TO DATE  523                       647   -124      741
  SINCE DEC 1   2264                      2464   -200     1930
  SINCE JUL 1   3040                      3367   -327     2652

 COOLING
  YESTERDAY        0                         0      0        0
  MONTH TO DATE    0                         0      0        0
  SINCE DEC 1      0                         0      0        3
  SINCE JAN 1      0                         0      0        0
..................................................................


WIND (MPH)
  HIGHEST WIND SPEED    14   HIGHEST WIND DIRECTION     S (170)
  HIGHEST GUST SPEED    18   HIGHEST GUST DIRECTION     S (180)
  AVERAGE WIND SPEED     4.0


SKY COVER
  AVERAGE SKY COVER 0.6


WEATHER CONDITIONS
 THE FOLLOWING WEATHER WAS RECORDED YESTERDAY.
  NO SIGNIFICANT WEATHER WAS OBSERVED.


RELATIVE HUMIDITY (PERCENT)
 HIGHEST    93           300 AM
 LOWEST     56           100 PM
 AVERAGE    75

..........................................................


THE BLUEFIELD WV CLIMATE NORMALS FOR TODAY
                         NORMAL    RECORD    YEAR
 MAXIMUM TEMPERATURE (F)   48        71      1961
 MINIMUM TEMPERATURE (F)   31        -1      1967


SUNRISE AND SUNSET
FEBRUARY 24 2017......SUNRISE   702 AM EST   SUNSET   614 PM EST
FEBRUARY 25 2017......SUNRISE   701 AM EST   SUNSET   615 PM EST


-  INDICATES NEGATIVE NUMBERS.
R  INDICATES RECORD WAS SET OR TIED.
MM INDICATES DATA IS MISSING.
T  INDICATES TRACE AMOUNT.


REMARKS:
DUE TO A POWER OUTAGE CAUSING A MISSING HIGH TEMPERATURE ON NOVEMBER
10...THE SEASONAL HEATING DEGREE DAY TOTAL AND DEPARTURE FROM
NORMAL WILL BE CALCULATED WITHOUT DATA FROM THIS DATE.


$$

PW
