000
CDUS41 KRNK 010924
CLIBLF


CLIMATE REPORT
NATIONAL WEATHER SERVICE BLACKSBURG VA
521 AM EDT WED OCT 1 2014


...................................

...THE BLUEFIELD WV CLIMATE SUMMARY FOR SEPTEMBER 30 2014...

CLIMATE NORMAL PERIOD 1981 TO 2010
CLIMATE RECORD PERIOD 1959 TO 2014


WEATHER ITEM   OBSERVED TIME   RECORD YEAR NORMAL DEPARTURE LAST
                VALUE   (LST)  VALUE       VALUE  FROM      YEAR
                                                  NORMAL
..................................................................
TEMPERATURE (F)
 YESTERDAY
  MAXIMUM         75    410 PM  80    1986  70      5       73
  MINIMUM         57    634 AM  31    1967  52      5       56
  AVERAGE         66                        61      5

PRECIPITATION (IN)
  YESTERDAY        0.00          1.33 1959   0.11  -0.11     0.00
  MONTH TO DATE    2.41                      3.14  -0.73     1.49
  SINCE SEP 1      2.41                      3.14  -0.73     1.49
  SINCE JAN 1     27.03                     31.53  -4.50    31.71

SNOWFALL (IN)
  YESTERDAY        0.0
  MONTH TO DATE    0.0
  SINCE SEP 1      0.0
  SINCE JUL 1      0.0
  SNOW DEPTH       0

DEGREE DAYS
 HEATING
  YESTERDAY        0                         6     -6
  MONTH TO DATE   48                        74    -26
  SINCE SEP 1     48                        73    -25
  SINCE JUL 1     58                        79    -21

 COOLING
  YESTERDAY        1                         1      0
  MONTH TO DATE  106                        98      8
  SINCE SEP 1    106                        98      8
  SINCE JAN 1    819                       832    -13
..................................................................


WIND (MPH)
  HIGHEST WIND SPEED    13   HIGHEST WIND DIRECTION     W (260)
  HIGHEST GUST SPEED    17   HIGHEST GUST DIRECTION     W (290)
  AVERAGE WIND SPEED     6.1


SKY COVER
  POSSIBLE SUNSHINE  MM
  AVERAGE SKY COVER 0.1


WEATHER CONDITIONS
 THE FOLLOWING WEATHER WAS RECORDED YESTERDAY.
  NO SIGNIFICANT WEATHER WAS OBSERVED.


RELATIVE HUMIDITY (PERCENT)
 HIGHEST    93           700 AM
 LOWEST     41           400 PM
 AVERAGE    67

..........................................................


THE BLUEFIELD WV CLIMATE NORMALS FOR TODAY
                         NORMAL    RECORD    YEAR
 MAXIMUM TEMPERATURE (F)   70        78      2005
                                             1994
 MINIMUM TEMPERATURE (F)   52        33      1972


SUNRISE AND SUNSET
OCTOBER  1 2014.......SUNRISE   720 AM EDT   SUNSET   708 PM EDT
OCTOBER  2 2014.......SUNRISE   721 AM EDT   SUNSET   707 PM EDT


-  INDICATES NEGATIVE NUMBERS.
R  INDICATES RECORD WAS SET OR TIED.
MM INDICATES DATA IS MISSING.
T  INDICATES TRACE AMOUNT.


REMARKS:
DUE TO A POWER FAILURE CAUSING A MISSING LOW TEMPERATURE ON
MAY 30...THE SEASONAL TOTAL AND DEPARTURE FROM NORMAL FOR CDD
WILL BE CALCULATED WITHOUT DATA FROM THAT DATE.


$$
