000
CDUS41 KRNK 292117
CLIBLF


CLIMATE REPORT
NATIONAL WEATHER SERVICE BLACKSBURG VA
516 PM EDT WED MAR 29 2017


...................................

...THE BLUEFIELD WV CLIMATE SUMMARY FOR MARCH 29 2017...
VALID TODAY AS OF 0500 PM LOCAL TIME.

CLIMATE NORMAL PERIOD 1981 TO 2010
CLIMATE RECORD PERIOD 1959 TO 2017


WEATHER ITEM   OBSERVED TIME   RECORD YEAR NORMAL DEPARTURE LAST
                VALUE   (LST)  VALUE       VALUE  FROM      YEAR
                                                  NORMAL
..................................................................
TEMPERATURE (F)
 TODAY
  MAXIMUM         69    350 PM  78    1989  59     10       54
  MINIMUM         48    720 AM  18    2015  40      8       38
  AVERAGE         59                        50      9       46

PRECIPITATION (IN)
  TODAY            0.03          1.77 1991   0.11  -0.08     0.00
  MONTH TO DATE    2.62                      3.29  -0.67     1.46
  SINCE MAR 1      2.62                      3.29  -0.67     1.46
  SINCE JAN 1      8.43                      8.95  -0.52     6.28

SNOWFALL (IN)
  TODAY            0.0                                       0.0
  MONTH TO DATE    3.2                                       0.9
  SINCE MAR 1      3.2                                       0.9
  SINCE JUL 1     20.4                                      33.1
  SNOW DEPTH       0

DEGREE DAYS
 HEATING
  TODAY            6                        16    -10       19
  MONTH TO DATE  681                       585     96      444
  SINCE MAR 1    681                       585     96      444
  SINCE JUL 1   3813                      4078   -265     3257

 COOLING
  TODAY            0                         0      0        0
  MONTH TO DATE    0                         0      0        1
  SINCE MAR 1      0                         0      0        1
  SINCE JAN 1      0                         0      0        1
..................................................................


WIND (MPH)
  HIGHEST WIND SPEED    10   HIGHEST WIND DIRECTION     W (280)
  HIGHEST GUST SPEED    13   HIGHEST GUST DIRECTION     W (270)
  AVERAGE WIND SPEED     4.5


SKY COVER
  AVERAGE SKY COVER 0.3


WEATHER CONDITIONS
 THE FOLLOWING WEATHER WAS RECORDED TODAY.
  LIGHT RAIN
  FOG


RELATIVE HUMIDITY (PERCENT)
 HIGHEST    86           400 AM
 LOWEST     39           400 PM
 AVERAGE    63

..........................................................


THE BLUEFIELD WV CLIMATE NORMALS FOR TOMORROW
                         NORMAL    RECORD    YEAR
 MAXIMUM TEMPERATURE (F)   59        83      1985
 MINIMUM TEMPERATURE (F)   40         9      1964


SUNRISE AND SUNSET
MARCH 29 2017.........SUNRISE   715 AM EDT   SUNSET   745 PM EDT
MARCH 30 2017.........SUNRISE   713 AM EDT   SUNSET   746 PM EDT


-  INDICATES NEGATIVE NUMBERS.
R  INDICATES RECORD WAS SET OR TIED.
MM INDICATES DATA IS MISSING.
T  INDICATES TRACE AMOUNT.


REMARKS:
DUE TO A POWER OUTAGE CAUSING A MISSING HIGH TEMPERATURE ON NOVEMBER
10...THE SEASONAL HEATING DEGREE DAY TOTAL AND DEPARTURE FROM
NORMAL WILL BE CALCULATED WITHOUT DATA FROM THIS DATE.

$$
