000
CDUS46 KSEW 210834
CLIBLI


CLIMATE REPORT
NATIONAL WEATHER SERVICE SEATTLE WA
134 AM PDT THU AUG 21 2014


...................................

...THE BELLINGHAM WA AIRPORT CLIMATE SUMMARY FOR AUGUST 20 2014...

CLIMATE NORMAL PERIOD 1981 TO 2010
CLIMATE RECORD PERIOD 1949 TO 2014


WEATHER ITEM   OBSERVED TIME   RECORD YEAR NORMAL DEPARTURE LAST
                VALUE   (LST)  VALUE       VALUE  FROM      YEAR
                                                  NORMAL
..................................................................
TEMPERATURE (F)
 YESTERDAY
  MAXIMUM         70    353 PM  83    1958  72     -2       73
                                      1951
  MINIMUM         60    747 AM  44    1966  53      7       50
                                      1952
  AVERAGE         65                        62      3       62

PRECIPITATION (IN)
  YESTERDAY        0.00          0.92 1989   0.05  -0.05     0.00
  MONTH TO DATE    0.67                      0.71  -0.04     0.44
  SINCE OCT 1     30.07                     33.53  -3.46    17.13
  SINCE JAN 1     19.76                     19.83  -0.07    15.35

DEGREE DAYS
 HEATING
  YESTERDAY        0                         3     -3        3
  MONTH TO DATE    4                        41    -37       16
  SINCE JUN 1    175                       343   -168      192

 COOLING
  YESTERDAY        0                         0      0        0
  MONTH TO DATE   49                         0     49       21
  SINCE JUN 1    101                        23     78       70
  SINCE JAN 1    102                        23     79       70
..................................................................


WIND (MPH)
  RESULTANT WIND SPEED   8   RESULTANT WIND DIRECTION   S (170)
  HIGHEST WIND SPEED    18   HIGHEST WIND DIRECTION     S (170)
  HIGHEST GUST SPEED    25   HIGHEST GUST DIRECTION     S (180)
  AVERAGE WIND SPEED     8.3


SKY COVER
  AVERAGE SKY COVER 0.5


WEATHER CONDITIONS
 THE FOLLOWING WEATHER WAS RECORDED YESTERDAY.
  NO SIGNIFICANT WEATHER WAS OBSERVED.


RELATIVE HUMIDITY (PERCENT)
 HIGHEST    78          1200 AM
 LOWEST     53           300 PM
 AVERAGE    66

..........................................................


THE BELLINGHAM WA AIRPORT CLIMATE NORMALS FOR TODAY
                         NORMAL    RECORD    YEAR
 MAXIMUM TEMPERATURE (F)   72        85      1958
 MINIMUM TEMPERATURE (F)   53        42      1955


SUNRISE AND SUNSET
AUGUST 21 2014........SUNRISE   612 AM PDT   SUNSET   814 PM PDT
AUGUST 22 2014........SUNRISE   613 AM PDT   SUNSET   812 PM PDT


-  INDICATES NEGATIVE NUMBERS.
R  INDICATES RECORD WAS SET OR TIED.
MM INDICATES DATA IS MISSING.
T  INDICATES TRACE AMOUNT.




$$
