000
CDUS46 KSEW 190831
CLIBLI


CLIMATE REPORT
NATIONAL WEATHER SERVICE SEATTLE WA
1231 AM PST FRI JAN 19 2018


...................................

...THE BELLINGHAM WA AIRPORT CLIMATE SUMMARY FOR JANUARY 18 2018...

CLIMATE NORMAL PERIOD 1981 TO 2010
CLIMATE RECORD PERIOD 1949 TO 2018


WEATHER ITEM   OBSERVED TIME   RECORD YEAR NORMAL DEPARTURE LAST
                VALUE   (LST)  VALUE       VALUE  FROM      YEAR
                                                  NORMAL
..................................................................
TEMPERATURE (F)
 YESTERDAY
  MAXIMUM         50    156 PM  58    2005  46      4       56
  MINIMUM         45   1159 PM   4    1950  33     12       46
  AVERAGE         48                        40      8       51

PRECIPITATION (IN)
  YESTERDAY        0.01          1.13 1968   0.15  -0.14     0.50
  MONTH TO DATE    2.71                      2.78  -0.07     1.39
  SINCE OCT 1     20.33                     16.48   3.85    20.51
  SINCE JAN 1      2.71                      2.78  -0.07     1.39

DEGREE DAYS
 HEATING
  YESTERDAY       17                        25     -8       14
  MONTH TO DATE  420                       473    -53      582
  SINCE DEC 1   1279                      1307    -28     1532

 COOLING
  YESTERDAY        0                         0      0        0
  MONTH TO DATE    0                         0      0        0
  SINCE DEC 1      0                         0      0        0
  SINCE JAN 1      0                         0      0        0
..................................................................


WIND (MPH)
  RESULTANT WIND SPEED  17   RESULTANT WIND DIRECTION   S (160)
  HIGHEST WIND SPEED    26   HIGHEST WIND DIRECTION    SE (150)
  HIGHEST GUST SPEED    35   HIGHEST GUST DIRECTION    SE (150)
  AVERAGE WIND SPEED    17.0


SKY COVER
  AVERAGE SKY COVER 0.9


WEATHER CONDITIONS
 THE FOLLOWING WEATHER WAS RECORDED YESTERDAY.
  LIGHT RAIN


RELATIVE HUMIDITY (PERCENT)
 HIGHEST    93          1200 AM
 LOWEST     61           100 PM
 AVERAGE    77

..........................................................


THE BELLINGHAM WA AIRPORT CLIMATE NORMALS FOR TODAY
                         NORMAL    RECORD    YEAR
 MAXIMUM TEMPERATURE (F)   46        63      2005
 MINIMUM TEMPERATURE (F)   33        11      1954


SUNRISE AND SUNSET
JANUARY 19 2018.......SUNRISE   755 AM PST   SUNSET   448 PM PST
JANUARY 20 2018.......SUNRISE   754 AM PST   SUNSET   449 PM PST


-  INDICATES NEGATIVE NUMBERS.
R  INDICATES RECORD WAS SET OR TIED.
MM INDICATES DATA IS MISSING.
T  INDICATES TRACE AMOUNT.




$$
