570
CDUS43 KIND 280543
CLIBMG


CLIMATE REPORT
NATIONAL WEATHER SERVICE INDIANAPOLIS IN
143 AM EDT FRI JUL 28 2017


...................................

...THE BLOOMINGTON IN CLIMATE SUMMARY FOR JULY 27 2017...

CLIMATE NORMAL PERIOD 1981 TO 2010
CLIMATE RECORD PERIOD 9999 TO 9999


WEATHER ITEM   OBSERVED TIME   NORMAL DEPARTURE LAST
                VALUE   (LST)  VALUE  FROM      YEAR
                                      NORMAL
......................................................
TEMPERATURE (F)
 YESTERDAY
  MAXIMUM         83    345 PM  84     -1       88
  MINIMUM         73   1135 PM  63     10       68
  AVERAGE         78            74      4       78

PRECIPITATION (IN)
  YESTERDAY        0.21          0.11   0.10     0.00
  MONTH TO DATE    3.53          4.51  -0.98     4.88
  SINCE JUN 1      7.02          9.40  -2.38     8.51
  SINCE JAN 1     28.82         29.29  -0.47    27.11

DEGREE DAYS
 HEATING
  YESTERDAY        0             0      0        0
  MONTH TO DATE    0             0      0        3
  SINCE JUN 1      8            15     -7        4
  SINCE JUL 1      0             0      0        3

 COOLING
  YESTERDAY       13             9      4       13
  MONTH TO DATE  310           243     67      290
  SINCE JUN 1    532           451     81      578
  SINCE JAN 1    663           533    130      668
......................................................


WIND (MPH)
  HIGHEST WIND SPEED    15   HIGHEST WIND DIRECTION     W (280)
  HIGHEST GUST SPEED    23   HIGHEST GUST DIRECTION     W (280)
  AVERAGE WIND SPEED     4.1


SKY COVER
  AVERAGE SKY COVER 0.7


WEATHER CONDITIONS
 THE FOLLOWING WEATHER WAS RECORDED YESTERDAY.
  LIGHT RAIN
  FOG
  HAZE


RELATIVE HUMIDITY (PERCENT)
 HIGHEST    93           500 AM
 LOWEST     65           300 PM
 AVERAGE    79

..........................................................


THE BLOOMINGTON IN CLIMATE NORMALS FOR TODAY
                         NORMAL
 MAXIMUM TEMPERATURE (F)   84
 MINIMUM TEMPERATURE (F)   63


SUNRISE AND SUNSET
JULY 28 2017..........SUNRISE   644 AM EDT   SUNSET   902 PM EDT
JULY 29 2017..........SUNRISE   644 AM EDT   SUNSET   901 PM EDT


-  INDICATES NEGATIVE NUMBERS.
R  INDICATES RECORD WAS SET OR TIED.
MM INDICATES DATA IS MISSING.
T  INDICATES TRACE AMOUNT.




$$
