000
CDUS43 KIND 060531
CLIBMG


CLIMATE REPORT
NATIONAL WEATHER SERVICE INDIANAPOLIS IN
1231 AM EST SAT FEB 6 2016


...................................

...THE BLOOMINGTON IN CLIMATE SUMMARY FOR FEBRUARY 5 2016...

CLIMATE NORMAL PERIOD 1981 TO 2010
CLIMATE RECORD PERIOD 9999 TO 9999


WEATHER ITEM   OBSERVED TIME   NORMAL DEPARTURE LAST
                VALUE   (LST)  VALUE  FROM      YEAR
                                      NORMAL
......................................................
TEMPERATURE (F)
 YESTERDAY
  MAXIMUM         42    347 PM  40      2       27
  MINIMUM         18    620 AM  21     -3        6
  AVERAGE         30            31     -1       17

PRECIPITATION (IN)
  YESTERDAY        0.00          0.11  -0.11     0.00
  MONTH TO DATE    0.51          0.51   0.00     0.46
  SINCE DEC 1      7.28          7.36  -0.08     6.54
  SINCE JAN 1      2.02          3.82  -1.80     2.67

DEGREE DAYS
 HEATING
  YESTERDAY       35            34      1       48
  MONTH TO DATE  131           172    -41      184
  SINCE DEC 1   1855          2291   -436     2239
  SINCE JUL 1   2647          3347   -700     3515

 COOLING
  YESTERDAY        0             0      0        0
  MONTH TO DATE    0             0      0        0
  SINCE DEC 1      0             0      0        0
  SINCE JAN 1      0             0      0        0
......................................................


WIND (MPH)
  HIGHEST WIND SPEED    16   HIGHEST WIND DIRECTION    SW (240)
  HIGHEST GUST SPEED    21   HIGHEST GUST DIRECTION     W (270)
  AVERAGE WIND SPEED     4.8


SKY COVER
  AVERAGE SKY COVER 0.0


WEATHER CONDITIONS
 THE FOLLOWING WEATHER WAS RECORDED YESTERDAY.
  NO SIGNIFICANT WEATHER WAS OBSERVED.


RELATIVE HUMIDITY (PERCENT)
 HIGHEST    92           600 AM
 LOWEST     46           100 PM
 AVERAGE    69

..........................................................


THE BLOOMINGTON IN CLIMATE NORMALS FOR TODAY
                         NORMAL
 MAXIMUM TEMPERATURE (F)   41
 MINIMUM TEMPERATURE (F)   22


SUNRISE AND SUNSET
FEBRUARY  6 2016......SUNRISE   749 AM EST   SUNSET   613 PM EST
FEBRUARY  7 2016......SUNRISE   748 AM EST   SUNSET   614 PM EST


-  INDICATES NEGATIVE NUMBERS.
R  INDICATES RECORD WAS SET OR TIED.
MM INDICATES DATA IS MISSING.
T  INDICATES TRACE AMOUNT.




$$
