000
CDUS43 KIND 260535
CLIBMG


CLIMATE REPORT
NATIONAL WEATHER SERVICE INDIANAPOLIS IN
135 AM EDT FRI MAY 26 2017


...................................

...THE BLOOMINGTON IN CLIMATE SUMMARY FOR MAY 25 2017...

CLIMATE NORMAL PERIOD 1981 TO 2010
CLIMATE RECORD PERIOD 9999 TO 9999


WEATHER ITEM   OBSERVED TIME   NORMAL DEPARTURE LAST
                VALUE   (LST)  VALUE  FROM      YEAR
                                      NORMAL
......................................................
TEMPERATURE (F)
 YESTERDAY
  MAXIMUM         67    500 PM  77    -10       84
  MINIMUM         53   1159 PM  54     -1       62
  AVERAGE         60            65     -5       73

PRECIPITATION (IN)
  YESTERDAY        0.06          0.16  -0.10     0.00
  MONTH TO DATE    6.14          4.25   1.89     2.37
  SINCE MAR 1     16.70         12.83   3.87    12.43
  SINCE JAN 1     21.74         18.90   2.84    17.64

DEGREE DAYS
 HEATING
  YESTERDAY        5             3      2        0
  MONTH TO DATE  136           124     12      148
  SINCE MAR 1    930          1170   -240      955
  SINCE JUL 1   4117          5238  -1121     4275

 COOLING
  YESTERDAY        0             3     -3        8
  MONTH TO DATE   60            44     16       19
  SINCE MAR 1    105            63     42       33
  SINCE JAN 1    105            63     42       33
......................................................


WIND (MPH)
  HIGHEST WIND SPEED    17   HIGHEST WIND DIRECTION     W (290)
  HIGHEST GUST SPEED    25   HIGHEST GUST DIRECTION    NW (310)
  AVERAGE WIND SPEED     8.3


SKY COVER
  AVERAGE SKY COVER 0.8


WEATHER CONDITIONS
 THE FOLLOWING WEATHER WAS RECORDED YESTERDAY.
  LIGHT RAIN
  FOG


RELATIVE HUMIDITY (PERCENT)
 HIGHEST    93           900 AM
 LOWEST     63           500 PM
 AVERAGE    78

..........................................................


THE BLOOMINGTON IN CLIMATE NORMALS FOR TODAY
                         NORMAL
 MAXIMUM TEMPERATURE (F)   77
 MINIMUM TEMPERATURE (F)   54


SUNRISE AND SUNSET
MAY 26 2017...........SUNRISE   625 AM EDT   SUNSET   902 PM EDT
MAY 27 2017...........SUNRISE   625 AM EDT   SUNSET   903 PM EDT


-  INDICATES NEGATIVE NUMBERS.
R  INDICATES RECORD WAS SET OR TIED.
MM INDICATES DATA IS MISSING.
T  INDICATES TRACE AMOUNT.




$$
