000
CDUS44 KOHX 260736
CLIBNA


CLIMATE REPORT
NATIONAL WEATHER SERVICE NASHVILLE TN
136 AM CST FRI DEC 26 2014


...................................

...THE NASHVILLE CLIMATE SUMMARY FOR DECEMBER 25 2014...

CLIMATE NORMAL PERIOD 1981 TO 2010
CLIMATE RECORD PERIOD 1871 TO 2014


WEATHER ITEM   OBSERVED TIME   RECORD YEAR NORMAL DEPARTURE
                VALUE   (LST)  VALUE       VALUE  FROM
                                                  NORMAL
...............................................................
TEMPERATURE (F)
 YESTERDAY
  MAXIMUM         50    300 PM  73    1889  47      3
  MINIMUM         35   1145 PM  -5    1983  30      5
  AVERAGE         43                        38      5

PRECIPITATION (IN)
  YESTERDAY        T             2.37 1987   0.13  -0.13
  MONTH TO DATE    2.52                      3.55  -1.03
  SINCE DEC 1      2.52                      3.55  -1.03
  SINCE JAN 1     49.90                     46.56   3.34

SNOWFALL (IN)
  YESTERDAY        0.0           2.7  1969   0.0    0.0
  MONTH TO DATE    T                         0.3   -0.3
  SINCE DEC 1      T                         0.3   -0.3
  SINCE JUL 1      0.2                       0.3   -0.1
  SNOW DEPTH       0

DEGREE DAYS
 HEATING
  YESTERDAY       22                               -4
  MONTH TO DATE  525                              -77
  SINCE DEC 1    525                              -77
  SINCE JUL 1   1299                               23

 COOLING
  YESTERDAY        0                                0
  MONTH TO DATE    0                                0
  SINCE DEC 1      0                                0
  SINCE JAN 1   1803                              158
...............................................................


WIND (MPH)
  HIGHEST WIND SPEED    15   HIGHEST WIND DIRECTION     S (190)
  HIGHEST GUST SPEED    17   HIGHEST GUST DIRECTION     S (190)
  AVERAGE WIND SPEED     6.0




RELATIVE HUMIDITY (PERCENT)
 HIGHEST    85
 LOWEST     56
 AVERAGE    71

..........................................................


THE NASHVILLE CLIMATE NORMALS FOR TODAY
                         NORMAL    RECORD    YEAR
 MAXIMUM TEMPERATURE (F)   47        73      1875
 MINIMUM TEMPERATURE (F)   30         2      1983


SUNRISE AND SUNSET
DECEMBER 26 2014......SUNRISE   656 AM CST   SUNSET   439 PM CST
DECEMBER 27 2014......SUNRISE   656 AM CST   SUNSET   439 PM CST


-  INDICATES NEGATIVE NUMBERS.
R  INDICATES RECORD WAS SET OR TIED.
MM INDICATES DATA IS MISSING.
T  INDICATES TRACE AMOUNT.




$$
