000
CDUS44 KOHX 021253
CLIBNA

CLIMATE REPORT
NATIONAL WEATHER SERVICE NASHVILLE TN
753 AM CDT WED SEP 2 2015


...................................

...THE NASHVILLE CLIMATE SUMMARY FOR SEPTEMBER 1 2015...

CLIMATE NORMAL PERIOD 1981 TO 2010
CLIMATE RECORD PERIOD 1871 TO 2015


WEATHER ITEM   OBSERVED TIME   RECORD YEAR NORMAL DEPARTURE
                VALUE   (LST)  VALUE       VALUE  FROM
                                                  NORMAL
...............................................................
TEMPERATURE (F)
 YESTERDAY
  MAXIMUM         90   1257 PM 102    1953  87      3
  MINIMUM         67    535 AM  50    1946  66      1
  AVERAGE         79                        77      2

PRECIPITATION (IN)
  YESTERDAY        0.00          2.60 1879   0.09  -0.09
  MONTH TO DATE    0.00                      0.09  -0.09
  SINCE SEP 1      0.00                      0.09  -0.09
  SINCE JAN 1     34.44                     32.34   2.10

SNOWFALL (IN)
  YESTERDAY        0.0           0.0  2002   0.0    0.0
                                      2001
                                      2000
  MONTH TO DATE    0.0                       0.0    0.0
  SINCE SEP 1      0.0                       0.0    0.0
  SINCE JUL 1      0.0                       0.0    0.0
  SNOW DEPTH       0

DEGREE DAYS
 HEATING
  YESTERDAY        0                                0
  MONTH TO DATE    0                                0
  SINCE SEP 1      0                                0
  SINCE JUL 1      0                                0

 COOLING
  YESTERDAY       14                                2
  MONTH TO DATE   14                                2
  SINCE SEP 1     14                                2
  SINCE JAN 1   1549                              163
...............................................................


WIND (MPH)
  HIGHEST WIND SPEED     9   HIGHEST WIND DIRECTION    SE (130)
  HIGHEST GUST SPEED    13   HIGHEST GUST DIRECTION    SE (130)
  AVERAGE WIND SPEED     1.9




RELATIVE HUMIDITY (PERCENT)
 HIGHEST    93
 LOWEST     43
 AVERAGE    68

LOW SINCE MIDNIGHT..................................70
PRECIPITATION SINCE MIDNIGHT........................0.00

THE NATIONAL HIGH TEMPERATURE YESTERDAY WAS 112 AT DEATH VALLEY, CA.
THE NATIONAL LOW TEMPERATURE YESTERDAY WAS 37 AT STANLEY, ID AND
LEADVILLE, CO.

..........................................................


THE NASHVILLE CLIMATE NORMALS FOR TODAY
                         NORMAL    RECORD    YEAR
 MAXIMUM TEMPERATURE (F)   87        99      2011
 MINIMUM TEMPERATURE (F)   66        49      1987
                                             1967
                                             1949


SUNRISE AND SUNSET
SEPTEMBER  2 2015.....SUNRISE   619 AM CDT   SUNSET   713 PM CDT
SEPTEMBER  3 2015.....SUNRISE   620 AM CDT   SUNSET   712 PM CDT


-  INDICATES NEGATIVE NUMBERS.
R  INDICATES RECORD WAS SET OR TIED.
MM INDICATES DATA IS MISSING.
T  INDICATES TRACE AMOUNT.




$$
