000
CDUS44 KOHX 230715
CLIBNA


CLIMATE REPORT
NATIONAL WEATHER SERVICE NASHVILLE TN
115 AM CST THU NOV 23 2017


...................................

...THE NASHVILLE CLIMATE SUMMARY FOR NOVEMBER 22 2017...

CLIMATE NORMAL PERIOD 1981 TO 2010
CLIMATE RECORD PERIOD 1871 TO 2017


WEATHER ITEM   OBSERVED TIME   RECORD YEAR NORMAL DEPARTURE
                VALUE   (LST)  VALUE       VALUE  FROM
                                                  NORMAL
...............................................................
TEMPERATURE (F)
 YESTERDAY
  MAXIMUM         49    138 PM  77    1900  58     -9
                                      1897
  MINIMUM         30   1159 PM  15    1964  37     -7
  AVERAGE         40                        47     -7

PRECIPITATION (IN)
  YESTERDAY        0.00          1.37 1941   0.16  -0.16
  MONTH TO DATE    4.22                      3.00   1.22
  SINCE JAN 1     48.12                     41.70   6.42

SNOWFALL (IN)
  YESTERDAY        0.0           5.0  1929
  MONTH TO DATE    0.0
  SINCE SEP 1      0.0
  SINCE JUL 1      0.0

DEGREE DAYS
 HEATING
  YESTERDAY       25                                7
  MONTH TO DATE  277                              -29
  SINCE SEP 1    452                              -69
  SINCE JUL 1    452                              -69

 COOLING
  YESTERDAY        0                                0
  MONTH TO DATE   23                               23
  SINCE SEP 1    343                               77
  SINCE JAN 1   1923                              283
...............................................................


WIND (MPH)
  HIGHEST WIND SPEED    17   HIGHEST WIND DIRECTION    NE (30)
  HIGHEST GUST SPEED    22   HIGHEST GUST DIRECTION     N (360)
  AVERAGE WIND SPEED     9.3




RELATIVE HUMIDITY (PERCENT)
 HIGHEST    75
 LOWEST     39

..........................................................


THE NASHVILLE CLIMATE NORMALS FOR TODAY
                         NORMAL    RECORD    YEAR
 MAXIMUM TEMPERATURE (F)   57        75      1931
 MINIMUM TEMPERATURE (F)   37        16      1970


SUNRISE AND SUNSET
NOVEMBER 23 2017......SUNRISE   632 AM CST   SUNSET   434 PM CST
NOVEMBER 24 2017......SUNRISE   633 AM CST   SUNSET   434 PM CST


-  INDICATES NEGATIVE NUMBERS.
R  INDICATES RECORD WAS SET OR TIED.
MM INDICATES DATA IS MISSING.
T  INDICATES TRACE AMOUNT.




$$
