000
CDUS44 KOHX 310740
CLIBNA


CLIMATE REPORT
NATIONAL WEATHER SERVICE NASHVILLE TN
139 AM CST SAT JAN 31 2015


...................................

...THE NASHVILLE CLIMATE SUMMARY FOR JANUARY 30 2015...

CLIMATE NORMAL PERIOD 1981 TO 2010
CLIMATE RECORD PERIOD 1871 TO 2015


WEATHER ITEM   OBSERVED TIME   RECORD YEAR NORMAL DEPARTURE
                VALUE   (LST)  VALUE       VALUE  FROM
                                                  NORMAL
...............................................................
TEMPERATURE (F)
 YESTERDAY
  MAXIMUM         47    220 PM  73    2013  48     -1
  MINIMUM         31   1134 PM  -6    1966  29      2
  AVERAGE         39                        38      1

PRECIPITATION (IN)
  YESTERDAY        0.00          1.59 1938   0.13  -0.13
  MONTH TO DATE    2.22                      3.61  -1.39
  SINCE DEC 1      5.43                      7.85  -2.42
  SINCE JAN 1      2.22                      3.61  -1.39

SNOWFALL (IN)
  YESTERDAY        0.0           2.6  1949   0.1   -0.1
  MONTH TO DATE    0.9                       2.5   -1.6
  SINCE DEC 1      0.9                       3.0   -2.1
  SINCE JUL 1      1.1                       3.0   -1.9
  SNOW DEPTH       0

DEGREE DAYS
 HEATING
  YESTERDAY       26                               -1
  MONTH TO DATE  810                              -14
  SINCE DEC 1   1481                             -106
  SINCE JUL 1   2255                               -6

 COOLING
  YESTERDAY        0                                0
  MONTH TO DATE    0                                0
  SINCE DEC 1      0                               -1
  SINCE JAN 1      0                                0
...............................................................


WIND (MPH)
  HIGHEST WIND SPEED    22   HIGHEST WIND DIRECTION     N (360)
  HIGHEST GUST SPEED    31   HIGHEST GUST DIRECTION     N (340)
  AVERAGE WIND SPEED     9.2




RELATIVE HUMIDITY (PERCENT)
 HIGHEST    70
 LOWEST     37
 AVERAGE    54

..........................................................


THE NASHVILLE CLIMATE NORMALS FOR TODAY
                         NORMAL    RECORD    YEAR
 MAXIMUM TEMPERATURE (F)   48        73      2002
 MINIMUM TEMPERATURE (F)   29        -2      1966


SUNRISE AND SUNSET
JANUARY 31 2015.......SUNRISE   649 AM CST   SUNSET   512 PM CST
FEBRUARY  1 2015......SUNRISE   648 AM CST   SUNSET   513 PM CST


-  INDICATES NEGATIVE NUMBERS.
R  INDICATES RECORD WAS SET OR TIED.
MM INDICATES DATA IS MISSING.
T  INDICATES TRACE AMOUNT.




$$
