000
CDUS44 KOHX 241233
CLIBNA

CLIMATE REPORT
NATIONAL WEATHER SERVICE NASHVILLE TN
733 AM CDT THU APR 24 2014


...................................

...THE NASHVILLE CLIMATE SUMMARY FOR APRIL 23 2014...

CLIMATE NORMAL PERIOD 1981 TO 2010
CLIMATE RECORD PERIOD 1871 TO 2014


WEATHER ITEM   OBSERVED TIME   RECORD YEAR NORMAL DEPARTURE LAST
                VALUE   (LST)  VALUE       VALUE  FROM      YEAR
                                                  NORMAL
..................................................................
TEMPERATURE (F)
 YESTERDAY
  MAXIMUM         71    349 PM  90    1980  73     -2       76
  MINIMUM         47    536 AM  31    1986  50     -3       49
  AVERAGE         59                        61     -2       63

PRECIPITATION (IN)
  YESTERDAY        0.00          2.95 1878   0.15  -0.15     0.00
  MONTH TO DATE    2.78                      2.91  -0.13     3.38
  SINCE MAR 1      7.14                      7.02   0.12     7.70
  SINCE JAN 1     14.84                     14.71   0.13    17.42

SNOWFALL (IN)
  YESTERDAY        0.0           0.0  2002   0.0    0.0      0.0
                                      2001
  MONTH TO DATE    0.0                       0.1   -0.1      0.0
  SINCE MAR 1      0.2                       1.0   -0.8      0.3
  SINCE JUL 1      1.6                       6.4   -4.8      1.3
  SNOW DEPTH       0

DEGREE DAYS
 HEATING
  YESTERDAY        6                         5      1        2
  MONTH TO DATE  134                       187    -53      165
  SINCE MAR 1    676                       660     16      781
  SINCE JUL 1   3861                      3598    263     3413

 COOLING
  YESTERDAY        0                         2     -2        0
  MONTH TO DATE   28                        26      2       47
  SINCE MAR 1     28                        34     -6       48
  SINCE JAN 1     28                        34     -6       52
..................................................................


WIND (MPH)
  HIGHEST WIND SPEED    15   HIGHEST WIND DIRECTION    NE (50)
  HIGHEST GUST SPEED    20   HIGHEST GUST DIRECTION    NE (40)
  AVERAGE WIND SPEED     6.8


SKY COVER
  AVERAGE SKY COVER 0.1


WEATHER CONDITIONS
 THE FOLLOWING WEATHER WAS RECORDED YESTERDAY.
  NO SIGNIFICANT WEATHER WAS OBSERVED.


RELATIVE HUMIDITY (PERCENT)
 HIGHEST    66
 LOWEST     26
 AVERAGE    46

..........................................................

LOW TEMPERATURE SINCE MIDNIGHT................41
PRECIPITATION SINCE MIDNIGHT................0.00

THE NASHVILLE CLIMATE NORMALS FOR TODAY
                         NORMAL    RECORD    YEAR
 MAXIMUM TEMPERATURE (F)   73        90      1925
 MINIMUM TEMPERATURE (F)   50        34      1986
                                             1910


SUNRISE AND SUNSET
APRIL 24 2014.........SUNRISE   602 AM CDT   SUNSET   728 PM CDT
APRIL 25 2014.........SUNRISE   601 AM CDT   SUNSET   729 PM CDT


-  INDICATES NEGATIVE NUMBERS.
R  INDICATES RECORD WAS SET OR TIED.
MM INDICATES DATA IS MISSING.
T  INDICATES TRACE AMOUNT.




$$

ROSE
