000
CDUS44 KOHX 201230
CLIBNA

CLIMATE REPORT
NATIONAL WEATHER SERVICE NASHVILLE TN
730 AM CDT SAT SEP 20 2014


...................................

...THE NASHVILLE CLIMATE SUMMARY FOR SEPTEMBER 19 2014...

CLIMATE NORMAL PERIOD 1981 TO 2010
CLIMATE RECORD PERIOD 1871 TO 2014


WEATHER ITEM   OBSERVED TIME   RECORD YEAR NORMAL DEPARTURE
                VALUE   (LST)  VALUE       VALUE  FROM
                                                  NORMAL
...............................................................
TEMPERATURE (F)
 YESTERDAY
  MAXIMUM         87    153 PM  97    1954  81      6
                                      1925
  MINIMUM         59    549 AM  41    1981  59      0
  AVERAGE         73                        70      3

PRECIPITATION (IN)
  YESTERDAY        0.00          1.08 1965   0.12  -0.12
  MONTH TO DATE    0.21                      2.10  -1.89
  SINCE SEP 1      0.21                      2.10  -1.89
  SINCE JAN 1     35.61                     34.35   1.26

SNOWFALL (IN)
  YESTERDAY        0.0           0.0  2002   0.0    0.0
                                      2001
                                      2000
  MONTH TO DATE    0.0                       0.0    0.0
  SINCE SEP 1      0.0                       0.0    0.0
  SINCE JUL 1      0.0                       0.0    0.0
  SNOW DEPTH       0

DEGREE DAYS
 HEATING
  YESTERDAY        0                               -1
  MONTH TO DATE    2                               -2
  SINCE SEP 1      2                               -2
  SINCE JUL 1      2                               -2

 COOLING
  YESTERDAY        8                                2
  MONTH TO DATE  179                               10
  SINCE SEP 1    179                               10
  SINCE JAN 1   1668                              125
...............................................................


WIND (MPH)
  HIGHEST WIND SPEED    10   HIGHEST WIND DIRECTION     E (90)
  HIGHEST GUST SPEED    13   HIGHEST GUST DIRECTION     E (100)
  AVERAGE WIND SPEED     4.2




RELATIVE HUMIDITY (PERCENT)
 HIGHEST    97
 LOWEST     40
 AVERAGE    69

..........................................................


THE NASHVILLE CLIMATE NORMALS FOR TODAY
                         NORMAL    RECORD    YEAR
 MAXIMUM TEMPERATURE (F)   81        97      1925
 MINIMUM TEMPERATURE (F)   59        43      1916


SUNRISE AND SUNSET
SEPTEMBER 20 2014.....SUNRISE   633 AM CDT   SUNSET   647 PM CDT
SEPTEMBER 21 2014.....SUNRISE   634 AM CDT   SUNSET   645 PM CDT


-  INDICATES NEGATIVE NUMBERS.
R  INDICATES RECORD WAS SET OR TIED.
MM INDICATES DATA IS MISSING.
T  INDICATES TRACE AMOUNT.


LOW SINCE MIDNIGHT.....................................67
PRECIPITATION SINCE MIDNIGHT...........................0.00


$$
