000
CDUS45 KBOI 300931
CLIBNO


CLIMATE REPORT
NATIONAL WEATHER SERVICE BOISE ID
330 AM MDT SAT APR 30 2016


...................................

...THE BURNS OR CLIMATE SUMMARY FOR APRIL 29 2016...

CLIMATE NORMAL PERIOD 1981 TO 2010
CLIMATE RECORD PERIOD 1938 TO 2016


WEATHER ITEM   OBSERVED TIME   RECORD YEAR NORMAL DEPARTURE LAST
                VALUE   (LST)  VALUE       VALUE  FROM      YEAR
                                                  NORMAL
..................................................................
TEMPERATURE (F)
 YESTERDAY
  MAXIMUM         51    251 PM  80    1968  61    -10       66
  MINIMUM         37   1225 AM  15    1962  32      5       29
  AVERAGE         44                        46     -2       48

PRECIPITATION (IN)
  YESTERDAY        T             0.38 1948   0.03  -0.03     0.00
  MONTH TO DATE    0.11                      0.90  -0.79     0.15
  SINCE OCT 1      8.03                      7.70   0.33     6.75
  SINCE JAN 1      3.16                      4.20  -1.04     2.25

DEGREE DAYS
 HEATING
  YESTERDAY       21                        19      2       17
  MONTH TO DATE  457                       636   -179      659
  SINCE MAR 1   1199                      1493   -294     1341
  SINCE JUL 1   6360                      7021   -661     5815

 COOLING
  YESTERDAY        0                         0      0        0
  MONTH TO DATE    0                         0      0        0
  SINCE MAR 1      0                         0      0        0
  SINCE JAN 1      0                         0      0        0
..................................................................


WIND (MPH)
  HIGHEST WIND SPEED    24   HIGHEST WIND DIRECTION    NW (300)
  HIGHEST GUST SPEED    31   HIGHEST GUST DIRECTION    NW (300)
  AVERAGE WIND SPEED    13.6


SKY COVER
  POSSIBLE SUNSHINE  MM
  AVERAGE SKY COVER 0.8


WEATHER CONDITIONS
 THE FOLLOWING WEATHER WAS RECORDED YESTERDAY.
  LIGHT RAIN
  HAZE


RELATIVE HUMIDITY (PERCENT)
 HIGHEST    82           500 AM
 LOWEST     48          1000 AM
 AVERAGE    65

..........................................................


THE BURNS OR CLIMATE NORMALS FOR TODAY
                         NORMAL    RECORD    YEAR
 MAXIMUM TEMPERATURE (F)   61        81      1981
 MINIMUM TEMPERATURE (F)   32        18      2013


SUNRISE AND SUNSET
APRIL 30 2016.........SUNRISE   549 AM PDT   SUNSET   758 PM PDT
MAY  1 2016...........SUNRISE   548 AM PDT   SUNSET   759 PM PDT


-  INDICATES NEGATIVE NUMBERS.
R  INDICATES RECORD WAS SET OR TIED.
MM INDICATES DATA IS MISSING.
T  INDICATES TRACE AMOUNT.




$$
