000
CDUS45 KBOI 180932
CLIBNO


CLIMATE REPORT
NATIONAL WEATHER SERVICE BOISE ID
231 AM MST WED JAN 18 2017


...................................

...THE BURNS OR CLIMATE SUMMARY FOR JANUARY 17 2017...

CLIMATE NORMAL PERIOD 1981 TO 2010
CLIMATE RECORD PERIOD 1938 TO 2017


WEATHER ITEM   OBSERVED TIME   RECORD YEAR NORMAL DEPARTURE LAST
                VALUE   (LST)  VALUE       VALUE  FROM      YEAR
                                                  NORMAL
..................................................................
TEMPERATURE (F)
 YESTERDAY
  MAXIMUM         23   1159 PM  55    1994  35    -12       37
  MINIMUM         -9    459 AM -22    1984  15    -24       11
  AVERAGE          7                        25    -18       24

PRECIPITATION (IN)
  YESTERDAY        0.17          0.80 1971   0.03   0.14     0.18
                                      1950
  MONTH TO DATE    2.18                      0.71   1.47     0.71
  SINCE OCT 1      5.69                      4.21   1.48     5.58
  SINCE JAN 1      2.18                      0.71   1.47     0.71

DEGREE DAYS
 HEATING
  YESTERDAY       58                        40     18       41
  MONTH TO DATE  971                       691    280      739
  SINCE DEC 1   2320                      1957    363     1998
  SINCE JUL 1   4133                      3958    175     3859

 COOLING
  YESTERDAY        0                         0      0        0
  MONTH TO DATE    0                         0      0        0
  SINCE DEC 1      0                         0      0        0
  SINCE JAN 1      0                         0      0        0
..................................................................


WIND (MPH)
  HIGHEST WIND SPEED    10   HIGHEST WIND DIRECTION     W (260)
  HIGHEST GUST SPEED    14   HIGHEST GUST DIRECTION     W (290)
  AVERAGE WIND SPEED     2.9


SKY COVER
  POSSIBLE SUNSHINE  MM
  AVERAGE SKY COVER 0.3


WEATHER CONDITIONS
 THE FOLLOWING WEATHER WAS RECORDED YESTERDAY.
  FREEZING RAIN
  LT FREEZING RAIN
  FOG


RELATIVE HUMIDITY (PERCENT)
 HIGHEST    91          1200 AM
 LOWEST     73           400 PM
 AVERAGE    82

..........................................................


THE BURNS OR CLIMATE NORMALS FOR TODAY
                         NORMAL    RECORD    YEAR
 MAXIMUM TEMPERATURE (F)   35        52      1994
 MINIMUM TEMPERATURE (F)   15       -16      1943


SUNRISE AND SUNSET
JANUARY 18 2017.......SUNRISE   724 AM PST   SUNSET   449 PM PST
JANUARY 19 2017.......SUNRISE   723 AM PST   SUNSET   450 PM PST


-  INDICATES NEGATIVE NUMBERS.
R  INDICATES RECORD WAS SET OR TIED.
MM INDICATES DATA IS MISSING.
T  INDICATES TRACE AMOUNT.




$$
