083
CDUS45 KBOI 250122
CLIBNO


CLIMATE REPORT
NATIONAL WEATHER SERVICE BOISE ID
722 PM MDT SAT JUN 24 2017


...................................

...THE BURNS OR CLIMATE SUMMARY FOR JUNE 24 2017...
VALID TODAY AS OF 0600 PM LOCAL TIME.

CLIMATE NORMAL PERIOD 1981 TO 2010
CLIMATE RECORD PERIOD 1938 TO 2017


WEATHER ITEM   OBSERVED TIME   RECORD YEAR NORMAL DEPARTURE LAST
                VALUE   (LST)  VALUE       VALUE  FROM      YEAR
                                                  NORMAL
..................................................................
TEMPERATURE (F)
 TODAY
  MAXIMUM         89    444 PM  95    1986  78     11       70
  MINIMUM         42    426 AM  29    1997  43     -1       39
  AVERAGE         66                        61      5       55

PRECIPITATION (IN)
  TODAY            0.00          0.37 1941   0.02  -0.02     0.00
  MONTH TO DATE    0.10                      0.66  -0.56     0.40
  SINCE OCT 1     11.85                      9.62   2.23     9.12
  SINCE JAN 1      8.34                      6.12   2.22     4.25

DEGREE DAYS
 HEATING
  TODAY            0                         5     -5       10
  MONTH TO DATE  169                       192    -23      170
  SINCE JUN 1    169                       192    -23      170
  SINCE JUL 1   7951                      7662    289     6949

 COOLING
  TODAY            1                         1      0        0
  MONTH TO DATE   18                        10      8       25
  SINCE JUN 1     18                        10      8       25
  SINCE JAN 1     19                        13      6       25
..................................................................


WIND (MPH)
  HIGHEST WIND SPEED    10   HIGHEST WIND DIRECTION     S (170)
  HIGHEST GUST SPEED    18   HIGHEST GUST DIRECTION    SE (120)
  AVERAGE WIND SPEED     5.4



WEATHER CONDITIONS
 THE FOLLOWING WEATHER WAS RECORDED TODAY.
  NO SIGNIFICANT WEATHER WAS OBSERVED.


RELATIVE HUMIDITY (PERCENT)
 HIGHEST    65           400 AM
 LOWEST     14           500 PM
 AVERAGE    40

..........................................................


THE BURNS OR CLIMATE NORMALS FOR TOMORROW
                         NORMAL    RECORD    YEAR
 MAXIMUM TEMPERATURE (F)   79        95      1970
                                             1961
 MINIMUM TEMPERATURE (F)   44        30      2007


SUNRISE AND SUNSET
JUNE 24 2017..........SUNRISE   515 AM PDT   SUNSET   841 PM PDT
JUNE 25 2017..........SUNRISE   516 AM PDT   SUNSET   841 PM PDT


-  INDICATES NEGATIVE NUMBERS.
R  INDICATES RECORD WAS SET OR TIED.
MM INDICATES DATA IS MISSING.
T  INDICATES TRACE AMOUNT.




$$
