535
CDUS45 KBOI 090931
CLIBNO


CLIMATE REPORT
NATIONAL WEATHER SERVICE BOISE ID
231 AM MST TUE FEB 9 2016


...................................

...THE BURNS OR CLIMATE SUMMARY FOR FEBRUARY 8 2016...

CLIMATE NORMAL PERIOD 1981 TO 2010
CLIMATE RECORD PERIOD 1938 TO 2016


WEATHER ITEM   OBSERVED TIME   RECORD YEAR NORMAL DEPARTURE LAST
                VALUE   (LST)  VALUE       VALUE  FROM      YEAR
                                                  NORMAL
..................................................................
TEMPERATURE (F)
 YESTERDAY
  MAXIMUM         43    307 PM  60    1963  37      6       56
  MINIMUM         17    709 AM -15    1989  17      0       28
  AVERAGE         30                        27      3       42

PRECIPITATION (IN)
  YESTERDAY        0.00          0.68 1960   0.03  -0.03     0.12
  MONTH TO DATE    0.12                      0.28  -0.16     0.75
  SINCE OCT 1      6.47                      4.97   1.50     5.65
  SINCE JAN 1      1.60                      1.47   0.13     1.15

DEGREE DAYS
 HEATING
  YESTERDAY       35                        38     -3       23
  MONTH TO DATE  229                       308    -79      181
  SINCE DEC 1   2628                      2820   -192     2228
  SINCE JUL 1   4489                      4821   -332     3958

 COOLING
  YESTERDAY        0                         0      0        0
  MONTH TO DATE    0                         0      0        0
  SINCE DEC 1      0                         0      0        0
  SINCE JAN 1      0                         0      0        0
..................................................................


WIND (MPH)
  HIGHEST WIND SPEED     9   HIGHEST WIND DIRECTION     W (290)
  HIGHEST GUST SPEED    10   HIGHEST GUST DIRECTION     W (280)
  AVERAGE WIND SPEED     2.7


SKY COVER
  POSSIBLE SUNSHINE  MM
  AVERAGE SKY COVER 0.0


WEATHER CONDITIONS
 THE FOLLOWING WEATHER WAS RECORDED YESTERDAY.
  NO SIGNIFICANT WEATHER WAS OBSERVED.


RELATIVE HUMIDITY (PERCENT)
 HIGHEST    92           100 AM
 LOWEST     65           200 PM
 AVERAGE    79

..........................................................


THE BURNS OR CLIMATE NORMALS FOR TODAY
                         NORMAL    RECORD    YEAR
 MAXIMUM TEMPERATURE (F)   38        56      1963
 MINIMUM TEMPERATURE (F)   17       -12      1939


SUNRISE AND SUNSET
FEBRUARY  9 2016......SUNRISE   703 AM PST   SUNSET   518 PM PST
FEBRUARY 10 2016......SUNRISE   702 AM PST   SUNSET   519 PM PST


-  INDICATES NEGATIVE NUMBERS.
R  INDICATES RECORD WAS SET OR TIED.
MM INDICATES DATA IS MISSING.
T  INDICATES TRACE AMOUNT.




$$
