000
CDUS45 KBOI 300124
CLIBOI


CLIMATE REPORT
NATIONAL WEATHER SERVICE BOISE ID
723 PM MDT THU SEP 29 2016


...................................

...THE BOISE ID CLIMATE SUMMARY FOR SEPTEMBER 29 2016...
VALID TODAY AS OF 0600 PM LOCAL TIME.

CLIMATE NORMAL PERIOD 1981 TO 2010
CLIMATE RECORD PERIOD 1875 TO 2016


WEATHER ITEM   OBSERVED TIME   RECORD YEAR NORMAL DEPARTURE LAST
                VALUE   (LST)  VALUE       VALUE  FROM      YEAR
                                                  NORMAL
..................................................................
TEMPERATURE (F)
 TODAY
  MAXIMUM         90    433 PM  95    1992  73     17       85
  MINIMUM         61    759 AM  27    1954  46     15       55
  AVERAGE         76                        60     16       70

PRECIPITATION (IN)
  TODAY            0.00          0.59 1927   0.03  -0.03     0.00
  MONTH TO DATE    0.21                      0.56  -0.35     0.51
  SINCE OCT 1      9.52                     11.71  -2.19    12.53
  SINCE JAN 1      5.18                      8.06  -2.88     6.62

DEGREE DAYS
 HEATING
  TODAY            0                         7     -7        0
  MONTH TO DATE   89                        97     -8       60
  SINCE SEP 1     89                        97     -8       60
  SINCE JUL 1     97                       115    -18       60

 COOLING
  TODAY           11                         1     10        5
  MONTH TO DATE   52                        98    -46      114
  SINCE SEP 1     52                        98    -46      114
  SINCE JAN 1    989                       932     57     1250
..................................................................


WIND (MPH)
  HIGHEST WIND SPEED    22   HIGHEST WIND DIRECTION    SE (130)
  HIGHEST GUST SPEED    29   HIGHEST GUST DIRECTION    SE (130)
  AVERAGE WIND SPEED     9.1



WEATHER CONDITIONS
 THE FOLLOWING WEATHER WAS RECORDED TODAY.
  HAZE


RELATIVE HUMIDITY (PERCENT)
 HIGHEST    49           800 AM
 LOWEST     14           400 PM
 AVERAGE    32

..........................................................


THE BOISE ID CLIMATE NORMALS FOR TOMORROW
                         NORMAL    RECORD    YEAR
 MAXIMUM TEMPERATURE (F)   73        96      1992
 MINIMUM TEMPERATURE (F)   46        29      1954


SUNRISE AND SUNSET
SEPTEMBER 29 2016.....SUNRISE   741 AM MDT   SUNSET   728 PM MDT
SEPTEMBER 30 2016.....SUNRISE   742 AM MDT   SUNSET   727 PM MDT


-  INDICATES NEGATIVE NUMBERS.
R  INDICATES RECORD WAS SET OR TIED.
MM INDICATES DATA IS MISSING.
T  INDICATES TRACE AMOUNT.




$$
