000
CDUS45 KBOI 230931
CLIBOI


CLIMATE REPORT
NATIONAL WEATHER SERVICE BOISE ID
331 AM MDT TUE MAY 23 2017


...................................

...THE BOISE ID CLIMATE SUMMARY FOR MAY 22 2017...

CLIMATE NORMAL PERIOD 1981 TO 2010
CLIMATE RECORD PERIOD 1875 TO 2017


WEATHER ITEM   OBSERVED TIME   RECORD YEAR NORMAL DEPARTURE LAST
                VALUE   (LST)  VALUE       VALUE  FROM      YEAR
                                                  NORMAL
..................................................................
TEMPERATURE (F)
 YESTERDAY
  MAXIMUM         82    539 PM  93    1988  74      8       61
  MINIMUM         53    603 AM  28    1960  48      5       46
  AVERAGE         68                        61      7       54

PRECIPITATION (IN)
  YESTERDAY        0.00          1.41 2010   0.04  -0.04      T
  MONTH TO DATE    0.74                      1.00  -0.26     0.87
  SINCE OCT 1     13.29                      9.50   3.79     8.86
  SINCE JAN 1      9.79                      5.85   3.94     4.52

SNOWFALL (IN)
  YESTERDAY        0.0           T    2010   0.0    0.0      0.0
                                      1944
  MONTH TO DATE    0.0                       0.0    0.0      0.0
  SINCE OCT 1     39.1                      19.2   19.9     10.9
  SINCE JUL 1     39.1                      19.2   19.9     10.9
  SNOW DEPTH       0

DEGREE DAYS
 HEATING
  YESTERDAY        0                         6     -6       11
  MONTH TO DATE  199                       182     17      107
  SINCE MAR 1   1151                      1247    -96      896
  SINCE JUL 1   5438                      5406     32     4645

 COOLING
  YESTERDAY        3                         2      1        0
  MONTH TO DATE   19                        23     -4       25
  SINCE MAR 1     19                        26     -7       30
  SINCE JAN 1     19                        26     -7       30
..................................................................


WIND (MPH)
  HIGHEST WIND SPEED    16   HIGHEST WIND DIRECTION    NW (300)
  HIGHEST GUST SPEED    22   HIGHEST GUST DIRECTION    NW (320)
  AVERAGE WIND SPEED     6.8


SKY COVER
  POSSIBLE SUNSHINE  MM
  AVERAGE SKY COVER 0.0


WEATHER CONDITIONS
 THE FOLLOWING WEATHER WAS RECORDED YESTERDAY.
  NO SIGNIFICANT WEATHER WAS OBSERVED.


RELATIVE HUMIDITY (PERCENT)
 HIGHEST    72           200 AM
 LOWEST     16           400 PM
 AVERAGE    44

..........................................................


THE BOISE ID CLIMATE NORMALS FOR TODAY
                         NORMAL    RECORD    YEAR
 MAXIMUM TEMPERATURE (F)   74        95      2001
 MINIMUM TEMPERATURE (F)   48        32      1966
                                             1964
                                             1944


SUNRISE AND SUNSET
MAY 23 2017...........SUNRISE   612 AM MDT   SUNSET   912 PM MDT
MAY 24 2017...........SUNRISE   611 AM MDT   SUNSET   913 PM MDT


-  INDICATES NEGATIVE NUMBERS.
R  INDICATES RECORD WAS SET OR TIED.
MM INDICATES DATA IS MISSING.
T  INDICATES TRACE AMOUNT.




$$
