556
CDUS45 KBOI 280135
CLIBOI


CLIMATE REPORT
NATIONAL WEATHER SERVICE BOISE ID
720 PM MDT SAT AUG 27 2016


...................................

...THE BOISE ID CLIMATE SUMMARY FOR AUGUST 27 2016...
VALID TODAY AS OF 0600 PM LOCAL TIME.

CLIMATE NORMAL PERIOD 1981 TO 2010
CLIMATE RECORD PERIOD 1875 TO 2016


WEATHER ITEM   OBSERVED TIME   RECORD YEAR NORMAL DEPARTURE LAST
                VALUE   (LST)  VALUE       VALUE  FROM      YEAR
                                                  NORMAL
..................................................................
TEMPERATURE (F)
 TODAY
  MAXIMUM         90    559 PM 105    1883  87      3       93
  MINIMUM         57    639 AM  38    1960  57      0       70
  AVERAGE         74                        72      2       82

PRECIPITATION (IN)
  TODAY            0.00          0.10 1895   0.01  -0.01     0.00
  MONTH TO DATE    T                         0.20  -0.20     0.18
  SINCE OCT 1      9.31                     11.11  -1.80    12.02
  SINCE JAN 1      4.97                      7.46  -2.49     6.11

DEGREE DAYS
 HEATING
  TODAY            0                         1     -1        0
  MONTH TO DATE    0                         2     -2        0
  SINCE JUN 1     45                        74    -29        2
  SINCE JUL 1      8                        10     -2        0

 COOLING
  TODAY            9                         7      2       17
  MONTH TO DATE  270                       279     -9      354
  SINCE JUN 1    856                       760     96     1061
  SINCE JAN 1    887                       804     83     1096
..................................................................


WIND (MPH)
  HIGHEST WIND SPEED    15   HIGHEST WIND DIRECTION    NW (320)
  HIGHEST GUST SPEED    19   HIGHEST GUST DIRECTION     N (10)
  AVERAGE WIND SPEED     6.2



WEATHER CONDITIONS
 THE FOLLOWING WEATHER WAS RECORDED TODAY.
  NO SIGNIFICANT WEATHER WAS OBSERVED.


RELATIVE HUMIDITY (PERCENT)
 HIGHEST    43           700 AM
 LOWEST     12           400 PM
 AVERAGE    28

..........................................................


THE BOISE ID CLIMATE NORMALS FOR TOMORROW
                         NORMAL    RECORD    YEAR
 MAXIMUM TEMPERATURE (F)   86       102      2009
 MINIMUM TEMPERATURE (F)   57        39      1960


SUNRISE AND SUNSET
AUGUST 27 2016........SUNRISE   704 AM MDT   SUNSET   828 PM MDT
AUGUST 28 2016........SUNRISE   705 AM MDT   SUNSET   826 PM MDT


-  INDICATES NEGATIVE NUMBERS.
R  INDICATES RECORD WAS SET OR TIED.
MM INDICATES DATA IS MISSING.
T  INDICATES TRACE AMOUNT.




$$
