000
CDUS45 KBOI 190931
CLIBOI


CLIMATE REPORT
NATIONAL WEATHER SERVICE BOISE ID
331 AM MDT SAT AUG 19 2017


...................................

...THE BOISE ID CLIMATE SUMMARY FOR AUGUST 18 2017...

CLIMATE NORMAL PERIOD 1981 TO 2010
CLIMATE RECORD PERIOD 1875 TO 2017


WEATHER ITEM   OBSERVED TIME   RECORD YEAR NORMAL DEPARTURE LAST
                VALUE   (LST)  VALUE       VALUE  FROM      YEAR
                                                  NORMAL
..................................................................
TEMPERATURE (F)
 YESTERDAY
  MAXIMUM         92    524 PM 104    1903  90      2       96
  MINIMUM         59    613 AM  38    1995  60     -1       69
  AVERAGE         76                        74      2       83

PRECIPITATION (IN)
  YESTERDAY        0.00          0.30 1926   0.01  -0.01     0.00
  MONTH TO DATE    0.08                      0.13  -0.05      T
  SINCE OCT 1     14.78                     11.04   3.74     9.31
  SINCE JAN 1     11.28                      7.39   3.89     4.97

SNOWFALL (IN)
  YESTERDAY        0.0           0.0  2006   0.0    0.0      0.0
  MONTH TO DATE    0.0                       0.0    0.0      0.0
  SINCE OCT 1     39.1                      19.2   19.9     10.9
  SINCE JUL 1      0.0                       0.0    0.0      0.0
  SNOW DEPTH       0

DEGREE DAYS
 HEATING
  YESTERDAY        0                         0      0        0
  MONTH TO DATE    0                         0      0        0
  SINCE JUN 1     45                        72    -27       45
  SINCE JUL 1      0                         8     -8        8

 COOLING
  YESTERDAY       11                        10      1       18
  MONTH TO DATE  244                       203     41      204
  SINCE JUN 1    936                       684    252      790
  SINCE JAN 1    998                       728    270      821
..................................................................


WIND (MPH)
  HIGHEST WIND SPEED    15   HIGHEST WIND DIRECTION    NW (320)
  HIGHEST GUST SPEED    26   HIGHEST GUST DIRECTION     W (280)
  AVERAGE WIND SPEED     6.2


SKY COVER
  POSSIBLE SUNSHINE  MM
  AVERAGE SKY COVER 0.0


WEATHER CONDITIONS
 THE FOLLOWING WEATHER WAS RECORDED YESTERDAY.
  NO SIGNIFICANT WEATHER WAS OBSERVED.


RELATIVE HUMIDITY (PERCENT)
 HIGHEST    46           500 AM
 LOWEST     10           600 PM
 AVERAGE    28

..........................................................


THE BOISE ID CLIMATE NORMALS FOR TODAY
                         NORMAL    RECORD    YEAR
 MAXIMUM TEMPERATURE (F)   89       105      1946
 MINIMUM TEMPERATURE (F)   59        39      1916


SUNRISE AND SUNSET
AUGUST 19 2017........SUNRISE   654 AM MDT   SUNSET   841 PM MDT
AUGUST 20 2017........SUNRISE   656 AM MDT   SUNSET   840 PM MDT


-  INDICATES NEGATIVE NUMBERS.
R  INDICATES RECORD WAS SET OR TIED.
MM INDICATES DATA IS MISSING.
T  INDICATES TRACE AMOUNT.




$$
