000
CDUS45 KBOI 050122
CLIBOI


CLIMATE REPORT
NATIONAL WEATHER SERVICE BOISE ID
722 PM MDT TUE AUG 4 2015


...................................

...THE BOISE ID CLIMATE SUMMARY FOR AUGUST 4 2015...
VALID TODAY AS OF 0600 PM LOCAL TIME.

CLIMATE NORMAL PERIOD 1981 TO 2010
CLIMATE RECORD PERIOD 1878 TO 2015


WEATHER ITEM   OBSERVED TIME   RECORD YEAR NORMAL DEPARTURE LAST
                VALUE   (LST)  VALUE       VALUE  FROM      YEAR
                                                  NORMAL
..................................................................
TEMPERATURE (F)
 TODAY
  MAXIMUM         92    523 PM 110    1961  93     -1       90
  MINIMUM         64    542 AM  44    1896  62      2       74
  AVERAGE         78                        77      1       82

PRECIPITATION (IN)
  TODAY            0.01          0.11 1950   0.01   0.00     0.00
  MONTH TO DATE    0.01                      0.03  -0.02      T
  SINCE OCT 1     11.85                     10.94   0.91    11.36
  SINCE JAN 1      5.94                      7.29  -1.35     8.45

DEGREE DAYS
 HEATING
  TODAY            0                         0      0        0
  MONTH TO DATE    0                         0      0        0
  SINCE JUN 1      2                        72    -70       36
  SINCE JUL 1      0                         8     -8        0

 COOLING
  TODAY           13                        12      1       17
  MONTH TO DATE   73                        48     25       75
  SINCE JUN 1    780                       529    251      691
  SINCE JAN 1    815                       573    242      715
..................................................................


WIND (MPH)
  HIGHEST WIND SPEED    31   HIGHEST WIND DIRECTION    NW (300)
  HIGHEST GUST SPEED    41   HIGHEST GUST DIRECTION    NW (300)
  AVERAGE WIND SPEED     5.1



WEATHER CONDITIONS
 THE FOLLOWING WEATHER WAS RECORDED TODAY.
  THUNDERSTORM
  LIGHT RAIN
  HAZE


RELATIVE HUMIDITY (PERCENT)
 HIGHEST    63           600 AM
 LOWEST     21           400 PM
 AVERAGE    42

..........................................................


THE BOISE ID CLIMATE NORMALS FOR TOMORROW
                         NORMAL    RECORD    YEAR
 MAXIMUM TEMPERATURE (F)   93       106      1990
 MINIMUM TEMPERATURE (F)   62        45      1896


SUNRISE AND SUNSET
AUGUST  4 2015........SUNRISE   637 AM MDT   SUNSET   904 PM MDT
AUGUST  5 2015........SUNRISE   638 AM MDT   SUNSET   903 PM MDT


-  INDICATES NEGATIVE NUMBERS.
R  INDICATES RECORD WAS SET OR TIED.
MM INDICATES DATA IS MISSING.
T  INDICATES TRACE AMOUNT.




$$
