000
CDUS45 KBOI 080129
CLIBOI


CLIMATE REPORT
NATIONAL WEATHER SERVICE BOISE ID
623 PM MST WED DEC 7 2016


...................................

...THE BOISE ID CLIMATE SUMMARY FOR DECEMBER 7 2016...
VALID TODAY AS OF 0600 PM LOCAL TIME.

CLIMATE NORMAL PERIOD 1981 TO 2010
CLIMATE RECORD PERIOD 1875 TO 2016


WEATHER ITEM   OBSERVED TIME   RECORD YEAR NORMAL DEPARTURE LAST
                VALUE   (LST)  VALUE       VALUE  FROM      YEAR
                                                  NORMAL
..................................................................
TEMPERATURE (F)
 TODAY
  MAXIMUM         24    415 PM  62    1939  39    -15       51
  MINIMUM         13    615 AM   0    2009  25    -12       42
                                      1972
  AVERAGE         19                        32    -13       47

PRECIPITATION (IN)
  TODAY            T             0.64 1970   0.05  -0.05     0.42
  MONTH TO DATE    0.15                      0.35  -0.20     0.55
  SINCE OCT 1      1.66                      2.45  -0.79     3.18
  SINCE JAN 1      6.84                     10.53  -3.69     9.80

DEGREE DAYS
 HEATING
  TODAY           46                        33     13       18
  MONTH TO DATE  249                       225     24      213
  SINCE DEC 1    249                       225     24      213
  SINCE JUL 1   1154                      1479   -325     1285

 COOLING
  TODAY            0                         0      0        0
  MONTH TO DATE    0                         0      0        0
  SINCE DEC 1      0                         0      0        0
  SINCE JAN 1   1001                       942     59     1280
..................................................................


WIND (MPH)
  HIGHEST WIND SPEED    15   HIGHEST WIND DIRECTION     S (160)
  HIGHEST GUST SPEED    17   HIGHEST GUST DIRECTION     S (160)
  AVERAGE WIND SPEED     5.4



WEATHER CONDITIONS
 THE FOLLOWING WEATHER WAS RECORDED TODAY.
  LIGHT SNOW
  FOG
  FOG W/VISIBILITY <= 1/4 MILE


RELATIVE HUMIDITY (PERCENT)
 HIGHEST    92           300 AM
 LOWEST     65          1200 PM
 AVERAGE    79

..........................................................


THE BOISE ID CLIMATE NORMALS FOR TOMORROW
                         NORMAL    RECORD    YEAR
 MAXIMUM TEMPERATURE (F)   39        62      1939
                                             1875
 MINIMUM TEMPERATURE (F)   25       -19      1972


SUNRISE AND SUNSET
DECEMBER  7 2016......SUNRISE   805 AM MST   SUNSET   508 PM MST
DECEMBER  8 2016......SUNRISE   806 AM MST   SUNSET   508 PM MST


-  INDICATES NEGATIVE NUMBERS.
R  INDICATES RECORD WAS SET OR TIED.
MM INDICATES DATA IS MISSING.
T  INDICATES TRACE AMOUNT.




$$
