383
CDUS45 KBOI 220122
CLIBOI


CLIMATE REPORT
NATIONAL WEATHER SERVICE BOISE ID
622 PM MST SUN JAN 21 2018


...................................

...THE BOISE ID CLIMATE SUMMARY FOR JANUARY 21 2018...
VALID TODAY AS OF 0600 PM LOCAL TIME.

CLIMATE NORMAL PERIOD 1981 TO 2010
CLIMATE RECORD PERIOD 1875 TO 2018


WEATHER ITEM   OBSERVED TIME   RECORD YEAR NORMAL DEPARTURE LAST
                VALUE   (LST)  VALUE       VALUE  FROM      YEAR
                                                  NORMAL
..................................................................
TEMPERATURE (F)
 TODAY
  MAXIMUM         44    410 PM  54    1909  38      6       40
  MINIMUM         25    730 AM -14    1937  25      0       31
  AVERAGE         35                        32      3       36

PRECIPITATION (IN)
  TODAY            0.00          0.79 1903   0.03  -0.03     0.10
  MONTH TO DATE    1.15                      0.89   0.26     2.86
  SINCE OCT 1      4.54                      4.54   0.00     6.36
  SINCE JAN 1      1.15                      0.89   0.26     2.86

DEGREE DAYS
 HEATING
  TODAY           30                        33     -3       29
  MONTH TO DATE  592                       721   -129      928
  SINCE DEC 1   1712                      1782    -70     2212
  SINCE JUL 1   2936                      3036   -100     3117

 COOLING
  TODAY            0                         0      0        0
  MONTH TO DATE    0                         0      0        0
  SINCE DEC 1      0                         0      0        0
  SINCE JAN 1      0                         0      0        0
..................................................................


WIND (MPH)
  HIGHEST WIND SPEED    15   HIGHEST WIND DIRECTION    SE (140)
  HIGHEST GUST SPEED    19   HIGHEST GUST DIRECTION    SE (150)
  AVERAGE WIND SPEED     5.8



WEATHER CONDITIONS
 THE FOLLOWING WEATHER WAS RECORDED TODAY.
  NO SIGNIFICANT WEATHER WAS OBSERVED.


RELATIVE HUMIDITY (PERCENT)
 HIGHEST    92           300 AM
 LOWEST     45           400 PM
 AVERAGE    69

..........................................................


THE BOISE ID CLIMATE NORMALS FOR TOMORROW
                         NORMAL    RECORD    YEAR
 MAXIMUM TEMPERATURE (F)   38        55      1878
 MINIMUM TEMPERATURE (F)   25       -16      1930


SUNRISE AND SUNSET
JANUARY 21 2018.......SUNRISE   811 AM MST   SUNSET   542 PM MST
JANUARY 22 2018.......SUNRISE   810 AM MST   SUNSET   543 PM MST


-  INDICATES NEGATIVE NUMBERS.
R  INDICATES RECORD WAS SET OR TIED.
MM INDICATES DATA IS MISSING.
T  INDICATES TRACE AMOUNT.




$$
