000
CDUS45 KBOI 090121
CLIBOI


CLIMATE REPORT
NATIONAL WEATHER SERVICE BOISE ID
621 PM MST MON FEB 8 2016


...................................

...THE BOISE ID CLIMATE SUMMARY FOR FEBRUARY 8 2016...
VALID TODAY AS OF 0600 PM LOCAL TIME.

CLIMATE NORMAL PERIOD 1981 TO 2010
CLIMATE RECORD PERIOD 1878 TO 2016


WEATHER ITEM   OBSERVED TIME   RECORD YEAR NORMAL DEPARTURE LAST
                VALUE   (LST)  VALUE       VALUE  FROM      YEAR
                                                  NORMAL
..................................................................
TEMPERATURE (F)
 TODAY
  MAXIMUM         45    342 PM  65    2015  42      3       65
  MINIMUM         31    844 AM -10    1989  27      4       43
  AVERAGE         38                        35      3       54

PRECIPITATION (IN)
  TODAY            0.00          0.76 1899   0.03  -0.03     0.04
  MONTH TO DATE    0.07                      0.28  -0.21     0.81
  SINCE OCT 1      5.24                      5.17   0.07     7.55
  SINCE JAN 1      0.90                      1.52  -0.62     1.64

DEGREE DAYS
 HEATING
  TODAY           27                        30     -3       11
  MONTH TO DATE  244                       247     -3      137
  SINCE DEC 1   2233                      2354   -121     2011
  SINCE JUL 1   3305                      3608   -303     3150

 COOLING
  TODAY            0                         0      0        0
  MONTH TO DATE    0                         0      0        0
  SINCE DEC 1      0                         0      0        0
  SINCE JAN 1      0                         0      0        0
..................................................................


WIND (MPH)
  HIGHEST WIND SPEED    16   HIGHEST WIND DIRECTION     S (170)
  HIGHEST GUST SPEED    21   HIGHEST GUST DIRECTION     S (180)
  AVERAGE WIND SPEED     8.6



WEATHER CONDITIONS
 THE FOLLOWING WEATHER WAS RECORDED TODAY.
  NO SIGNIFICANT WEATHER WAS OBSERVED.


RELATIVE HUMIDITY (PERCENT)
 HIGHEST    89          1200 AM
 LOWEST     65           400 PM
 AVERAGE    77

..........................................................


THE BOISE ID CLIMATE NORMALS FOR TOMORROW
                         NORMAL    RECORD    YEAR
 MAXIMUM TEMPERATURE (F)   43        59      1951
 MINIMUM TEMPERATURE (F)   27       -13      1933


SUNRISE AND SUNSET
FEBRUARY  8 2016......SUNRISE   753 AM MST   SUNSET   605 PM MST
FEBRUARY  9 2016......SUNRISE   752 AM MST   SUNSET   607 PM MST


-  INDICATES NEGATIVE NUMBERS.
R  INDICATES RECORD WAS SET OR TIED.
MM INDICATES DATA IS MISSING.
T  INDICATES TRACE AMOUNT.




$$
