000
CDUS41 KBOX 270957
CLIBOS


CLIMATE REPORT
NATIONAL WEATHER SERVICE TAUNTON MA
552 AM EDT THU AUG 27 2015


...................................

...THE BOSTON MA CLIMATE SUMMARY FOR AUGUST 26 2015...

CLIMATE NORMAL PERIOD 1981 TO 2010
CLIMATE RECORD PERIOD 1872 TO 2015


WEATHER ITEM   OBSERVED TIME   RECORD YEAR NORMAL DEPARTURE LAST
                VALUE   (LST)  VALUE       VALUE  FROM      YEAR
                                                  NORMAL
..................................................................
TEMPERATURE (F)
 YESTERDAY
  MAXIMUM         85    315 PM  99    1948  78      7       85
  MINIMUM         69    453 AM  50    1942  63      6       64
                                      1885
  AVERAGE         77                        71      6       75

PRECIPITATION (IN)
  YESTERDAY        T             4.15 1924   0.10  -0.10     0.00
  MONTH TO DATE    2.19                      2.87  -0.68     1.19
  SINCE JUN 1      9.29                      9.98  -0.69     8.38
  SINCE JAN 1     22.78                     28.14  -5.36    26.33

SNOWFALL (IN)
  YESTERDAY        0.0           0.0  2002   0.0    0.0      0.0
                                      2001
                                      2000
  MONTH TO DATE    0.0                       0.0    0.0      0.0
  SINCE JUN 1      0.0                       0.0    0.0      0.0
  SINCE JUL 1      0.0                       0.0    0.0      0.0
  SNOW DEPTH      MM

DEGREE DAYS
 HEATING
  YESTERDAY        0                         0      0        0
  MONTH TO DATE    0                         0      0        0
  SINCE JUN 1     99                        61     38       28
  SINCE JUL 1      1                         6     -5        0

 COOLING
  YESTERDAY       12                         6      6       10
  MONTH TO DATE  255                       199     56      151
  SINCE JUN 1    637                       601     36      580
  SINCE JAN 1    698                       631     67      602
..................................................................


WIND (MPH)
  RESULTANT WIND SPEED   5   RESULTANT WIND DIRECTION   W (260)
  HIGHEST WIND SPEED    16   HIGHEST WIND DIRECTION     W (280)
  HIGHEST GUST SPEED    22   HIGHEST GUST DIRECTION     W (270)
  AVERAGE WIND SPEED     7.8


SKY COVER
  POSSIBLE SUNSHINE  MM
  AVERAGE SKY COVER 0.5


WEATHER CONDITIONS
 THE FOLLOWING WEATHER WAS RECORDED YESTERDAY.
  LIGHT RAIN
  FOG


RELATIVE HUMIDITY (PERCENT)
 HIGHEST   100           300 AM
 LOWEST     42           600 PM
 AVERAGE    71

..........................................................


THE BOSTON MA CLIMATE NORMALS FOR TODAY
                         NORMAL    RECORD    YEAR
 MAXIMUM TEMPERATURE (F)   78       100      1948
 MINIMUM TEMPERATURE (F)   63        47      1880


SUNRISE AND SUNSET
AUGUST 27 2015........SUNRISE   604 AM EDT   SUNSET   727 PM EDT
AUGUST 28 2015........SUNRISE   605 AM EDT   SUNSET   725 PM EDT


-  INDICATES NEGATIVE NUMBERS.
R  INDICATES RECORD WAS SET OR TIED.
MM INDICATES DATA IS MISSING.
T  INDICATES TRACE AMOUNT.




$$
