000
CDUS41 KBOX 050537
CLIBOS


CLIMATE REPORT
NATIONAL WEATHER SERVICE TAUNTON MA
136 AM EDT SUN JUL 5 2015


...................................

...THE BOSTON MA CLIMATE SUMMARY FOR JULY 4 2015...

CLIMATE NORMAL PERIOD 1981 TO 2010
CLIMATE RECORD PERIOD 1872 TO 2015


WEATHER ITEM   OBSERVED TIME   RECORD YEAR NORMAL DEPARTURE LAST
                VALUE   (LST)  VALUE       VALUE  FROM      YEAR
                                                  NORMAL
..................................................................
TEMPERATURE (F)
 YESTERDAY
  MAXIMUM         72   1116 AM 104    1911  81     -9       76
  MINIMUM         62   1154 PM  53    1914  64     -2       64
  AVERAGE         67                        73     -6       70

PRECIPITATION (IN)
  YESTERDAY        T             1.88 2014   0.09  -0.09     1.88
  MONTH TO DATE    0.54                      0.36   0.18     2.16
  SINCE JUN 1      5.55                      4.04   1.51     4.78
  SINCE JAN 1     19.04                     22.20  -3.16    22.73

SNOWFALL (IN)
  YESTERDAY        0.0           0.0  2002   0.0    0.0      0.0
                                      2001
                                      2000
  MONTH TO DATE    0.0                       0.0    0.0      0.0
  SINCE JUN 1      0.0                       0.0    0.0      0.0
  SINCE JUL 1      0.0                       0.0    0.0      0.0
  SNOW DEPTH      MM

DEGREE DAYS
 HEATING
  YESTERDAY        0                         0      0        0
  MONTH TO DATE    0                         0      0        0
  SINCE JUN 1     98                        55     43       28
  SINCE JUL 1      0                         0      0        0

 COOLING
  YESTERDAY        2                         8     -6        5
  MONTH TO DATE   21                        31    -10       52
  SINCE JUN 1    118                       167    -49      190
  SINCE JAN 1    179                       197    -18      212
..................................................................


WIND (MPH)
  RESULTANT WIND SPEED   3   RESULTANT WIND DIRECTION  SE (120)
  HIGHEST WIND SPEED    10   HIGHEST WIND DIRECTION     E (80)
  HIGHEST GUST SPEED    12   HIGHEST GUST DIRECTION     E (70)
  AVERAGE WIND SPEED     4.4


SKY COVER
  POSSIBLE SUNSHINE  MM
  AVERAGE SKY COVER 0.7


WEATHER CONDITIONS
 THE FOLLOWING WEATHER WAS RECORDED YESTERDAY.
  LIGHT RAIN
  HAZE


RELATIVE HUMIDITY (PERCENT)
 HIGHEST    87           800 AM
 LOWEST     63           600 PM
 AVERAGE    75

..........................................................


THE BOSTON MA CLIMATE NORMALS FOR TODAY
                         NORMAL    RECORD    YEAR
 MAXIMUM TEMPERATURE (F)   81       101      1919
 MINIMUM TEMPERATURE (F)   65        52      1933


SUNRISE AND SUNSET
JULY  5 2015..........SUNRISE   513 AM EDT   SUNSET   824 PM EDT
JULY  6 2015..........SUNRISE   514 AM EDT   SUNSET   824 PM EDT


-  INDICATES NEGATIVE NUMBERS.
R  INDICATES RECORD WAS SET OR TIED.
MM INDICATES DATA IS MISSING.
T  INDICATES TRACE AMOUNT.




$$
