000
CDUS41 KBOX 280548
CLIBOS


CLIMATE REPORT
NATIONAL WEATHER SERVICE TAUNTON MA
1243 AM EST SUN DEC 28 2014


...................................

...THE BOSTON MA CLIMATE SUMMARY FOR DECEMBER 27 2014...

CLIMATE NORMAL PERIOD 1981 TO 2010
CLIMATE RECORD PERIOD 1872 TO 2014


WEATHER ITEM   OBSERVED TIME   RECORD YEAR NORMAL DEPARTURE LAST
                VALUE   (LST)  VALUE       VALUE  FROM      YEAR
                                                  NORMAL
..................................................................
TEMPERATURE (F)
 YESTERDAY
  MAXIMUM         52    314 PM  61    1949  38     14       35
  MINIMUM         38   1250 AM   0    1914  25     13       28
  AVERAGE         45                        31     14       32

PRECIPITATION (IN)
  YESTERDAY        0.00          2.32 1894   0.11  -0.11     0.00
  MONTH TO DATE    6.55                      3.35   3.20     3.30
  SINCE DEC 1      6.55                      3.35   3.20     3.30
  SINCE JAN 1     45.24                     43.34   1.90    39.04

SNOWFALL (IN)
  YESTERDAY        0.0           8.3  2010   0.4   -0.4      0.0
  MONTH TO DATE    0.3                       7.4   -7.1     11.7
  SINCE DEC 1      0.3                       7.4   -7.1     11.7
  SINCE JUL 1      2.9                       8.7   -5.8     11.7
  SNOW DEPTH       0

DEGREE DAYS
 HEATING
  YESTERDAY       20                        34    -14       33
  MONTH TO DATE  696                       800   -104      842
  SINCE DEC 1    696                       800   -104      842
  SINCE JUL 1   1709                      1855   -146     1858

 COOLING
  YESTERDAY        0                         0      0        0
  MONTH TO DATE    0                         0      0        0
  SINCE DEC 1      0                         0      0        0
  SINCE JAN 1    769                       747     22      920
..................................................................


WIND (MPH)
  RESULTANT WIND SPEED   8   RESULTANT WIND DIRECTION   W (250)
  HIGHEST WIND SPEED    17   HIGHEST WIND DIRECTION    SW (230)
  HIGHEST GUST SPEED    21   HIGHEST GUST DIRECTION    SW (220)
  AVERAGE WIND SPEED     9.1


SKY COVER
  POSSIBLE SUNSHINE  MM
  AVERAGE SKY COVER 0.4


WEATHER CONDITIONS
 THE FOLLOWING WEATHER WAS RECORDED YESTERDAY.
  NO SIGNIFICANT WEATHER WAS OBSERVED.


RELATIVE HUMIDITY (PERCENT)
 HIGHEST    70          1000 PM
 LOWEST     50          1100 AM
 AVERAGE    60

..........................................................


THE BOSTON MA CLIMATE NORMALS FOR TODAY
                         NORMAL    RECORD    YEAR
 MAXIMUM TEMPERATURE (F)   38        63      1982
 MINIMUM TEMPERATURE (F)   24        -2      1872


SUNRISE AND SUNSET
DECEMBER 28 2014......SUNRISE   713 AM EST   SUNSET   419 PM EST
DECEMBER 29 2014......SUNRISE   713 AM EST   SUNSET   420 PM EST


-  INDICATES NEGATIVE NUMBERS.
R  INDICATES RECORD WAS SET OR TIED.
MM INDICATES DATA IS MISSING.
T  INDICATES TRACE AMOUNT.




$$
