000
CDUS45 KRIW 280733
CLIBPI


CLIMATE REPORT
NATIONAL WEATHER SERVICE RIVERTON WY
133 AM MDT SUN AUG 28 2016


...................................

...THE BIG PINEY WY CLIMATE SUMMARY FOR AUGUST 27 2016...

CLIMATE NORMAL PERIOD 1981 TO 2010
CLIMATE RECORD PERIOD 1976 TO 2016


WEATHER ITEM   OBSERVED TIME   RECORD YEAR NORMAL DEPARTURE LAST
                VALUE   (LST)  VALUE       VALUE  FROM      YEAR
                                                  NORMAL
..................................................................
TEMPERATURE (F)
 YESTERDAY
  MAXIMUM         78    221 PM  87    2001  76      2       80
  MINIMUM         26    546 AM  19    1992  38    -12       45
  AVERAGE         52                        57     -5       63

PRECIPITATION (IN)
  YESTERDAY        0.00          0.50 2010   0.02  -0.02      T
  MONTH TO DATE    0.45                      0.59  -0.14     0.39
  SINCE JUN 1      1.43                      2.09  -0.66     2.35
  SINCE JAN 1      7.48                      4.56   2.92     5.33

DEGREE DAYS
 HEATING
  YESTERDAY       13                         8      5        2
  MONTH TO DATE  160                       140     20      104
  SINCE JUN 1    442                       562   -120      397
  SINCE JUL 1    264                       257      7      262

 COOLING
  YESTERDAY        0                         0      0        0
  MONTH TO DATE    2                        12    -10       10
  SINCE JUN 1     23                        36    -13       52
  SINCE JAN 1     23                        36    -13       52
..................................................................


WIND (MPH)
  HIGHEST WIND SPEED    23   HIGHEST WIND DIRECTION     W (270)
  HIGHEST GUST SPEED    28   HIGHEST GUST DIRECTION     W (270)
  AVERAGE WIND SPEED     5.2


SKY COVER
  POSSIBLE SUNSHINE  MM
  AVERAGE SKY COVER 0.0


WEATHER CONDITIONS
 THE FOLLOWING WEATHER WAS RECORDED YESTERDAY.
  NO SIGNIFICANT WEATHER WAS OBSERVED.


RELATIVE HUMIDITY (PERCENT)
 HIGHEST    92           600 AM
 LOWEST     16           300 PM
 AVERAGE    54

..........................................................


THE BIG PINEY WY CLIMATE NORMALS FOR TODAY
                         NORMAL    RECORD    YEAR
 MAXIMUM TEMPERATURE (F)   76        88      2012
 MINIMUM TEMPERATURE (F)   37        26      1976


SUNRISE AND SUNSET
AUGUST 28 2016........SUNRISE   642 AM MDT   SUNSET   800 PM MDT
AUGUST 29 2016........SUNRISE   643 AM MDT   SUNSET   759 PM MDT


-  INDICATES NEGATIVE NUMBERS.
R  INDICATES RECORD WAS SET OR TIED.
MM INDICATES DATA IS MISSING.
T  INDICATES TRACE AMOUNT.




$$
