000
CDUS45 KRIW 260735
CLIBPI


CLIMATE REPORT
NATIONAL WEATHER SERVICE RIVERTON WY
134 AM MDT WED APR 26 2017


...................................

...THE BIG PINEY WY CLIMATE SUMMARY FOR APRIL 25 2017...

CLIMATE NORMAL PERIOD 1981 TO 2010
CLIMATE RECORD PERIOD 1976 TO 2017


WEATHER ITEM   OBSERVED TIME   RECORD YEAR NORMAL DEPARTURE LAST
                VALUE   (LST)  VALUE       VALUE  FROM      YEAR
                                                  NORMAL
..................................................................
TEMPERATURE (F)
 YESTERDAY
  MAXIMUM         48    357 PM  71    2012  55     -7       51
  MINIMUM         25    545 AM  14    2000  24      1       29
  AVERAGE         37                        40     -3       40

PRECIPITATION (IN)
  YESTERDAY        T             0.26 1999   0.02  -0.02     0.14
  MONTH TO DATE    1.12                      0.41   0.71     1.02
  SINCE MAR 1      2.57                      0.85   1.72     1.84
  SINCE JAN 1      4.31                      1.51   2.80     2.01

DEGREE DAYS
 HEATING
  YESTERDAY       28                        25      3       25
  MONTH TO DATE  700                       713    -13      604
  SINCE MAR 1   1811                      1885    -74     1668
  SINCE JUL 1   9241                      9408   -167     8522

 COOLING
  YESTERDAY        0                         0      0        0
  MONTH TO DATE    0                         0      0        0
  SINCE MAR 1      0                         0      0        0
  SINCE JAN 1      0                         0      0        0
..................................................................


WIND (MPH)
  HIGHEST WIND SPEED    26   HIGHEST WIND DIRECTION    NW (330)
  HIGHEST GUST SPEED    32   HIGHEST GUST DIRECTION     N (20)
  AVERAGE WIND SPEED     9.8


SKY COVER
  POSSIBLE SUNSHINE  MM
  AVERAGE SKY COVER 0.6


WEATHER CONDITIONS
 THE FOLLOWING WEATHER WAS RECORDED YESTERDAY.
  LIGHT RAIN


RELATIVE HUMIDITY (PERCENT)
 HIGHEST    92           600 AM
 LOWEST     42          1200 PM
 AVERAGE    67

..........................................................


THE BIG PINEY WY CLIMATE NORMALS FOR TODAY
                         NORMAL    RECORD    YEAR
 MAXIMUM TEMPERATURE (F)   56        71      2001
 MINIMUM TEMPERATURE (F)   24         9      1984


SUNRISE AND SUNSET
APRIL 26 2017.........SUNRISE   622 AM MDT   SUNSET   815 PM MDT
APRIL 27 2017.........SUNRISE   620 AM MDT   SUNSET   816 PM MDT


-  INDICATES NEGATIVE NUMBERS.
R  INDICATES RECORD WAS SET OR TIED.
MM INDICATES DATA IS MISSING.
T  INDICATES TRACE AMOUNT.




$$
