000
CDUS45 KRIW 220741
CLIBPI


CLIMATE REPORT
NATIONAL WEATHER SERVICE RIVERTON WY
1241 AM MST MON DEC 22 2014


...................................

...THE BIG PINEY WY CLIMATE SUMMARY FOR DECEMBER 21 2014...

CLIMATE NORMAL PERIOD 1981 TO 2010
CLIMATE RECORD PERIOD 1976 TO 2014


WEATHER ITEM   OBSERVED TIME   RECORD YEAR NORMAL DEPARTURE LAST
                VALUE   (LST)  VALUE       VALUE  FROM      YEAR
                                                  NORMAL
..................................................................
TEMPERATURE (F)
 YESTERDAY
  MAXIMUM         36    414 PM  47    1980  26     10       26
  MINIMUM         21    103 AM -46    1990  -1     22       -7
  AVERAGE         29                        12     17       10

PRECIPITATION (IN)
  YESTERDAY        0.11R         0.11 2010   0.01   0.10      T
  MONTH TO DATE    0.11                      0.19  -0.08     0.17
  SINCE DEC 1      0.11                      0.19  -0.08     0.17
  SINCE JAN 1      4.78                      6.37  -1.59     4.68

DEGREE DAYS
 HEATING
  YESTERDAY       36                        54    -18       55
  MONTH TO DATE  777                      1086   -309     1142
  SINCE DEC 1    777                      1086   -309     1142
  SINCE JUL 1   3005                      3901   -896     3607

 COOLING
  YESTERDAY        0                         0      0        0
  MONTH TO DATE    0                         0      0        0
  SINCE DEC 1      0                         0      0        0
  SINCE JAN 1     26                        35     -9       89
..................................................................


WIND (MPH)
  HIGHEST WIND SPEED    41   HIGHEST WIND DIRECTION     N (350)
  HIGHEST GUST SPEED    50   HIGHEST GUST DIRECTION     N (350)
  AVERAGE WIND SPEED    13.4


SKY COVER
  POSSIBLE SUNSHINE  MM
  AVERAGE SKY COVER 0.9


WEATHER CONDITIONS
 THE FOLLOWING WEATHER WAS RECORDED YESTERDAY.
  LIGHT SNOW
  FOG


RELATIVE HUMIDITY (PERCENT)
 HIGHEST    96           200 PM
 LOWEST     59           900 PM
 AVERAGE    78

..........................................................


THE BIG PINEY WY CLIMATE NORMALS FOR TODAY
                         NORMAL    RECORD    YEAR
 MAXIMUM TEMPERATURE (F)   26        49      2005
 MINIMUM TEMPERATURE (F)   -1       -46      1983


SUNRISE AND SUNSET
DECEMBER 22 2014......SUNRISE   747 AM MST   SUNSET   451 PM MST
DECEMBER 23 2014......SUNRISE   748 AM MST   SUNSET   451 PM MST


-  INDICATES NEGATIVE NUMBERS.
R  INDICATES RECORD WAS SET OR TIED.
MM INDICATES DATA IS MISSING.
T  INDICATES TRACE AMOUNT.




$$
