000
CDUS45 KRIW 290740
CLIBPI


CLIMATE REPORT
NATIONAL WEATHER SERVICE RIVERTON WY
1239 AM MST THU JAN 29 2015


...................................

...THE BIG PINEY WY CLIMATE SUMMARY FOR JANUARY 28 2015...

CLIMATE NORMAL PERIOD 1981 TO 2010
CLIMATE RECORD PERIOD 1976 TO 2015


WEATHER ITEM   OBSERVED TIME   RECORD YEAR NORMAL DEPARTURE LAST
                VALUE   (LST)  VALUE       VALUE  FROM      YEAR
                                                  NORMAL
..................................................................
TEMPERATURE (F)
 YESTERDAY
  MAXIMUM         42R   341 PM  39    1981  26     16       25
  MINIMUM         20   1205 AM -23    1985  -2     22      -13
  AVERAGE         31                        11     20        6

PRECIPITATION (IN)
  YESTERDAY        T             0.18 2009   0.00   0.00     0.00
  MONTH TO DATE    0.01                      0.28  -0.27     0.01
  SINCE DEC 1      0.13                      0.58  -0.45     0.20
  SINCE JAN 1      0.01                      0.28  -0.27     0.01

DEGREE DAYS
 HEATING
  YESTERDAY       34                        54    -20       59
  MONTH TO DATE 1311                      1512   -201     1334
  SINCE DEC 1   2695                      3136   -441     2988
  SINCE JUL 1   4923                      5951  -1028     5453

 COOLING
  YESTERDAY        0                         0      0        0
  MONTH TO DATE    0                         0      0        0
  SINCE DEC 1      0                         0      0        0
  SINCE JAN 1      0                         0      0        0
..................................................................


WIND (MPH)
  HIGHEST WIND SPEED    18   HIGHEST WIND DIRECTION     N (340)
  HIGHEST GUST SPEED    22   HIGHEST GUST DIRECTION    NW (330)
  AVERAGE WIND SPEED     6.7


SKY COVER
  POSSIBLE SUNSHINE  MM
  AVERAGE SKY COVER 0.4


WEATHER CONDITIONS
 THE FOLLOWING WEATHER WAS RECORDED YESTERDAY.
  LIGHT SNOW
  FOG


RELATIVE HUMIDITY (PERCENT)
 HIGHEST    92          1200 AM
 LOWEST     55           400 PM
 AVERAGE    74

..........................................................


THE BIG PINEY WY CLIMATE NORMALS FOR TODAY
                         NORMAL    RECORD    YEAR
 MAXIMUM TEMPERATURE (F)   26        38      1988
 MINIMUM TEMPERATURE (F)   -2       -30      1979


SUNRISE AND SUNSET
JANUARY 29 2015.......SUNRISE   738 AM MST   SUNSET   530 PM MST
JANUARY 30 2015.......SUNRISE   737 AM MST   SUNSET   531 PM MST


-  INDICATES NEGATIVE NUMBERS.
R  INDICATES RECORD WAS SET OR TIED.
MM INDICATES DATA IS MISSING.
T  INDICATES TRACE AMOUNT.




$$
