000
CDUS45 KRIW 240037
CLIBPI


CLIMATE REPORT
NATIONAL WEATHER SERVICE RIVERTON WY
537 PM MST MON JAN 23 2017


...................................

...THE BIG PINEY WY CLIMATE SUMMARY FOR JANUARY 23 2017...
VALID TODAY AS OF 0500 PM LOCAL TIME.

CLIMATE NORMAL PERIOD 1981 TO 2010
CLIMATE RECORD PERIOD 1976 TO 2017


WEATHER ITEM   OBSERVED TIME   RECORD YEAR NORMAL DEPARTURE LAST
                VALUE   (LST)  VALUE       VALUE  FROM      YEAR
                                                  NORMAL
..................................................................
TEMPERATURE (F)
 TODAY
  MAXIMUM         23        MM  45    1977  26     -3       25
  MINIMUM         14   1200 AM -33    1984  -4     18       -4
  AVERAGE         19

PRECIPITATION (IN)
  TODAY            0.17R         0.02 2009   0.01   0.16      T
  MONTH TO DATE    0.79                      0.24   0.55     0.04
  SINCE DEC 1      1.34                      0.54   0.80     0.15
  SINCE JAN 1      0.79                      0.24   0.55     0.04

DEGREE DAYS
 HEATING
  TODAY           46                        54     -8       54
  MONTH TO DATE 1457                      1242    215     1201
  SINCE DEC 1   3185                      2866    319     2873
  SINCE JUL 1   5634                      5681    -47     5354

 COOLING
  TODAY            0                         0      0        0
  MONTH TO DATE    0                         0      0        0
  SINCE DEC 1      0                         0      0        0
  SINCE JAN 1      0                         0      0        0
..................................................................


WIND (MPH)
  HIGHEST WIND SPEED     9   HIGHEST WIND DIRECTION     N (20)
  HIGHEST GUST SPEED    MM   HIGHEST GUST DIRECTION    MM
  AVERAGE WIND SPEED     3.1


SKY COVER
  POSSIBLE SUNSHINE  MM
  AVERAGE SKY COVER 0.9


WEATHER CONDITIONS
 THE FOLLOWING WEATHER WAS RECORDED TODAY.
  SNOW
  LIGHT SNOW
  FOG
  FOG W/VISIBILITY <= 1/4 MILE


RELATIVE HUMIDITY (PERCENT)
 HIGHEST    92           300 AM
 LOWEST     84           900 AM
 AVERAGE    88

..........................................................


THE BIG PINEY WY CLIMATE NORMALS FOR TOMORROW
                         NORMAL    RECORD    YEAR
 MAXIMUM TEMPERATURE (F)   26        46      1977
 MINIMUM TEMPERATURE (F)   -4       -35      1979


SUNRISE AND SUNSET
JANUARY 23 2017.......SUNRISE   742 AM MST   SUNSET   523 PM MST
JANUARY 24 2017.......SUNRISE   742 AM MST   SUNSET   524 PM MST


-  INDICATES NEGATIVE NUMBERS.
R  INDICATES RECORD WAS SET OR TIED.
MM INDICATES DATA IS MISSING.
T  INDICATES TRACE AMOUNT.




$$
