000
CDUS45 KRIW 310032
CLIBPI


CLIMATE REPORT
NATIONAL WEATHER SERVICE RIVERTON WY
630 PM MDT THU OCT 30 2014


...................................

...THE BIG PINEY WY CLIMATE SUMMARY FOR OCTOBER 30 2014...
VALID TODAY AS OF 0500 PM LOCAL TIME.

CLIMATE NORMAL PERIOD 1981 TO 2010
CLIMATE RECORD PERIOD 1976 TO 2014


WEATHER ITEM   OBSERVED TIME   RECORD YEAR NORMAL DEPARTURE LAST
                VALUE   (LST)  VALUE       VALUE  FROM      YEAR
                                                  NORMAL
..................................................................
TEMPERATURE (F)
 TODAY
  MAXIMUM         58        MM  63    2001  48     10       39
  MINIMUM         18        MM  -1    1991  17      1       26
  AVERAGE         38

PRECIPITATION (IN)
  TODAY            0.00          0.11 2000   0.01  -0.01      T
  MONTH TO DATE    0.09                      0.52  -0.43     0.39
  SINCE SEP 1      1.25                      1.30  -0.05     1.22
  SINCE JAN 1      4.62                      5.96  -1.34     4.22

DEGREE DAYS
 HEATING
  TODAY           27                        33     -6       32
  MONTH TO DATE  671                       797   -126      794
  SINCE SEP 1   1025                      1255   -230     1131
  SINCE JUL 1   1254                      1548   -294     1232

 COOLING
  TODAY            0                         0      0        0
  MONTH TO DATE    0                         0      0        0
  SINCE SEP 1      0                         0      0        5
  SINCE JAN 1     26                        35     -9       89
..................................................................


WIND (MPH)
  HIGHEST WIND SPEED     6   HIGHEST WIND DIRECTION     E (90)
  HIGHEST GUST SPEED    MM   HIGHEST GUST DIRECTION    MM
  AVERAGE WIND SPEED     2.2


SKY COVER
  POSSIBLE SUNSHINE  MM
  AVERAGE SKY COVER 0.1


WEATHER CONDITIONS
 THE FOLLOWING WEATHER WAS RECORDED TODAY.
  HAZE


RELATIVE HUMIDITY (PERCENT)
 HIGHEST    91           600 AM
 LOWEST     28           300 PM
 AVERAGE    60

..........................................................


THE BIG PINEY WY CLIMATE NORMALS FOR TOMORROW
                         NORMAL    RECORD    YEAR
 MAXIMUM TEMPERATURE (F)   48        62      2012
                                             1999
                                             1990
 MINIMUM TEMPERATURE (F)   16       -10      1991


SUNRISE AND SUNSET
OCTOBER 30 2014.......SUNRISE   752 AM MDT   SUNSET   616 PM MDT
OCTOBER 31 2014.......SUNRISE   753 AM MDT   SUNSET   615 PM MDT


-  INDICATES NEGATIVE NUMBERS.
R  INDICATES RECORD WAS SET OR TIED.
MM INDICATES DATA IS MISSING.
T  INDICATES TRACE AMOUNT.




$$
