000
CDUS45 KRIW 020735
CLIBPI


CLIMATE REPORT
NATIONAL WEATHER SERVICE RIVERTON WY
135 AM MDT MON MAY 2 2016


...................................

...THE BIG PINEY WY CLIMATE SUMMARY FOR MAY 1 2016...

CLIMATE NORMAL PERIOD 1981 TO 2010
CLIMATE RECORD PERIOD 1976 TO 2016


WEATHER ITEM   OBSERVED TIME   RECORD YEAR NORMAL DEPARTURE LAST
                VALUE   (LST)  VALUE       VALUE  FROM      YEAR
                                                  NORMAL
..................................................................
TEMPERATURE (F)
 YESTERDAY
  MAXIMUM         54    335 PM  74    2000  57     -3       69
  MINIMUM         23   1157 PM  10    2011  26     -3       24
  AVERAGE         39                        41     -2       47

PRECIPITATION (IN)
  YESTERDAY        0.00          0.88 2002   0.02  -0.02     0.00
  MONTH TO DATE    0.00                      0.02  -0.02     0.00
  SINCE MAR 1      1.89                      0.99   0.90     0.62
  SINCE JAN 1      2.06                      1.65   0.41     0.68

DEGREE DAYS
 HEATING
  YESTERDAY       26                        24      2       18
  MONTH TO DATE   26                        24      2       18
  SINCE MAR 1   1834                      2032   -198     1728
  SINCE JUL 1   8688                      9555   -867     7828

 COOLING
  YESTERDAY        0                         0      0        0
  MONTH TO DATE    0                         0      0        0
  SINCE MAR 1      0                         0      0        0
  SINCE JAN 1      0                         0      0        0
..................................................................


WIND (MPH)
  HIGHEST WIND SPEED    24   HIGHEST WIND DIRECTION    SW (220)
  HIGHEST GUST SPEED    28   HIGHEST GUST DIRECTION    SW (220)
  AVERAGE WIND SPEED     6.2


SKY COVER
  POSSIBLE SUNSHINE  MM
  AVERAGE SKY COVER 0.2


WEATHER CONDITIONS
 THE FOLLOWING WEATHER WAS RECORDED YESTERDAY.
  NO SIGNIFICANT WEATHER WAS OBSERVED.


RELATIVE HUMIDITY (PERCENT)
 HIGHEST    88           100 AM
 LOWEST     24           500 PM
 AVERAGE    56

..........................................................


THE BIG PINEY WY CLIMATE NORMALS FOR TODAY
                         NORMAL    RECORD    YEAR
 MAXIMUM TEMPERATURE (F)   57        73      2000
 MINIMUM TEMPERATURE (F)   26        12      2001


SUNRISE AND SUNSET
MAY  2 2016...........SUNRISE   613 AM MDT   SUNSET   822 PM MDT
MAY  3 2016...........SUNRISE   612 AM MDT   SUNSET   823 PM MDT


-  INDICATES NEGATIVE NUMBERS.
R  INDICATES RECORD WAS SET OR TIED.
MM INDICATES DATA IS MISSING.
T  INDICATES TRACE AMOUNT.




$$
