000
CDUS45 KRIW 010735
CLIBPI


CLIMATE REPORT
NATIONAL WEATHER SERVICE RIVERTON WY
135 AM MDT TUE SEP 1 2015


...................................

...THE BIG PINEY WY CLIMATE SUMMARY FOR AUGUST 31 2015...

CLIMATE NORMAL PERIOD 1981 TO 2010
CLIMATE RECORD PERIOD 1976 TO 2015


WEATHER ITEM   OBSERVED TIME   RECORD YEAR NORMAL DEPARTURE LAST
                VALUE   (LST)  VALUE       VALUE  FROM      YEAR
                                                  NORMAL
..................................................................
TEMPERATURE (F)
 YESTERDAY
  MAXIMUM         80    225 PM  86    2013  75      5       64
  MINIMUM         36    559 AM  24    2005  36      0       36
  AVERAGE         58                        56      2       50

PRECIPITATION (IN)
  YESTERDAY        0.00          0.39 2008   0.03  -0.03     0.02
  MONTH TO DATE    0.39                      0.69  -0.30     1.60
  SINCE JUN 1      2.35                      2.19   0.16     2.22
  SINCE JAN 1      5.33                      4.66   0.67     3.37

DEGREE DAYS
 HEATING
  YESTERDAY        7                        10     -3       15
  MONTH TO DATE  119                       177    -58      175
  SINCE JUN 1    412                       598   -186      576
  SINCE JUL 1    277                       293    -16      229

 COOLING
  YESTERDAY        0                         0      0        0
  MONTH TO DATE   11                        11      0        0
  SINCE JUN 1     53                        35     18       26
  SINCE JAN 1     53                        35     18       26
..................................................................


WIND (MPH)
  HIGHEST WIND SPEED    26   HIGHEST WIND DIRECTION     W (270)
  HIGHEST GUST SPEED    34   HIGHEST GUST DIRECTION     W (260)
  AVERAGE WIND SPEED     7.5


SKY COVER
  POSSIBLE SUNSHINE  MM
  AVERAGE SKY COVER 0.0


WEATHER CONDITIONS
 THE FOLLOWING WEATHER WAS RECORDED YESTERDAY.
  NO SIGNIFICANT WEATHER WAS OBSERVED.


RELATIVE HUMIDITY (PERCENT)
 HIGHEST    64           300 AM
 LOWEST     11           100 PM
 AVERAGE    38

..........................................................


THE BIG PINEY WY CLIMATE NORMALS FOR TODAY
                         NORMAL    RECORD    YEAR
 MAXIMUM TEMPERATURE (F)   74        85      1995
 MINIMUM TEMPERATURE (F)   36        19      1984


SUNRISE AND SUNSET
SEPTEMBER  1 2015.....SUNRISE   645 AM MDT   SUNSET   755 PM MDT
SEPTEMBER  2 2015.....SUNRISE   646 AM MDT   SUNSET   753 PM MDT


-  INDICATES NEGATIVE NUMBERS.
R  INDICATES RECORD WAS SET OR TIED.
MM INDICATES DATA IS MISSING.
T  INDICATES TRACE AMOUNT.




$$
