000
CDUS45 KRIW 250749
CLIBPI


CLIMATE REPORT
NATIONAL WEATHER SERVICE RIVERTON WY
134 AM MDT SAT MAR 25 2017


...................................

...THE BIG PINEY WY CLIMATE SUMMARY FOR MARCH 24 2017...

CLIMATE NORMAL PERIOD 1981 TO 2010
CLIMATE RECORD PERIOD 1976 TO 2017


WEATHER ITEM   OBSERVED TIME   RECORD YEAR NORMAL DEPARTURE LAST
                VALUE   (LST)  VALUE       VALUE  FROM      YEAR
                                                  NORMAL
..................................................................
TEMPERATURE (F)
 YESTERDAY
  MAXIMUM         46    506 PM  63    2012  45      1       46
  MINIMUM         23    629 AM  -3    2013  17      6       17
  AVERAGE         35                        31      4       32

PRECIPITATION (IN)
  YESTERDAY        0.00          0.15 2005   0.02  -0.02      T
  MONTH TO DATE    1.01                      0.31   0.70     0.36
  SINCE MAR 1      1.01                      0.31   0.70     0.36
  SINCE JAN 1      2.75                      0.97   1.78     0.53

DEGREE DAYS
 HEATING
  YESTERDAY       30                        34     -4       33
  MONTH TO DATE  911                       941    -30      833
  SINCE MAR 1    911                       941    -30      833
  SINCE JUL 1   8341                      8464   -123     7687

 COOLING
  YESTERDAY        0                         0      0        0
  MONTH TO DATE    0                         0      0        0
  SINCE MAR 1      0                         0      0        0
  SINCE JAN 1      0                         0      0        0
..................................................................


WIND (MPH)
  HIGHEST WIND SPEED    12   HIGHEST WIND DIRECTION     S (160)
  HIGHEST GUST SPEED    17   HIGHEST GUST DIRECTION     S (170)
  AVERAGE WIND SPEED     5.6


SKY COVER
  POSSIBLE SUNSHINE  MM
  AVERAGE SKY COVER 0.2


WEATHER CONDITIONS
 THE FOLLOWING WEATHER WAS RECORDED YESTERDAY.
  NO SIGNIFICANT WEATHER WAS OBSERVED.


RELATIVE HUMIDITY (PERCENT)
 HIGHEST    89          1000 PM
 LOWEST     53           400 PM
 AVERAGE    71

..........................................................


THE BIG PINEY WY CLIMATE NORMALS FOR TODAY
                         NORMAL    RECORD    YEAR
 MAXIMUM TEMPERATURE (F)   45        66      2012
 MINIMUM TEMPERATURE (F)   17       -18      1996


SUNRISE AND SUNSET
MARCH 25 2017.........SUNRISE   714 AM MDT   SUNSET   739 PM MDT
MARCH 26 2017.........SUNRISE   713 AM MDT   SUNSET   740 PM MDT


-  INDICATES NEGATIVE NUMBERS.
R  INDICATES RECORD WAS SET OR TIED.
MM INDICATES DATA IS MISSING.
T  INDICATES TRACE AMOUNT.




$$
