000
CDUS45 KRIW 250729
CLIBPI


CLIMATE REPORT
NATIONAL WEATHER SERVICE RIVERTON WY
129 AM MDT MON SEP 25 2017


...................................

...THE BIG PINEY WY CLIMATE SUMMARY FOR SEPTEMBER 24 2017...

CLIMATE NORMAL PERIOD 1981 TO 2010
CLIMATE RECORD PERIOD 1976 TO 2017


WEATHER ITEM   OBSERVED TIME   RECORD YEAR NORMAL DEPARTURE LAST
                VALUE   (LST)  VALUE       VALUE  FROM      YEAR
                                                  NORMAL
..................................................................
TEMPERATURE (F)
 YESTERDAY
  MAXIMUM         45    907 AM  81    1987  65    -20       52
  MINIMUM         33   1159 PM  16    1984  29      4       32
  AVERAGE         39                        46     -7       42

PRECIPITATION (IN)
  YESTERDAY        0.44R         0.43 2007   0.03   0.41     0.09
  MONTH TO DATE    1.48                      0.63   0.85     1.56
  SINCE SEP 1      1.48                      0.63   0.85     1.56
  SINCE JAN 1      8.58                      5.29   3.29     9.04

DEGREE DAYS
 HEATING
  YESTERDAY       26                        18      8       23
  MONTH TO DATE  280                       339    -59      293
  SINCE SEP 1    280                       339    -59      293
  SINCE JUL 1    467                       632   -165      576

 COOLING
  YESTERDAY        0                         0      0        0
  MONTH TO DATE    0                         0      0        0
  SINCE SEP 1      0                         0      0        0
  SINCE JAN 1     27                        35     -8       23
..................................................................


WIND (MPH)
  HIGHEST WIND SPEED    17   HIGHEST WIND DIRECTION     E (80)
  HIGHEST GUST SPEED    21   HIGHEST GUST DIRECTION     S (200)
  AVERAGE WIND SPEED     4.6


SKY COVER
  POSSIBLE SUNSHINE  MM
  AVERAGE SKY COVER 0.8


WEATHER CONDITIONS
 THE FOLLOWING WEATHER WAS RECORDED YESTERDAY.
  HEAVY RAIN
  RAIN
  LIGHT RAIN
  LIGHT SNOW
  FOG


RELATIVE HUMIDITY (PERCENT)
 HIGHEST   100           500 AM
 LOWEST     58           900 AM
 AVERAGE    79

..........................................................


THE BIG PINEY WY CLIMATE NORMALS FOR TODAY
                         NORMAL    RECORD    YEAR
 MAXIMUM TEMPERATURE (F)   64        83      2001
 MINIMUM TEMPERATURE (F)   28        11      1984


SUNRISE AND SUNSET
SEPTEMBER 25 2017.....SUNRISE   711 AM MDT   SUNSET   712 PM MDT
SEPTEMBER 26 2017.....SUNRISE   712 AM MDT   SUNSET   710 PM MDT


-  INDICATES NEGATIVE NUMBERS.
R  INDICATES RECORD WAS SET OR TIED.
MM INDICATES DATA IS MISSING.
T  INDICATES TRACE AMOUNT.




$$
