000
CDUS45 KRIW 230744
CLIBPI


CLIMATE REPORT
NATIONAL WEATHER SERVICE RIVERTON WY
1238 AM MST THU NOV 23 2017


...................................

...THE BIG PINEY WY CLIMATE SUMMARY FOR NOVEMBER 22 2017...

CLIMATE NORMAL PERIOD 1981 TO 2010
CLIMATE RECORD PERIOD 1976 TO 2017


WEATHER ITEM   OBSERVED TIME   RECORD YEAR NORMAL DEPARTURE LAST
                VALUE   (LST)  VALUE       VALUE  FROM      YEAR
                                                  NORMAL
..................................................................
TEMPERATURE (F)
 YESTERDAY
  MAXIMUM         47    319 PM  56    2014  34     13       40
  MINIMUM         26   1159 PM -17    2013   7     19       15
  AVERAGE         37                        20     17       28

PRECIPITATION (IN)
  YESTERDAY        0.01          0.07 1998   0.01   0.00     0.00
  MONTH TO DATE    0.24                      0.16   0.08     0.50
  SINCE SEP 1      1.97                      1.47   0.50     4.53
  SINCE JAN 1      9.07                      6.13   2.94    12.01

DEGREE DAYS
 HEATING
  YESTERDAY       28                        45    -17       37
  MONTH TO DATE  795                       860    -65      678
  SINCE SEP 1   2102                      2147    -45     1815
  SINCE JUL 1   2289                      2440   -151     2098

 COOLING
  YESTERDAY        0                         0      0        0
  MONTH TO DATE    0                         0      0        0
  SINCE SEP 1      0                         0      0        0
  SINCE JAN 1     27                        35     -8       23
..................................................................


WIND (MPH)
  HIGHEST WIND SPEED    10   HIGHEST WIND DIRECTION     N (340)
  HIGHEST GUST SPEED    12   HIGHEST GUST DIRECTION     N (350)
  AVERAGE WIND SPEED     4.5


SKY COVER
  POSSIBLE SUNSHINE  MM
  AVERAGE SKY COVER 0.6


WEATHER CONDITIONS
 THE FOLLOWING WEATHER WAS RECORDED YESTERDAY.
  LIGHT RAIN
  FOG


RELATIVE HUMIDITY (PERCENT)
 HIGHEST   100           300 AM
 LOWEST     82           300 PM
 AVERAGE    91

..........................................................


THE BIG PINEY WY CLIMATE NORMALS FOR TODAY
                         NORMAL    RECORD    YEAR
 MAXIMUM TEMPERATURE (F)   33        54      2005
 MINIMUM TEMPERATURE (F)    7       -17      2003


SUNRISE AND SUNSET
NOVEMBER 23 2017......SUNRISE   722 AM MST   SUNSET   452 PM MST
NOVEMBER 24 2017......SUNRISE   723 AM MST   SUNSET   451 PM MST


-  INDICATES NEGATIVE NUMBERS.
R  INDICATES RECORD WAS SET OR TIED.
MM INDICATES DATA IS MISSING.
T  INDICATES TRACE AMOUNT.




$$
