498
CDUS44 KLCH 211245
CLIBPT


CLIMATE REPORT
NATIONAL WEATHER SERVICE LAKE CHARLES, LA
645 AM CST TUE FEB 21 2017


...................................

...THE BEAUMONT PORT ARTHUR CLIMATE SUMMARY FOR FEBRUARY 20 2017...

CLIMATE NORMAL PERIOD 1981 TO 2010
CLIMATE RECORD PERIOD 1901 TO 2017


WEATHER ITEM   OBSERVED TIME   RECORD YEAR NORMAL DEPARTURE LAST
                VALUE   (LST)  VALUE       VALUE  FROM      YEAR
                                                  NORMAL
..................................................................
TEMPERATURE (F)
 YESTERDAY
  MAXIMUM         77   1047 AM  82    1919  66     11       79
                                      1910
  MINIMUM         58   1159 PM  32    1908  48     10       56
  AVERAGE         68                        57     11       68

PRECIPITATION (IN)
  YESTERDAY        0.00          1.31 2003   0.12  -0.12     0.00
  MONTH TO DATE    1.11                      2.63  -1.52     1.03
  SINCE DEC 1     15.07                     13.18   1.89     9.16
  SINCE JAN 1      2.05                      7.89  -5.84     5.02

SNOWFALL (IN)
  YESTERDAY        0.0           0.0    MM   0.0    0.0      0.0
  MONTH TO DATE    0.0                       0.0    0.0      0.0
  SINCE DEC 1      0.0                       T      0.0      0.0
  SINCE JUL 1      0.0                       T      0.0      0.0
  SNOW DEPTH       0

DEGREE DAYS
 HEATING
  YESTERDAY        0                         9     -9        0
  MONTH TO DATE   57                       207   -150      153
  SINCE DEC 1    477                       955   -478      709
  SINCE JUL 1    547                      1150   -603      773

 COOLING
  YESTERDAY        3                         1      2        3
  MONTH TO DATE   84                         8     76       15
  SINCE DEC 1    230                        41    189       89
  SINCE JAN 1    160                        19    141       21
..................................................................


WIND (MPH)
  HIGHEST WIND SPEED    29   HIGHEST WIND DIRECTION    NW (310)
  HIGHEST GUST SPEED    40   HIGHEST GUST DIRECTION    NW (310)
  AVERAGE WIND SPEED    11.2


SKY COVER
  POSSIBLE SUNSHINE  MM
  AVERAGE SKY COVER 1.0


WEATHER CONDITIONS
 THE FOLLOWING WEATHER WAS RECORDED YESTERDAY.
  THUNDERSTORM
  FOG
  HAZE


RELATIVE HUMIDITY (PERCENT)
 HIGHEST    90          1200 AM
 LOWEST     78           200 PM
 AVERAGE    84

..........................................................


THE BEAUMONT PORT ARTHUR CLIMATE NORMALS FOR TODAY
                         NORMAL    RECORD    YEAR
 MAXIMUM TEMPERATURE (F)   66        83      1993
 MINIMUM TEMPERATURE (F)   48        29      1978


SUNRISE AND SUNSET
FEBRUARY 21 2017......SUNRISE   650 AM CST   SUNSET   610 PM CST
FEBRUARY 22 2017......SUNRISE   649 AM CST   SUNSET   610 PM CST


-  INDICATES NEGATIVE NUMBERS.
R  INDICATES RECORD WAS SET OR TIED.
MM INDICATES DATA IS MISSING.
T  INDICATES TRACE AMOUNT.




$$
