000
CDUS44 KLCH 010832
CLIBPT


CLIMATE REPORT
NATIONAL WEATHER SERVICE LAKE CHARLES, LA
231 AM CST SUN MAR 1 2015


...................................

...THE BEAUMONT PORT ARTHUR CLIMATE SUMMARY FOR FEBRUARY 28 2015...

CLIMATE NORMAL PERIOD 1981 TO 2010
CLIMATE RECORD PERIOD 1901 TO 2015


WEATHER ITEM   OBSERVED TIME   RECORD YEAR NORMAL DEPARTURE LAST
                VALUE   (LST)  VALUE       VALUE  FROM      YEAR
                                                  NORMAL
..................................................................
TEMPERATURE (F)
 YESTERDAY
  MAXIMUM         60    727 PM  83    1932  68     -8       65
                                      1918
  MINIMUM         39    537 AM  30    1935  49    -10       40
  AVERAGE         50                        59     -9       53

PRECIPITATION (IN)
  YESTERDAY        T             3.65 1965   0.12  -0.12      T
  MONTH TO DATE    0.99                      3.58  -2.59     5.45
  SINCE DEC 1     10.12                     14.13  -4.01     8.01
  SINCE JAN 1      6.98                      8.84  -1.86     6.72

SNOWFALL (IN)
  YESTERDAY       MM             0.0    MM   0.0   MM       MM
  MONTH TO DATE    0.0                       T      0.0       T
  SINCE DEC 1      0.0                       T      0.0      0.3
  SINCE JUL 1      0.0                       T      0.0      0.3
  SNOW DEPTH       0

DEGREE DAYS
 HEATING
  YESTERDAY       15                         7      8       12
  MONTH TO DATE  331                       270     61      313
  SINCE DEC 1   1020                      1018      2     1227
  SINCE JUL 1   1257                      1213     44     1469

 COOLING
  YESTERDAY        0                         1     -1        0
  MONTH TO DATE    8                        15     -7       24
  SINCE DEC 1     28                        48    -20       48
  SINCE JAN 1      8                        26    -18       24
..................................................................


WIND (MPH)
  HIGHEST WIND SPEED    22   HIGHEST WIND DIRECTION    NE (60)
  HIGHEST GUST SPEED    32   HIGHEST GUST DIRECTION     E (70)
  AVERAGE WIND SPEED    12.1


SKY COVER
  POSSIBLE SUNSHINE  MM
  AVERAGE SKY COVER 1.0


WEATHER CONDITIONS
 THE FOLLOWING WEATHER WAS RECORDED YESTERDAY.
  LIGHT RAIN


RELATIVE HUMIDITY (PERCENT)
 HIGHEST    72           900 PM
 LOWEST     54          1100 AM
 AVERAGE    63

..........................................................


THE BEAUMONT PORT ARTHUR CLIMATE NORMALS FOR TODAY
                         NORMAL    RECORD    YEAR
 MAXIMUM TEMPERATURE (F)   68        84      1918
                                             1905
 MINIMUM TEMPERATURE (F)   49        27      1968


SUNRISE AND SUNSET
MARCH  1 2015.........SUNRISE   642 AM CST   SUNSET   615 PM CST
MARCH  2 2015.........SUNRISE   641 AM CST   SUNSET   616 PM CST


-  INDICATES NEGATIVE NUMBERS.
R  INDICATES RECORD WAS SET OR TIED.
MM INDICATES DATA IS MISSING.
T  INDICATES TRACE AMOUNT.




$$
