000
CDUS44 KLCH 291245
CLIBPT


CLIMATE REPORT
NATIONAL WEATHER SERVICE LAKE CHARLES, LA
745 AM CDT MON AUG 29 2016


...................................

...THE BEAUMONT PORT ARTHUR CLIMATE SUMMARY FOR AUGUST 28 2016...

CLIMATE NORMAL PERIOD 1981 TO 2010
CLIMATE RECORD PERIOD 1901 TO 2016


WEATHER ITEM   OBSERVED TIME   RECORD YEAR NORMAL DEPARTURE LAST
                VALUE   (LST)  VALUE       VALUE  FROM      YEAR
                                                  NORMAL
..................................................................
TEMPERATURE (F)
 YESTERDAY
  MAXIMUM         85   1248 PM 102    2011  92     -7       91
  MINIMUM         74    450 AM  65    1968  74      0       68
                                      1952
  AVERAGE         80                        83     -3       80

PRECIPITATION (IN)
  YESTERDAY        0.21          3.31 1955   0.19   0.02     0.00
  MONTH TO DATE   10.24                      4.79   5.45     5.67
  SINCE JUN 1     28.02                     17.83  10.19    13.44
  SINCE JAN 1     57.52                     38.64  18.88    47.42

SNOWFALL (IN)
  YESTERDAY        0.0           0.0    MM   0.0    0.0      0.0
  MONTH TO DATE    0.0                       0.0    0.0      0.0
  SINCE JUN 1      0.0                       0.0    0.0      0.0
  SINCE JUL 1      0.0                       0.0    0.0      0.0
  SNOW DEPTH       0

DEGREE DAYS
 HEATING
  YESTERDAY        0                         0      0        0
  MONTH TO DATE    0                         0      0        0
  SINCE JUN 1      0                         0      0        0
  SINCE JUL 1      0                         0      0        0

 COOLING
  YESTERDAY       15                        18     -3       15
  MONTH TO DATE  533                       504     29      556
  SINCE JUN 1   1689                      1544    145     1694
  SINCE JAN 1   2396                      2110    286     2419
..................................................................


WIND (MPH)
  HIGHEST WIND SPEED    20   HIGHEST WIND DIRECTION     N (20)
  HIGHEST GUST SPEED    24   HIGHEST GUST DIRECTION     N (20)
  AVERAGE WIND SPEED     8.1


SKY COVER
  POSSIBLE SUNSHINE  MM
  AVERAGE SKY COVER 0.6


WEATHER CONDITIONS
 THE FOLLOWING WEATHER WAS RECORDED YESTERDAY.
  THUNDERSTORM
  LIGHT RAIN
  FOG
  HAZE


RELATIVE HUMIDITY (PERCENT)
 HIGHEST   100           100 AM
 LOWEST     80           100 PM
 AVERAGE    90

..........................................................


THE BEAUMONT PORT ARTHUR CLIMATE NORMALS FOR TODAY
                         NORMAL    RECORD    YEAR
 MAXIMUM TEMPERATURE (F)   91       104      2011
 MINIMUM TEMPERATURE (F)   74        62      1952


SUNRISE AND SUNSET
AUGUST 29 2016........SUNRISE   652 AM CDT   SUNSET   741 PM CDT
AUGUST 30 2016........SUNRISE   652 AM CDT   SUNSET   740 PM CDT


-  INDICATES NEGATIVE NUMBERS.
R  INDICATES RECORD WAS SET OR TIED.
MM INDICATES DATA IS MISSING.
T  INDICATES TRACE AMOUNT.




$$
