000
CDUS44 KLCH 291245
CLIBPT


CLIMATE REPORT
NATIONAL WEATHER SERVICE LAKE CHARLES, LA
745 AM CDT SUN MAY 29 2016


...................................

...THE BEAUMONT PORT ARTHUR CLIMATE SUMMARY FOR MAY 28 2016...

CLIMATE NORMAL PERIOD 1981 TO 2010
CLIMATE RECORD PERIOD 1901 TO 2016


WEATHER ITEM   OBSERVED TIME   RECORD YEAR NORMAL DEPARTURE LAST
                VALUE   (LST)  VALUE       VALUE  FROM      YEAR
                                                  NORMAL
..................................................................
TEMPERATURE (F)
 YESTERDAY
  MAXIMUM         89   1242 PM 101    1905  87      2       90
  MINIMUM         67    557 AM  53    1961  70     -3       71
  AVERAGE         78                        79     -1       81

PRECIPITATION (IN)
  YESTERDAY        0.03          2.95 1936   0.17  -0.14     0.00
  MONTH TO DATE   10.29                      4.70   5.59     7.45
  SINCE MAR 1     23.53                     11.44  12.09    26.68
  SINCE JAN 1     29.49                     20.28   9.21    33.66

SNOWFALL (IN)
  YESTERDAY        0.0           0.0    MM   0.0    0.0      0.0
  MONTH TO DATE    0.0                       0.0    0.0      0.0
  SINCE MAR 1      0.0                       0.0    0.0       T
  SINCE JUL 1      0.0                       T      0.0       T
  SNOW DEPTH       0

DEGREE DAYS
 HEATING
  YESTERDAY        0                         0      0        0
  MONTH TO DATE    0                         0      0        0
  SINCE MAR 1     65                       187   -122      105
  SINCE JUL 1    889                      1400   -511     1362

 COOLING
  YESTERDAY       13                        14     -1       16
  MONTH TO DATE  308                       298     10      362
  SINCE MAR 1    633                       499    134      673
  SINCE JAN 1    664                       525    139      681
..................................................................


WIND (MPH)
  HIGHEST WIND SPEED    30   HIGHEST WIND DIRECTION     E (100)
  HIGHEST GUST SPEED    38   HIGHEST GUST DIRECTION    SE (150)
  AVERAGE WIND SPEED     6.9


SKY COVER
  POSSIBLE SUNSHINE  MM
  AVERAGE SKY COVER 0.1


WEATHER CONDITIONS
 THE FOLLOWING WEATHER WAS RECORDED YESTERDAY.
  THUNDERSTORM
  LIGHT RAIN


RELATIVE HUMIDITY (PERCENT)
 HIGHEST    93           600 AM
 LOWEST     46          1200 PM
 AVERAGE    70

..........................................................


THE BEAUMONT PORT ARTHUR CLIMATE NORMALS FOR TODAY
                         NORMAL    RECORD    YEAR
 MAXIMUM TEMPERATURE (F)   88        99      1905
 MINIMUM TEMPERATURE (F)   70        58      1961
                                             1920


SUNRISE AND SUNSET
MAY 29 2016...........SUNRISE   616 AM CDT   SUNSET   811 PM CDT
MAY 30 2016...........SUNRISE   616 AM CDT   SUNSET   812 PM CDT


-  INDICATES NEGATIVE NUMBERS.
R  INDICATES RECORD WAS SET OR TIED.
MM INDICATES DATA IS MISSING.
T  INDICATES TRACE AMOUNT.




$$
