891
CDUS44 KLCH 122220
CLIBPT


CLIMATE REPORT
NATIONAL WEATHER SERVICE LAKE CHARLES, LA
420 PM CST FRI FEB 12 2016


...................................

...THE BEAUMONT PORT ARTHUR CLIMATE SUMMARY FOR FEBRUARY 12 2016...
VALID TODAY AS OF 0400 PM LOCAL TIME.

CLIMATE NORMAL PERIOD 1981 TO 2010
CLIMATE RECORD PERIOD 1901 TO 2016


WEATHER ITEM   OBSERVED TIME   RECORD YEAR NORMAL DEPARTURE LAST
                VALUE   (LST)  VALUE       VALUE  FROM      YEAR
                                                  NORMAL
..................................................................
TEMPERATURE (F)
 TODAY
  MAXIMUM         81    219 PM  83    1922  65     16       67
  MINIMUM         50    715 AM  25    1981  46      4       45
                                      1963
  AVERAGE         66                        55     11       56

PRECIPITATION (IN)
  TODAY            0.00          2.88 1997   0.13  -0.13     0.00
  MONTH TO DATE    0.12                      1.60  -1.48     0.42
  SINCE DEC 1      8.25                     12.15  -3.90     9.55
  SINCE JAN 1      4.11                      6.86  -2.75     6.41

SNOWFALL (IN)
  TODAY            0.0           3.5  1960   0.0    0.0      0.0
  MONTH TO DATE    0.0                       0.0    0.0      0.0
  SINCE DEC 1      0.0                       T      0.0      0.0
  SINCE JUL 1      0.0                       T      0.0      0.0
  SNOW DEPTH       0

DEGREE DAYS
 HEATING
  TODAY            0                        10    -10        9
  MONTH TO DATE  133                       132      1      117
  SINCE DEC 1    689                       880   -191      806
  SINCE JUL 1    753                      1075   -322     1043

 COOLING
  TODAY            1                         1      0        0
  MONTH TO DATE    6                         6      0        5
  SINCE DEC 1     80                        39     41       25
  SINCE JAN 1     12                        17     -5        5
..................................................................


WIND (MPH)
  HIGHEST WIND SPEED    17   HIGHEST WIND DIRECTION     W (250)
  HIGHEST GUST SPEED    23   HIGHEST GUST DIRECTION    SW (240)
  AVERAGE WIND SPEED     5.6


SKY COVER
  POSSIBLE SUNSHINE  MM
  AVERAGE SKY COVER 0.7


WEATHER CONDITIONS
 THE FOLLOWING WEATHER WAS RECORDED TODAY.
  FOG
  FOG W/VISIBILITY <= 1/4 MILE
  HAZE


RELATIVE HUMIDITY (PERCENT)
 HIGHEST   100          1200 AM
 LOWEST     42           400 PM
 AVERAGE    71

..........................................................


THE BEAUMONT PORT ARTHUR CLIMATE NORMALS FOR TOMORROW
                         NORMAL    RECORD    YEAR
 MAXIMUM TEMPERATURE (F)   65        82      1918
 MINIMUM TEMPERATURE (F)   46        17      1905


SUNRISE AND SUNSET
FEBRUARY 12 2016......SUNRISE   659 AM CST   SUNSET   602 PM CST
FEBRUARY 13 2016......SUNRISE   658 AM CST   SUNSET   603 PM CST


-  INDICATES NEGATIVE NUMBERS.
R  INDICATES RECORD WAS SET OR TIED.
MM INDICATES DATA IS MISSING.
T  INDICATES TRACE AMOUNT.




$$
