000
CDUS43 KDVN 290917
CLIBRL


CLIMATE REPORT
NATIONAL WEATHER SERVICE QUAD CITIES IA IL
415 AM CDT SUN MAR 29 2015


...................................

...THE BURLINGTON IA CLIMATE SUMMARY FOR MARCH 28 2015...

CLIMATE NORMAL PERIOD 1981 TO 2010
CLIMATE RECORD PERIOD 1897 TO 2015


WEATHER ITEM   OBSERVED TIME   RECORD YEAR NORMAL DEPARTURE LAST
                VALUE   (LST)  VALUE       VALUE  FROM      YEAR
                                                  NORMAL
..................................................................
TEMPERATURE (F)
 YESTERDAY
  MAXIMUM         44    417 PM  84    1910  58    -14       41
  MINIMUM         24    633 AM  13    1970  36    -12       36
  AVERAGE         34                        47    -13       39

PRECIPITATION (IN)
  YESTERDAY        0.00         MM      MM   0.10  -0.10     0.00
  MONTH TO DATE    0.22                      2.49  -2.27     1.14
  SINCE MAR 1      0.22                      2.49  -2.27     1.14
  SINCE JAN 1      2.64                      5.35  -2.71     5.51

DEGREE DAYS
 HEATING
  YESTERDAY       31                        18     13       26
  MONTH TO DATE  728                       676     52      916
  SINCE MAR 1    728                       676     52      916
  SINCE JUL 1   5659                      5054    605     6239

 COOLING
  YESTERDAY        0                         0      0        0
  MONTH TO DATE    0                         0      0        0
  SINCE MAR 1      0                         0      0        0
  SINCE JAN 1      0                         0      0        0
..................................................................


WIND (MPH)
  HIGHEST WIND SPEED    14   HIGHEST WIND DIRECTION     S (160)
  HIGHEST GUST SPEED    20   HIGHEST GUST DIRECTION    SE (150)
  AVERAGE WIND SPEED     7.3


SKY COVER
  POSSIBLE SUNSHINE  MM
  AVERAGE SKY COVER 0.0


WEATHER CONDITIONS
 THE FOLLOWING WEATHER WAS RECORDED YESTERDAY.
  NO SIGNIFICANT WEATHER WAS OBSERVED.


RELATIVE HUMIDITY (PERCENT)
 HIGHEST    74           700 AM
 LOWEST     29           200 PM
 AVERAGE    52

..........................................................


THE BURLINGTON IA CLIMATE NORMALS FOR TODAY
                         NORMAL    RECORD    YEAR
 MAXIMUM TEMPERATURE (F)   58        88      1986
 MINIMUM TEMPERATURE (F)   37        10      1969


SUNRISE AND SUNSET
MARCH 29 2015.........SUNRISE   653 AM CDT   SUNSET   726 PM CDT
MARCH 30 2015.........SUNRISE   652 AM CDT   SUNSET   727 PM CDT


-  INDICATES NEGATIVE NUMBERS.
R  INDICATES RECORD WAS SET OR TIED.
MM INDICATES DATA IS MISSING.
T  INDICATES TRACE AMOUNT.




$$
