000
CDUS43 KDVN 050920
CLIBRL


CLIMATE REPORT
NATIONAL WEATHER SERVICE QUAD CITIES IA IL
419 AM CDT THU MAY 5 2016


...................................

...THE BURLINGTON IA CLIMATE SUMMARY FOR MAY 4 2016...

CLIMATE NORMAL PERIOD 1981 TO 2010
CLIMATE RECORD PERIOD 1897 TO 2016


WEATHER ITEM   OBSERVED TIME   RECORD YEAR NORMAL DEPARTURE LAST
                VALUE   (LST)  VALUE       VALUE  FROM      YEAR
                                                  NORMAL
..................................................................
TEMPERATURE (F)
 YESTERDAY
  MAXIMUM         64    434 PM  90    1952  71     -7       79
  MINIMUM         45    438 AM  26    1907  49     -4       60
  AVERAGE         55                        60     -5       70

PRECIPITATION (IN)
  YESTERDAY        T            MM      MM   0.16  -0.16     0.30
  MONTH TO DATE    0.02                      0.66  -0.64     0.30
  SINCE MAR 1      6.49                      7.21  -0.72     2.20
  SINCE JAN 1      7.87                     10.07  -2.20     4.62

DEGREE DAYS
 HEATING
  YESTERDAY       10                         6      4        0
  MONTH TO DATE   46                        27     19       12
  SINCE MAR 1   1002                      1111   -109     1076
  SINCE JUL 1   4884                      5489   -605     6007

 COOLING
  YESTERDAY        0                         1     -1        5
  MONTH TO DATE    0                         4     -4       11
  SINCE MAR 1     18                        24     -6       14
  SINCE JAN 1     18                        24     -6       14
..................................................................


WIND (MPH)
  HIGHEST WIND SPEED    24   HIGHEST WIND DIRECTION     N (360)
  HIGHEST GUST SPEED    33   HIGHEST GUST DIRECTION     N (340)
  AVERAGE WIND SPEED    12.1


SKY COVER
  POSSIBLE SUNSHINE  MM
  AVERAGE SKY COVER 0.3


WEATHER CONDITIONS
 THE FOLLOWING WEATHER WAS RECORDED YESTERDAY.
  NO SIGNIFICANT WEATHER WAS OBSERVED.


RELATIVE HUMIDITY (PERCENT)
 HIGHEST    93           400 AM
 LOWEST     34           500 PM
 AVERAGE    64

..........................................................


THE BURLINGTON IA CLIMATE NORMALS FOR TODAY
                         NORMAL    RECORD    YEAR
 MAXIMUM TEMPERATURE (F)   71        92      1949
 MINIMUM TEMPERATURE (F)   49        32      1944


SUNRISE AND SUNSET
MAY  5 2016...........SUNRISE   557 AM CDT   SUNSET   805 PM CDT
MAY  6 2016...........SUNRISE   556 AM CDT   SUNSET   806 PM CDT


-  INDICATES NEGATIVE NUMBERS.
R  INDICATES RECORD WAS SET OR TIED.
MM INDICATES DATA IS MISSING.
T  INDICATES TRACE AMOUNT.




$$
