000
CDUS43 KDVN 181024
CLIBRL


CLIMATE REPORT
NATIONAL WEATHER SERVICE QUAD CITIES IA IL
424 AM CST THU DEC 18 2014


...................................

...THE BURLINGTON IA CLIMATE SUMMARY FOR DECEMBER 17 2014...

CLIMATE NORMAL PERIOD 1981 TO 2010
CLIMATE RECORD PERIOD 1897 TO 2014


WEATHER ITEM   OBSERVED TIME   RECORD YEAR NORMAL DEPARTURE LAST
                VALUE   (LST)  VALUE       VALUE  FROM      YEAR
                                                  NORMAL
..................................................................
TEMPERATURE (F)
 YESTERDAY
  MAXIMUM         30    403 PM  59    1939  36     -6       38
  MINIMUM         19    707 AM  -7    1945  20     -1       15
  AVERAGE         25                        28     -3       27

PRECIPITATION (IN)
  YESTERDAY        0.00         MM      MM   0.06  -0.06     0.03
  MONTH TO DATE    0.21                      1.24  -1.03     0.63
  SINCE DEC 1      0.21                      1.24  -1.03     0.63
  SINCE JAN 1     39.94                     37.63   2.31    33.02

DEGREE DAYS
 HEATING
  YESTERDAY       40                        37      3       38
  MONTH TO DATE  545                       579    -34      710
  SINCE DEC 1    545                       579    -34      710
  SINCE JUL 1   1922                      1652    270     1947

 COOLING
  YESTERDAY        0                         0      0        0
  MONTH TO DATE    0                         0      0        0
  SINCE DEC 1      0                         0      0        0
  SINCE JAN 1    940                      1207   -267     1115
..................................................................


WIND (MPH)
  HIGHEST WIND SPEED    14   HIGHEST WIND DIRECTION    NW (310)
  HIGHEST GUST SPEED    20   HIGHEST GUST DIRECTION     W (290)
  AVERAGE WIND SPEED     6.2


SKY COVER
  POSSIBLE SUNSHINE  MM
  AVERAGE SKY COVER 0.6


WEATHER CONDITIONS
 THE FOLLOWING WEATHER WAS RECORDED YESTERDAY.
  NO SIGNIFICANT WEATHER WAS OBSERVED.


RELATIVE HUMIDITY (PERCENT)
 HIGHEST    88           800 PM
 LOWEST     69           200 PM
 AVERAGE    79

..........................................................


THE BURLINGTON IA CLIMATE NORMALS FOR TODAY
                         NORMAL    RECORD    YEAR
 MAXIMUM TEMPERATURE (F)   36        63      1939
 MINIMUM TEMPERATURE (F)   20       -15      1983


SUNRISE AND SUNSET
DECEMBER 18 2014......SUNRISE   724 AM CST   SUNSET   439 PM CST
DECEMBER 19 2014......SUNRISE   724 AM CST   SUNSET   439 PM CST


-  INDICATES NEGATIVE NUMBERS.
R  INDICATES RECORD WAS SET OR TIED.
MM INDICATES DATA IS MISSING.
T  INDICATES TRACE AMOUNT.




$$
