000
CDUS43 KDVN 280919
CLIBRL


CLIMATE REPORT
NATIONAL WEATHER SERVICE QUAD CITIES IA IL
418 AM CDT THU JUL 28 2016


...................................

...THE BURLINGTON IA CLIMATE SUMMARY FOR JULY 27 2016...

CLIMATE NORMAL PERIOD 1981 TO 2010
CLIMATE RECORD PERIOD 1897 TO 2016


WEATHER ITEM   OBSERVED TIME   RECORD YEAR NORMAL DEPARTURE LAST
                VALUE   (LST)  VALUE       VALUE  FROM      YEAR
                                                  NORMAL
..................................................................
TEMPERATURE (F)
 YESTERDAY
  MAXIMUM         87    359 PM 109    1930  86      1       88
  MINIMUM         67    513 AM  49    2004  67      0       71
                                      1971
  AVERAGE         77                        76      1       80

PRECIPITATION (IN)
  YESTERDAY        0.00         MM      MM   0.14  -0.14     0.14
  MONTH TO DATE    6.45                      3.73   2.72     7.49
  SINCE JUN 1      7.51                      8.20  -0.69    16.16
  SINCE JAN 1     18.36                     22.46  -4.10    25.12

DEGREE DAYS
 HEATING
  YESTERDAY        0                         0      0        0
  MONTH TO DATE    6                         0      6        4
  SINCE JUN 1      6                        13     -7        9
  SINCE JUL 1      6                         0      6        4

 COOLING
  YESTERDAY       12                        11      1       15
  MONTH TO DATE  273                       323    -50      263
  SINCE JUN 1    584                       583      1      487
  SINCE JAN 1    683                       686     -3      580
..................................................................


WIND (MPH)
  HIGHEST WIND SPEED     9   HIGHEST WIND DIRECTION    SW (240)
  HIGHEST GUST SPEED    14   HIGHEST GUST DIRECTION     S (160)
  AVERAGE WIND SPEED     2.3


SKY COVER
  POSSIBLE SUNSHINE  MM
  AVERAGE SKY COVER 0.1


WEATHER CONDITIONS
 THE FOLLOWING WEATHER WAS RECORDED YESTERDAY.
  THUNDERSTORM
  FOG
  HAZE


RELATIVE HUMIDITY (PERCENT)
 HIGHEST    94           900 PM
 LOWEST     57           400 PM
 AVERAGE    76

..........................................................


THE BURLINGTON IA CLIMATE NORMALS FOR TODAY
                         NORMAL    RECORD    YEAR
 MAXIMUM TEMPERATURE (F)   86       103      1983
 MINIMUM TEMPERATURE (F)   67        52      2013


SUNRISE AND SUNSET
JULY 28 2016..........SUNRISE   558 AM CDT   SUNSET   824 PM CDT
JULY 29 2016..........SUNRISE   559 AM CDT   SUNSET   823 PM CDT


-  INDICATES NEGATIVE NUMBERS.
R  INDICATES RECORD WAS SET OR TIED.
MM INDICATES DATA IS MISSING.
T  INDICATES TRACE AMOUNT.




$$
