000
CDUS43 KDVN 180906
CLIBRL


CLIMATE REPORT
NATIONAL WEATHER SERVICE QUAD CITIES IA IL
405 AM CDT FRI APR 18 2014


...................................

...THE BURLINGTON IA CLIMATE SUMMARY FOR APRIL 17 2014...

CLIMATE NORMAL PERIOD 1981 TO 2010
CLIMATE RECORD PERIOD 1897 TO 2014


WEATHER ITEM   OBSERVED TIME   RECORD YEAR NORMAL DEPARTURE LAST
                VALUE   (LST)  VALUE       VALUE  FROM      YEAR
                                                  NORMAL
..................................................................
TEMPERATURE (F)
 YESTERDAY
  MAXIMUM         53    452 PM  85    1977  66    -13       60
  MINIMUM         39   1044 PM  23    1907  43     -4       43
  AVERAGE         46                        54     -8       52

PRECIPITATION (IN)
  YESTERDAY        0.00         MM      MM   0.13  -0.13     1.56
  MONTH TO DATE    2.30                      1.91   0.39     3.91
  SINCE MAR 1      3.47                      4.70  -1.23     5.86
  SINCE JAN 1      7.84                      7.56   0.28     9.83

DEGREE DAYS
 HEATING
  YESTERDAY       19                        11      8       13
  MONTH TO DATE  285                       238     47      274
  SINCE MAR 1   1250                       966    284     1229
  SINCE JUL 1   6573                      5344   1229     5600

 COOLING
  YESTERDAY        0                         1     -1        0
  MONTH TO DATE    5                         7     -2        0
  SINCE MAR 1      5                         9     -4        0
  SINCE JAN 1      5                         9     -4        0
..................................................................


WIND (MPH)
  HIGHEST WIND SPEED    21   HIGHEST WIND DIRECTION     S (190)
  HIGHEST GUST SPEED    29   HIGHEST GUST DIRECTION     S (170)
  AVERAGE WIND SPEED     7.9


SKY COVER
  POSSIBLE SUNSHINE  MM
  AVERAGE SKY COVER 0.3


WEATHER CONDITIONS
 THE FOLLOWING WEATHER WAS RECORDED YESTERDAY.
  HAZE


RELATIVE HUMIDITY (PERCENT)
 HIGHEST    79           700 AM
 LOWEST     42          1200 AM
 AVERAGE    61

..........................................................


THE BURLINGTON IA CLIMATE NORMALS FOR TODAY
                         NORMAL    RECORD    YEAR
 MAXIMUM TEMPERATURE (F)   66        89      2002
 MINIMUM TEMPERATURE (F)   44        24      1983


SUNRISE AND SUNSET
APRIL 18 2014.........SUNRISE   621 AM CDT   SUNSET   747 PM CDT
APRIL 19 2014.........SUNRISE   620 AM CDT   SUNSET   748 PM CDT


-  INDICATES NEGATIVE NUMBERS.
R  INDICATES RECORD WAS SET OR TIED.
MM INDICATES DATA IS MISSING.
T  INDICATES TRACE AMOUNT.




$$
