000
CDUS44 KBRO 170629
CLIBRO


CLIMATE REPORT
NATIONAL WEATHER SERVICE BROWNSVILLE TX
128 AM CDT WED SEP 17 2014


...................................

...THE BROWNSVILLE CLIMATE SUMMARY FOR SEPTEMBER 16 2014...

CLIMATE NORMAL PERIOD 1981 TO 2010
CLIMATE RECORD PERIOD 1878 TO 2014


WEATHER ITEM   OBSERVED TIME   RECORD YEAR NORMAL DEPARTURE LAST
                VALUE   (LST)  VALUE       VALUE  FROM      YEAR
                                                  NORMAL
..................................................................
TEMPERATURE (F)
 YESTERDAY
  MAXIMUM         91    114 PM  99    1900  90      1       88
                                      1893
  MINIMUM         74    356 AM  58    1881  73      1       76
  AVERAGE         83                        82      1       82

PRECIPITATION (IN)
  YESTERDAY        0.00          4.67 1988   0.21  -0.21     2.66
  MONTH TO DATE    8.51                      3.10   5.41    11.00
  SINCE SEP 1      8.51                      3.10   5.41    11.00
  SINCE JAN 1     18.03                     17.91   0.12    21.05

SNOWFALL (IN)
  YESTERDAY        0.0           0.0  2002   0.0
                                      2001
  MONTH TO DATE    0.0                       0.0
  SINCE SEP 1      0.0                       0.0
  SINCE JUL 1      0.0                       0.0

DEGREE DAYS
 HEATING
  YESTERDAY        0                         0      0        0
  MONTH TO DATE    0                         0      0        0
  SINCE SEP 1      0                         0      0        0
  SINCE JUL 1      0                         0      0        0

 COOLING
  YESTERDAY       18                        17      1       17
  MONTH TO DATE  291                       288      3      290
  SINCE SEP 1    291                       288      3      290
  SINCE JAN 1   3111                      3195    -84     3323
..................................................................


WIND (MPH)
  HIGHEST WIND SPEED    16   HIGHEST WIND DIRECTION     S (160)
  HIGHEST GUST SPEED    22   HIGHEST GUST DIRECTION     S (160)
  AVERAGE WIND SPEED     5.7


SKY COVER
  POSSIBLE SUNSHINE  MM
  AVERAGE SKY COVER 0.3


WEATHER CONDITIONS
 THE FOLLOWING WEATHER WAS RECORDED YESTERDAY.
  FOG


RELATIVE HUMIDITY (PERCENT)
 HIGHEST   100          1200 AM
 LOWEST     59           400 PM
 AVERAGE    80

..........................................................


THE BROWNSVILLE CLIMATE NORMALS FOR TODAY
                         NORMAL    RECORD    YEAR
 MAXIMUM TEMPERATURE (F)   90        98      1980
 MINIMUM TEMPERATURE (F)   73        64      1951


SUNRISE AND SUNSET
SEPTEMBER 17 2014.....SUNRISE   716 AM CDT   SUNSET   732 PM CDT
SEPTEMBER 18 2014.....SUNRISE   717 AM CDT   SUNSET   730 PM CDT


-  INDICATES NEGATIVE NUMBERS.
R  INDICATES RECORD WAS SET OR TIED.
MM INDICATES DATA IS MISSING.
T  INDICATES TRACE AMOUNT.




$$
