000
CDUS44 KBRO 222144
CLIBRO


CLIMATE REPORT
NATIONAL WEATHER SERVICE BROWNSVILLE TX
444 PM CDT TUE AUG 22 2017


...................................

...THE BROWNSVILLE CLIMATE SUMMARY FOR AUGUST 22 2017...
VALID TODAY AS OF 0400 PM LOCAL TIME.

CLIMATE NORMAL PERIOD 1981 TO 2010
CLIMATE RECORD PERIOD 1878 TO 2017


WEATHER ITEM   OBSERVED TIME   RECORD YEAR NORMAL DEPARTURE LAST
                VALUE   (LST)  VALUE       VALUE  FROM      YEAR
                                                  NORMAL
..................................................................
TEMPERATURE (F)
 TODAY
  MAXIMUM         94    140 PM  99    1883  94      0       96
  MINIMUM         76    609 AM  68    1956  76      0       78
                                      1946
  AVERAGE         85                        85      0       87

PRECIPITATION (IN)
  TODAY            0.25          4.39 1951   0.09   0.16     0.00
  MONTH TO DATE    1.22                      1.48  -0.26     0.30
  SINCE JUN 1      7.02                      6.09   0.93     3.46
  SINCE JAN 1     12.88                     13.85  -0.97    13.45

SNOWFALL (IN)
  TODAY            0.0           0.0  2002   0.0
                                      2001
  MONTH TO DATE    0.0                       0.0
  SINCE JUN 1      0.0                       0.0
  SINCE JUL 1      0.0                       0.0

DEGREE DAYS
 HEATING
  TODAY            0                         0      0        0
  MONTH TO DATE    0                         0      0        0
  SINCE JUN 1      0                         0      0        0
  SINCE JUL 1      0                         0      0        0

 COOLING
  TODAY           20                        20      0       22
  MONTH TO DATE  488                       456     32      496
  SINCE JUN 1   1699                      1641     58     1758
  SINCE JAN 1   3336                      2734    602     2918
..................................................................


WIND (MPH)
  HIGHEST WIND SPEED    20   HIGHEST WIND DIRECTION    SE (140)
  HIGHEST GUST SPEED    23   HIGHEST GUST DIRECTION    SE (130)
  AVERAGE WIND SPEED     4.9


SKY COVER
  POSSIBLE SUNSHINE  MM
  AVERAGE SKY COVER 0.2


WEATHER CONDITIONS
 THE FOLLOWING WEATHER WAS RECORDED TODAY.
  HEAVY RAIN
  LIGHT RAIN


RELATIVE HUMIDITY (PERCENT)
 HIGHEST   100           500 AM
 LOWEST     52           100 PM
 AVERAGE    76

..........................................................


THE BROWNSVILLE CLIMATE NORMALS FOR TOMORROW
                         NORMAL    RECORD    YEAR
 MAXIMUM TEMPERATURE (F)   94       102      1917
 MINIMUM TEMPERATURE (F)   76        70      1973
                                             1961
                                             1956


SUNRISE AND SUNSET
AUGUST 22 2017........SUNRISE   706 AM CDT   SUNSET   759 PM CDT
AUGUST 23 2017........SUNRISE   706 AM CDT   SUNSET   758 PM CDT


-  INDICATES NEGATIVE NUMBERS.
R  INDICATES RECORD WAS SET OR TIED.
MM INDICATES DATA IS MISSING.
T  INDICATES TRACE AMOUNT.




$$
