000
CDUS44 KBRO 300635
CLIBRO


CLIMATE REPORT
NATIONAL WEATHER SERVICE BROWNSVILLE TX
134 AM CDT SAT MAY 30 2015


...................................

...THE BROWNSVILLE CLIMATE SUMMARY FOR MAY 29 2015...

CLIMATE NORMAL PERIOD 1981 TO 2010
CLIMATE RECORD PERIOD 1878 TO 2015


WEATHER ITEM   OBSERVED TIME   RECORD YEAR NORMAL DEPARTURE LAST
                VALUE   (LST)  VALUE       VALUE  FROM      YEAR
                                                  NORMAL
..................................................................
TEMPERATURE (F)
 YESTERDAY
  MAXIMUM         86    417 PM  98    1922  91     -5       90
  MINIMUM         71   1003 AM  60    1901  74     -3       71
  AVERAGE         79                        82     -3       81

PRECIPITATION (IN)
  YESTERDAY        2.49          7.17 1929   0.10   2.39     0.00
  MONTH TO DATE    6.22                      2.46   3.76     2.83
  SINCE MAR 1     12.67                      5.23   7.44     4.57
  SINCE JAN 1     16.99                      7.58   9.41     5.33

SNOWFALL (IN)
  YESTERDAY        0.0           0.0  2002   0.0
                                      2001
                                      2000
  MONTH TO DATE    0.0                       0.0
  SINCE MAR 1      0.0                       0.0
  SINCE JUL 1      0.0                       0.0

DEGREE DAYS
 HEATING
  YESTERDAY        0                         0      0        0
  MONTH TO DATE    0                         0      0        0
  SINCE MAR 1     67                        51     16      100
  SINCE JUL 1    690                       554    136      824

 COOLING
  YESTERDAY       14                        17     -3       16
  MONTH TO DATE  479                       440     39      353
  SINCE MAR 1    976                       916     60      767
  SINCE JAN 1   1033                      1057    -24      887
..................................................................


WIND (MPH)
  HIGHEST WIND SPEED    36   HIGHEST WIND DIRECTION    SE (120)
  HIGHEST GUST SPEED    46   HIGHEST GUST DIRECTION     E (110)
  AVERAGE WIND SPEED    11.2


SKY COVER
  POSSIBLE SUNSHINE  MM
  AVERAGE SKY COVER 0.6


WEATHER CONDITIONS
 THE FOLLOWING WEATHER WAS RECORDED YESTERDAY.
  THUNDERSTORM
  HEAVY RAIN
  RAIN
  LIGHT RAIN
  FOG
  FOG W/VISIBILITY <= 1/4 MILE
  HAZE


RELATIVE HUMIDITY (PERCENT)
 HIGHEST    94          1000 PM
 LOWEST     65           200 PM
 AVERAGE    80

..........................................................


THE BROWNSVILLE CLIMATE NORMALS FOR TODAY
                         NORMAL    RECORD    YEAR
 MAXIMUM TEMPERATURE (F)   91       100      1919
 MINIMUM TEMPERATURE (F)   75        60      1901


SUNRISE AND SUNSET
MAY 30 2015...........SUNRISE   638 AM CDT   SUNSET   816 PM CDT
MAY 31 2015...........SUNRISE   638 AM CDT   SUNSET   817 PM CDT


-  INDICATES NEGATIVE NUMBERS.
R  INDICATES RECORD WAS SET OR TIED.
MM INDICATES DATA IS MISSING.
T  INDICATES TRACE AMOUNT.




$$
