245
CDUS44 KBRO 140727
CLIBRO


CLIMATE REPORT
NATIONAL WEATHER SERVICE BROWNSVILLE TX
125 AM CST SUN FEB 14 2016


...................................

...THE BROWNSVILLE CLIMATE SUMMARY FOR FEBRUARY 13 2016...

CLIMATE NORMAL PERIOD 1981 TO 2010
CLIMATE RECORD PERIOD 1878 TO 2016


WEATHER ITEM   OBSERVED TIME   RECORD YEAR NORMAL DEPARTURE LAST
                VALUE   (LST)  VALUE       VALUE  FROM      YEAR
                                                  NORMAL
..................................................................
TEMPERATURE (F)
 YESTERDAY
  MAXIMUM         77    147 PM  89    2000  73      4       74
                                      1945
  MINIMUM         53    528 AM  12    1899  54     -1       55
  AVERAGE         65                        64      1       65

PRECIPITATION (IN)
  YESTERDAY        0.00          1.37 1969   0.05  -0.05     0.00
  MONTH TO DATE    0.00                      0.59  -0.59     0.47
  SINCE DEC 1      2.04                      3.01  -0.97     5.46
  SINCE JAN 1      1.88                      1.86   0.02     4.03

SNOWFALL (IN)
  YESTERDAY        0.0           0.0  2002   0.0
                                      2000
  MONTH TO DATE    0.0                       0.0
  SINCE DEC 1      0.0                       0.0
  SINCE JUL 1      0.0                       0.0

DEGREE DAYS
 HEATING
  YESTERDAY        0                         4     -4        0
  MONTH TO DATE   55                        59     -4       40
  SINCE DEC 1    320                       404    -84      403
  SINCE JUL 1    342                       458   -116      516

 COOLING
  YESTERDAY        0                         3     -3        0
  MONTH TO DATE   11                        34    -23       14
  SINCE DEC 1    166                       173     -7      136
  SINCE JAN 1     32                        93    -61       27
..................................................................


WIND (MPH)
  HIGHEST WIND SPEED    17   HIGHEST WIND DIRECTION    SE (120)
  HIGHEST GUST SPEED    23   HIGHEST GUST DIRECTION    SE (130)
  AVERAGE WIND SPEED     9.4


SKY COVER
  POSSIBLE SUNSHINE  MM
  AVERAGE SKY COVER 0.3


WEATHER CONDITIONS
 THE FOLLOWING WEATHER WAS RECORDED YESTERDAY.
  FOG


RELATIVE HUMIDITY (PERCENT)
 HIGHEST   100           100 AM
 LOWEST     49          1100 AM
 AVERAGE    75

..........................................................


THE BROWNSVILLE CLIMATE NORMALS FOR TODAY
                         NORMAL    RECORD    YEAR
 MAXIMUM TEMPERATURE (F)   74        89      2005
 MINIMUM TEMPERATURE (F)   55        18      1899


SUNRISE AND SUNSET
FEBRUARY 14 2016......SUNRISE   706 AM CST   SUNSET   622 PM CST
FEBRUARY 15 2016......SUNRISE   705 AM CST   SUNSET   623 PM CST


-  INDICATES NEGATIVE NUMBERS.
R  INDICATES RECORD WAS SET OR TIED.
MM INDICATES DATA IS MISSING.
T  INDICATES TRACE AMOUNT.




$$
