000
CDUS44 KBRO 270730
CLIBRO


CLIMATE REPORT
NATIONAL WEATHER SERVICE BROWNSVILLE TX
130 AM CST FRI FEB 27 2015


...................................

...THE BROWNSVILLE CLIMATE SUMMARY FOR FEBRUARY 26 2015...

CLIMATE NORMAL PERIOD 1981 TO 2010
CLIMATE RECORD PERIOD 1878 TO 2015


WEATHER ITEM   OBSERVED TIME   RECORD YEAR NORMAL DEPARTURE LAST
                VALUE   (LST)  VALUE       VALUE  FROM      YEAR
                                                  NORMAL
..................................................................
TEMPERATURE (F)
 YESTERDAY
  MAXIMUM         70    112 PM  90    1971  76     -6       72
  MINIMUM         42    422 AM  33    1894  56    -14       46
  AVERAGE         56                        66    -10       59

PRECIPITATION (IN)
  YESTERDAY        0.00          2.40 1973   0.03  -0.03      T
  MONTH TO DATE    0.67                      1.00  -0.33     0.08
  SINCE DEC 1      5.66                      3.42   2.24     4.28
  SINCE JAN 1      4.23                      2.27   1.96     0.76

SNOWFALL (IN)
  YESTERDAY        0.0           0.0  2002   0.0
                                      2000
  MONTH TO DATE    0.0                       0.0
  SINCE DEC 1      0.0                       0.0
  SINCE JUL 1      0.0                       0.0

DEGREE DAYS
 HEATING
  YESTERDAY        9                         3      6        6
  MONTH TO DATE  129                       101     28      154
  SINCE DEC 1    492                       446     46      604
  SINCE JUL 1    605                       500    105      712

 COOLING
  YESTERDAY        0                         4     -4        0
  MONTH TO DATE   44                        74    -30       98
  SINCE DEC 1    166                       213    -47      196
  SINCE JAN 1     57                       133    -76      119
..................................................................


WIND (MPH)
  HIGHEST WIND SPEED    22   HIGHEST WIND DIRECTION    NE (50)
  HIGHEST GUST SPEED    29   HIGHEST GUST DIRECTION    NE (50)
  AVERAGE WIND SPEED     9.2


SKY COVER
  POSSIBLE SUNSHINE  MM
  AVERAGE SKY COVER 0.0


WEATHER CONDITIONS
 THE FOLLOWING WEATHER WAS RECORDED YESTERDAY.
  FOG


RELATIVE HUMIDITY (PERCENT)
 HIGHEST   100          1200 AM
 LOWEST     45          1100 AM
 AVERAGE    73

..........................................................


THE BROWNSVILLE CLIMATE NORMALS FOR TODAY
                         NORMAL    RECORD    YEAR
 MAXIMUM TEMPERATURE (F)   76        94      1954
 MINIMUM TEMPERATURE (F)   57        35      1935
                                             1924
                                             1912


SUNRISE AND SUNSET
FEBRUARY 27 2015......SUNRISE   655 AM CST   SUNSET   630 PM CST
FEBRUARY 28 2015......SUNRISE   654 AM CST   SUNSET   631 PM CST


-  INDICATES NEGATIVE NUMBERS.
R  INDICATES RECORD WAS SET OR TIED.
MM INDICATES DATA IS MISSING.
T  INDICATES TRACE AMOUNT.




$$
