000
CDUS44 KBRO 282312
CLIBRO


CLIMATE REPORT
NATIONAL WEATHER SERVICE BROWNSVILLE TX
509 PM CST FRI NOV 28 2014


...................................

...THE BROWNSVILLE CLIMATE SUMMARY FOR NOVEMBER 28 2014...
VALID TODAY AS OF 0400 PM LOCAL TIME.

CLIMATE NORMAL PERIOD 1981 TO 2010
CLIMATE RECORD PERIOD 1878 TO 2014


WEATHER ITEM   OBSERVED TIME   RECORD YEAR NORMAL DEPARTURE LAST
                VALUE   (LST)  VALUE       VALUE  FROM      YEAR
                                                  NORMAL
..................................................................
TEMPERATURE (F)
 TODAY
  MAXIMUM         78    200 PM  87    2006  76      2       69
                                      1981
  MINIMUM         49    708 AM  31    1993  56     -7       36
  AVERAGE         64                        66     -2       53

PRECIPITATION (IN)
  TODAY            0.00          0.70 1896   0.05  -0.05     0.00
  MONTH TO DATE    3.44                      1.74   1.70     1.91
  SINCE SEP 1     17.62                     11.40   6.22    15.42
  SINCE JAN 1     27.14                     26.21   0.93    25.47

SNOWFALL (IN)
  TODAY            0.0           0.0  2001   0.0
  MONTH TO DATE    0.0                       0.0
  SINCE SEP 1      0.0                       0.0
  SINCE JUL 1      0.0                       0.0

DEGREE DAYS
 HEATING
  TODAY            1                         3     -2       12
  MONTH TO DATE  113                        45     68      106
  SINCE SEP 1    113                        49     64      106
  SINCE JUL 1    113                        49     64      106

 COOLING
  TODAY            0                         4     -4        0
  MONTH TO DATE  100                       172    -72      173
  SINCE SEP 1   1069                      1030     39     1087
  SINCE JAN 1   3889                      3937    -48     4120
..................................................................


WIND (MPH)
  HIGHEST WIND SPEED    21   HIGHEST WIND DIRECTION     S (170)
  HIGHEST GUST SPEED    26   HIGHEST GUST DIRECTION     S (160)
  AVERAGE WIND SPEED     6.8


SKY COVER
  POSSIBLE SUNSHINE  MM
  AVERAGE SKY COVER 0.4


WEATHER CONDITIONS
 THE FOLLOWING WEATHER WAS RECORDED TODAY.
  FOG
  FOG W/VISIBILITY <= 1/4 MILE


RELATIVE HUMIDITY (PERCENT)
 HIGHEST   100           400 AM
 LOWEST     46          1100 AM
 AVERAGE    73

..........................................................


THE BROWNSVILLE CLIMATE NORMALS FOR TOMORROW
                         NORMAL    RECORD    YEAR
 MAXIMUM TEMPERATURE (F)   75        92      1949
 MINIMUM TEMPERATURE (F)   56        29      1911


SUNRISE AND SUNSET
NOVEMBER 28 2014......SUNRISE   657 AM CST   SUNSET   538 PM CST
NOVEMBER 29 2014......SUNRISE   658 AM CST   SUNSET   538 PM CST


-  INDICATES NEGATIVE NUMBERS.
R  INDICATES RECORD WAS SET OR TIED.
MM INDICATES DATA IS MISSING.
T  INDICATES TRACE AMOUNT.




$$
