000
CDUS44 KBRO 110727
CLIBRO


CLIMATE REPORT
NATIONAL WEATHER SERVICE BROWNSVILLE TX
126 AM CST MON DEC 11 2017


...................................

...THE BROWNSVILLE CLIMATE SUMMARY FOR DECEMBER 10 2017...

CLIMATE NORMAL PERIOD 1981 TO 2010
CLIMATE RECORD PERIOD 1878 TO 2017


WEATHER ITEM   OBSERVED TIME   RECORD YEAR NORMAL DEPARTURE LAST
                VALUE   (LST)  VALUE       VALUE  FROM      YEAR
                                                  NORMAL
..................................................................
TEMPERATURE (F)
 YESTERDAY
  MAXIMUM         74    223 PM  85    2004  73      1       64
                                      1993
                                      1992
  MINIMUM         40    651 AM  31    1978  53    -13       46
                                      1898
  AVERAGE         57                        63     -6       55

PRECIPITATION (IN)
  YESTERDAY        0.00          0.81 1941   0.04  -0.04     0.01
  MONTH TO DATE    0.83                      0.42   0.41     1.42
  SINCE DEC 1      0.83                      0.42   0.41     1.42
  SINCE JAN 1     22.55                     26.71  -4.16    22.56

SNOWFALL (IN)
  YESTERDAY        0.0           0.0  2001   0.0
  MONTH TO DATE    0.3                       0.0
  SINCE DEC 1      0.3                       0.0
  SINCE JUL 1      0.3                       0.0

DEGREE DAYS
 HEATING
  YESTERDAY        8                         5      3       10
  MONTH TO DATE   76                        42     34       47
  SINCE DEC 1     76                        42     34       47
  SINCE JUL 1     92                        96     -4       55

 COOLING
  YESTERDAY        0                         3     -3        0
  MONTH TO DATE   51                        32     19       31
  SINCE DEC 1     51                        32     19       31
  SINCE JAN 1   4770                      3977    793     4498
..................................................................


WIND (MPH)
  HIGHEST WIND SPEED    13   HIGHEST WIND DIRECTION    NE (50)
  HIGHEST GUST SPEED    17   HIGHEST GUST DIRECTION    NE (60)
  AVERAGE WIND SPEED     3.5


SKY COVER
  POSSIBLE SUNSHINE  MM
  AVERAGE SKY COVER 0.0


WEATHER CONDITIONS
 THE FOLLOWING WEATHER WAS RECORDED YESTERDAY.
  FOG


RELATIVE HUMIDITY (PERCENT)
 HIGHEST    96           100 AM
 LOWEST     27           200 PM
 AVERAGE    62

..........................................................


THE BROWNSVILLE CLIMATE NORMALS FOR TODAY
                         NORMAL    RECORD    YEAR
 MAXIMUM TEMPERATURE (F)   72        88      1983
 MINIMUM TEMPERATURE (F)   53        31      1898


SUNRISE AND SUNSET
DECEMBER 11 2017......SUNRISE   707 AM CST   SUNSET   540 PM CST
DECEMBER 12 2017......SUNRISE   707 AM CST   SUNSET   540 PM CST


-  INDICATES NEGATIVE NUMBERS.
R  INDICATES RECORD WAS SET OR TIED.
MM INDICATES DATA IS MISSING.
T  INDICATES TRACE AMOUNT.




$$
