000
CDUS44 KBRO 102229
CLIBRO


CLIMATE REPORT
NATIONAL WEATHER SERVICE BROWNSVILLE TX
428 PM CST SAT DEC 10 2016


...................................

...THE BROWNSVILLE CLIMATE SUMMARY FOR DECEMBER 10 2016...
VALID TODAY AS OF 0400 PM LOCAL TIME.

CLIMATE NORMAL PERIOD 1981 TO 2010
CLIMATE RECORD PERIOD 1878 TO 2016


WEATHER ITEM   OBSERVED TIME   RECORD YEAR NORMAL DEPARTURE LAST
                VALUE   (LST)  VALUE       VALUE  FROM      YEAR
                                                  NORMAL
..................................................................
TEMPERATURE (F)
 TODAY
  MAXIMUM         64   1219 PM  85    2004  73     -9       83
                                      1993
                                      1992
  MINIMUM         46    122 AM  31    1978  53     -7       58
                                      1898
  AVERAGE         55                        63     -8       71

PRECIPITATION (IN)
  TODAY            0.00          0.81 1941   0.04  -0.04     0.00
  MONTH TO DATE    1.41                      0.42   0.99     0.06
  SINCE DEC 1      1.41                      0.42   0.99     0.06
  SINCE JAN 1     22.55                     26.71  -4.16    46.76

SNOWFALL (IN)
  TODAY            0.0           0.0  2001   0.0
  MONTH TO DATE    0.0                       0.0
  SINCE DEC 1      0.0                       0.0
  SINCE JUL 1      0.0                       0.0

DEGREE DAYS
 HEATING
  TODAY           10                         5      5        0
  MONTH TO DATE   47                        42      5        6
  SINCE DEC 1     47                        42      5        6
  SINCE JUL 1     55                        96    -41       28

 COOLING
  TODAY            0                         3     -3        6
  MONTH TO DATE   31                        32     -1       21
  SINCE DEC 1     31                        32     -1       21
  SINCE JAN 1   4498                      3977    521     3696
..................................................................


WIND (MPH)
  HIGHEST WIND SPEED    16   HIGHEST WIND DIRECTION    NW (320)
  HIGHEST GUST SPEED    22   HIGHEST GUST DIRECTION    NW (320)
  AVERAGE WIND SPEED    10.1


SKY COVER
  POSSIBLE SUNSHINE  MM
  AVERAGE SKY COVER 1.0


WEATHER CONDITIONS
 THE FOLLOWING WEATHER WAS RECORDED TODAY.
  NO SIGNIFICANT WEATHER WAS OBSERVED.


RELATIVE HUMIDITY (PERCENT)
 HIGHEST    72           400 PM
 LOWEST     60          1200 AM
 AVERAGE    66

..........................................................


THE BROWNSVILLE CLIMATE NORMALS FOR TOMORROW
                         NORMAL    RECORD    YEAR
 MAXIMUM TEMPERATURE (F)   72        88      1983
 MINIMUM TEMPERATURE (F)   53        31      1898


SUNRISE AND SUNSET
DECEMBER 10 2016......SUNRISE   706 AM CST   SUNSET   539 PM CST
DECEMBER 11 2016......SUNRISE   707 AM CST   SUNSET   540 PM CST


-  INDICATES NEGATIVE NUMBERS.
R  INDICATES RECORD WAS SET OR TIED.
MM INDICATES DATA IS MISSING.
T  INDICATES TRACE AMOUNT.




$$
