000
CDUS44 KBRO 240628
CLIBRO


CLIMATE REPORT
NATIONAL WEATHER SERVICE BROWNSVILLE TX
126 AM CDT TUE MAY 24 2016


...................................

...THE BROWNSVILLE CLIMATE SUMMARY FOR MAY 23 2016...

CLIMATE NORMAL PERIOD 1981 TO 2010
CLIMATE RECORD PERIOD 1878 TO 2016


WEATHER ITEM   OBSERVED TIME   RECORD YEAR NORMAL DEPARTURE LAST
                VALUE   (LST)  VALUE       VALUE  FROM      YEAR
                                                  NORMAL
..................................................................
TEMPERATURE (F)
 YESTERDAY
  MAXIMUM         88   1041 AM  95    2011  90     -2       90
                                      1988
                                      1916
  MINIMUM         77    426 AM  58    1883  74      3       79
  AVERAGE         83                        82      1       85

PRECIPITATION (IN)
  YESTERDAY        0.00          1.19 1990   0.09  -0.09     0.00
  MONTH TO DATE    1.58                      1.91  -0.33     0.43
  SINCE MAR 1      7.51                      4.68   2.83     6.88
  SINCE JAN 1      9.39                      7.03   2.36    11.20

DEGREE DAYS
 HEATING
  YESTERDAY        0                         0      0        0
  MONTH TO DATE    0                         0      0        0
  SINCE MAR 1     14                        51    -37       67
  SINCE JUL 1    374                       554   -180      690

 COOLING
  YESTERDAY       18                        17      1       20
  MONTH TO DATE  331                       338     -7      376
  SINCE MAR 1    899                       814     85      873
  SINCE JAN 1   1007                       955     52      930
..................................................................


WIND (MPH)
  HIGHEST WIND SPEED    21   HIGHEST WIND DIRECTION    SE (130)
  HIGHEST GUST SPEED    25   HIGHEST GUST DIRECTION    SE (130)
  AVERAGE WIND SPEED    10.9


SKY COVER
  POSSIBLE SUNSHINE  MM
  AVERAGE SKY COVER 0.9


WEATHER CONDITIONS
 THE FOLLOWING WEATHER WAS RECORDED YESTERDAY.
  NO SIGNIFICANT WEATHER WAS OBSERVED.


RELATIVE HUMIDITY (PERCENT)
 HIGHEST    97          1200 AM
 LOWEST     70           100 PM
 AVERAGE    84

..........................................................


THE BROWNSVILLE CLIMATE NORMALS FOR TODAY
                         NORMAL    RECORD    YEAR
 MAXIMUM TEMPERATURE (F)   90        96      2011
                                             1919
 MINIMUM TEMPERATURE (F)   74        57      1913


SUNRISE AND SUNSET
MAY 24 2016...........SUNRISE   640 AM CDT   SUNSET   814 PM CDT
MAY 25 2016...........SUNRISE   640 AM CDT   SUNSET   814 PM CDT


-  INDICATES NEGATIVE NUMBERS.
R  INDICATES RECORD WAS SET OR TIED.
MM INDICATES DATA IS MISSING.
T  INDICATES TRACE AMOUNT.

$$
