000
CDUS44 KBRO 032132
CLIBRO


CLIMATE REPORT
NATIONAL WEATHER SERVICE BROWNSVILLE TX
432 PM CDT TUE MAY 3 2016


...................................

...THE BROWNSVILLE CLIMATE SUMMARY FOR MAY 3 2016...
VALID TODAY AS OF 0400 PM LOCAL TIME.

CLIMATE NORMAL PERIOD 1981 TO 2010
CLIMATE RECORD PERIOD 1878 TO 2016


WEATHER ITEM   OBSERVED TIME   RECORD YEAR NORMAL DEPARTURE LAST
                VALUE   (LST)  VALUE       VALUE  FROM      YEAR
                                                  NORMAL
..................................................................
TEMPERATURE (F)
 TODAY
  MAXIMUM         73    114 PM  98    1984  86    -13       84
  MINIMUM         65    806 AM  50    1893  70     -5       67
  AVERAGE         69                        78     -9       76

PRECIPITATION (IN)
  TODAY            0.00          3.48 1886   0.06  -0.06      T
  MONTH TO DATE    0.05                      0.18  -0.13      T
  SINCE MAR 1      5.98                      2.95   3.03     6.45
  SINCE JAN 1      7.86                      5.30   2.56    10.77

SNOWFALL (IN)
  TODAY            0.0           0.0  2002   0.0
                                      2001
  MONTH TO DATE    0.0                       0.0
  SINCE MAR 1      0.0                       0.0
  SINCE JUL 1      0.0                       0.0

DEGREE DAYS
 HEATING
  TODAY            0                         0      0        0
  MONTH TO DATE    0                         0      0        0
  SINCE MAR 1     14                        51    -37       67
  SINCE JUL 1    374                       554   -180      690

 COOLING
  TODAY            4                        13     -9       11
  MONTH TO DATE   32                        39     -7       25
  SINCE MAR 1    600                       515     85      522
  SINCE JAN 1    708                       656     52      579
..................................................................


WIND (MPH)
  HIGHEST WIND SPEED    16   HIGHEST WIND DIRECTION    NW (330)
  HIGHEST GUST SPEED    22   HIGHEST GUST DIRECTION    NW (330)
  AVERAGE WIND SPEED    10.6


SKY COVER
  POSSIBLE SUNSHINE  MM
  AVERAGE SKY COVER 1.0


WEATHER CONDITIONS
 THE FOLLOWING WEATHER WAS RECORDED TODAY.
  NO SIGNIFICANT WEATHER WAS OBSERVED.


RELATIVE HUMIDITY (PERCENT)
 HIGHEST    73           300 AM
 LOWEST     66           100 AM
 AVERAGE    70

..........................................................


THE BROWNSVILLE CLIMATE NORMALS FOR TOMORROW
                         NORMAL    RECORD    YEAR
 MAXIMUM TEMPERATURE (F)   86        99      1999
 MINIMUM TEMPERATURE (F)   70        51      2013


SUNRISE AND SUNSET
MAY  3 2016...........SUNRISE   651 AM CDT   SUNSET   802 PM CDT
MAY  4 2016...........SUNRISE   650 AM CDT   SUNSET   803 PM CDT


-  INDICATES NEGATIVE NUMBERS.
R  INDICATES RECORD WAS SET OR TIED.
MM INDICATES DATA IS MISSING.
T  INDICATES TRACE AMOUNT.




$$
