000
CDUS44 KBRO 170728
CLIBRO


CLIMATE REPORT
NATIONAL WEATHER SERVICE BROWNSVILLE TX
127 AM CST SAT FEB 17 2018


...................................

...THE BROWNSVILLE CLIMATE SUMMARY FOR FEBRUARY 16 2018...

CLIMATE NORMAL PERIOD 1981 TO 2010
CLIMATE RECORD PERIOD 1878 TO 2018


WEATHER ITEM   OBSERVED TIME   RECORD YEAR NORMAL DEPARTURE LAST
                VALUE   (LST)  VALUE       VALUE  FROM      YEAR
                                                  NORMAL
..................................................................
TEMPERATURE (F)
 YESTERDAY
  MAXIMUM         86    141 PM  94    1982  74     12       73
  MINIMUM         70    532 AM  22    1895  55     15       49
  AVERAGE         78                        64     14       61

PRECIPITATION (IN)
  YESTERDAY        0.00          4.22 1957   0.04  -0.04     0.00
  MONTH TO DATE    1.34                      0.71   0.63     1.21
  SINCE DEC 1      3.25                      3.13   0.12     3.06
  SINCE JAN 1      2.10                      1.98   0.12     1.39

SNOWFALL (IN)
  YESTERDAY        0.0           0.0  2002   0.0
                                      2001
                                      2000
  MONTH TO DATE    0.0                       0.0
  SINCE DEC 1      0.3                       0.0
  SINCE JUL 1      0.3                       0.0

DEGREE DAYS
 HEATING
  YESTERDAY        0                         4     -4        4
  MONTH TO DATE   53                        71    -18        9
  SINCE DEC 1    465                       416     49      191
  SINCE JUL 1    481                       470     11      199

 COOLING
  YESTERDAY       13                         3     10        0
  MONTH TO DATE   78                        43     35      127
  SINCE DEC 1    228                       182     46      444
  SINCE JAN 1    121                       102     19      268
..................................................................


WIND (MPH)
  HIGHEST WIND SPEED    25   HIGHEST WIND DIRECTION     S (170)
  HIGHEST GUST SPEED    30   HIGHEST GUST DIRECTION     S (160)
  AVERAGE WIND SPEED    16.0


SKY COVER
  POSSIBLE SUNSHINE  MM
  AVERAGE SKY COVER 0.7


WEATHER CONDITIONS
 THE FOLLOWING WEATHER WAS RECORDED YESTERDAY.
  FOG


RELATIVE HUMIDITY (PERCENT)
 HIGHEST   100          1200 AM
 LOWEST     61           200 PM
 AVERAGE    81

..........................................................


THE BROWNSVILLE CLIMATE NORMALS FOR TODAY
                         NORMAL    RECORD    YEAR
 MAXIMUM TEMPERATURE (F)   74        88      1898
 MINIMUM TEMPERATURE (F)   55        22      1895


SUNRISE AND SUNSET
FEBRUARY 17 2018......SUNRISE   703 AM CST   SUNSET   624 PM CST
FEBRUARY 18 2018......SUNRISE   703 AM CST   SUNSET   625 PM CST


-  INDICATES NEGATIVE NUMBERS.
R  INDICATES RECORD WAS SET OR TIED.
MM INDICATES DATA IS MISSING.
T  INDICATES TRACE AMOUNT.




$$
