000
CDAK49 PAFG 220039
CLIBRW

CLIMATE REPORT
NATIONAL WEATHER SERVICE FAIRBANKS AK
439 PM AKDT FRI JUL 21 2017


...................................

...THE BARROW AK CLIMATE SUMMARY FOR JULY 21 2017...
VALID TODAY AS OF 0400 PM LOCAL TIME.

CLIMATE NORMAL PERIOD 1981 TO 2010
CLIMATE RECORD PERIOD 1920 TO 2017


WEATHER ITEM   OBSERVED TIME   RECORD YEAR NORMAL DEPARTURE LAST
                VALUE   (LST)  VALUE       VALUE  FROM      YEAR
                                                  NORMAL
..................................................................
TEMPERATURE (F)
 TODAY
  MAXIMUM         51    259 PM  64    2013  47      4       50
  MINIMUM         36    814 AM  26    1956  35      1       34
                                      1931
  AVERAGE         44                        41      3       42

PRECIPITATION (IN)
  TODAY            0.00          1.28 1987   0.03  -0.03     0.00
  MONTH TO DATE    0.71                      0.63   0.08     0.14
  SINCE JUN 1      0.97                      0.95   0.02     0.83
  SINCE JAN 1      3.08                      1.65   1.43     4.18

SNOWFALL (IN)
  TODAY            0.0           1.4  1961   0.0    0.0      0.0
  MONTH TO DATE    0.0                       0.1   -0.1       T
  SINCE JUN 1      0.5                       0.8   -0.3      1.9
  SINCE JUL 1      0.0                       0.1   -0.1       T
  SNOW DEPTH       0

DEGREE DAYS
 HEATING
  TODAY           21                        24     -3       23
  MONTH TO DATE  397                       507   -110      421
  SINCE JUN 1   1298                      1388    -90     1230
  SINCE JUL 1    397                       507   -110      421

 COOLING
  TODAY            0                         0      0        0
  MONTH TO DATE    0                         0      0        0
  SINCE JUN 1      0                         0      0        0
  SINCE JAN 1      0                         0      0        0
..................................................................


WIND (MPH)
  HIGHEST GUST SPEED    26   HIGHEST GUST DIRECTION    SE (140)


SKY COVER
  AVERAGE SKY COVER 1.0


WEATHER CONDITIONS
 THE FOLLOWING WEATHER WAS RECORDED TODAY.
  NO SIGNIFICANT WEATHER WAS OBSERVED.


RELATIVE HUMIDITY (PERCENT)
 HIGHEST    92
 LOWEST     63
 AVERAGE    78

..........................................................


THE BARROW AK CLIMATE NORMALS FOR TOMORROW
                         NORMAL    RECORD    YEAR
 MAXIMUM TEMPERATURE (F)   47        67      2000
 MINIMUM TEMPERATURE (F)   35        26      1924


SUNRISE AND SUNSET
JULY 21 2017..........SUN ABOVE VISIBLE HORIZON.
JULY 22 2017..........SUN ABOVE VISIBLE HORIZON.

-  INDICATES NEGATIVE NUMBERS.
R  INDICATES RECORD WAS SET OR TIED.
MM INDICATES DATA IS MISSING.
T  INDICATES TRACE AMOUNT.

&&

SNOW DEPTH IS MEASURED AT 3AM AKST/4AM AKDT.

----------------------------
AVAILABLE DAYLIGHT

AMOUNT OF DAYLIGHT TODAY  (HOUR:MIN)........24:00
GAIN/LOSS SINCE YESTERDAY (HOUR:MIN:SEC)....+0:00:00

$$
JUL 17
