000
CDAK49 PAFG 240944
CLIBRW

CLIMATE REPORT
NATIONAL WEATHER SERVICE FAIRBANKS AK
1244 AM AKST FRI NOV 24 2017


...................................

...THE BARROW AK CLIMATE SUMMARY FOR NOVEMBER 23 2017...

CLIMATE NORMAL PERIOD 1981 TO 2010
CLIMATE RECORD PERIOD 1920 TO 2017


WEATHER ITEM   OBSERVED TIME   RECORD YEAR NORMAL DEPARTURE LAST
                VALUE   (LST)  VALUE       VALUE  FROM      YEAR
                                                  NORMAL
..................................................................
TEMPERATURE (F)
 YESTERDAY
  MAXIMUM         25   1153 PM  29    1952   3     22       11
  MINIMUM         15    502 AM -38    1992  -8     23        4
  AVERAGE         20                        -2     22        8

PRECIPITATION (IN)
  YESTERDAY        T             0.08 1951   0.01  -0.01      T
  MONTH TO DATE    0.94                      0.17   0.77     0.35
  SINCE SEP 1      2.31                      1.30   1.01     1.40
  SINCE JAN 1      7.98                      4.35   3.63     7.05

SNOWFALL (IN)
  YESTERDAY       MM             1.4  1951   0.1   MM         T
  MONTH TO DATE    6.9                       4.6    2.3      4.8
  SINCE SEP 1     14.0                      18.1   -4.1      9.8
  SINCE JUL 1     14.8                      19.2   -4.4     11.6
  SNOW DEPTH      MM

DEGREE DAYS
 HEATING
  YESTERDAY       45                        67    -22       57
  MONTH TO DATE  925                      1448   -523     1093
  SINCE SEP 1   3082                      3916   -834     3076
  SINCE JUL 1   4425                      5471  -1046     4505

 COOLING
  YESTERDAY        0                         0      0        0
  MONTH TO DATE    0                         0      0        0
  SINCE SEP 1      0                         0      0        0
  SINCE JAN 1      0                         0      0        0
..................................................................


WIND (MPH)
  HIGHEST GUST SPEED    24   HIGHEST GUST DIRECTION    NE (50)


SKY COVER
  AVERAGE SKY COVER 1.0


WEATHER CONDITIONS
 THE FOLLOWING WEATHER WAS RECORDED YESTERDAY.
  LIGHT SNOW
  FOG


RELATIVE HUMIDITY (PERCENT)
 HIGHEST    96
 LOWEST     84
 AVERAGE    90

..........................................................


THE BARROW AK CLIMATE NORMALS FOR TODAY
                         NORMAL    RECORD    YEAR
 MAXIMUM TEMPERATURE (F)    3        30      1952
 MINIMUM TEMPERATURE (F)   -8       -36      1991


SUNRISE AND SUNSET
NOVEMBER 24 2017......SUN BELOW VISIBLE HORIZON.
NOVEMBER 25 2017......SUN BELOW VISIBLE HORIZON.

-  INDICATES NEGATIVE NUMBERS.
R  INDICATES RECORD WAS SET OR TIED.
MM INDICATES DATA IS MISSING.
T  INDICATES TRACE AMOUNT.

&&

SNOW DEPTH IS MEASURED AT 3AM AKST/4AM AKDT.

----------------------------
AVAILABLE DAYLIGHT

AMOUNT OF DAYLIGHT TODAY  (HOUR:MIN)........0:00
GAIN/LOSS SINCE YESTERDAY (HOUR:MIN:SEC)....+0:00:00

$$
SDB NOV 17
