683
CDAK49 PAFG 080940
CLIBRW

CLIMATE REPORT
NATIONAL WEATHER SERVICE FAIRBANKS AK
1240 AM AKST THU DEC 8 2016


...................................

...THE BARROW AK CLIMATE SUMMARY FOR DECEMBER 7 2016...

CLIMATE NORMAL PERIOD 1981 TO 2010
CLIMATE RECORD PERIOD 1920 TO 2016


WEATHER ITEM   OBSERVED TIME   RECORD YEAR NORMAL DEPARTURE LAST
                VALUE   (LST)  VALUE       VALUE  FROM      YEAR
                                                  NORMAL
..................................................................
TEMPERATURE (F)
 YESTERDAY
  MAXIMUM        -13    446 PM  30    2013   0    -13      -13
                                      1972
  MINIMUM        -22    751 AM -36    1964 -12    -10      -22
  AVERAGE        -17                        -6    -11      -17

PRECIPITATION (IN)
  YESTERDAY        0.00          0.24 2013   0.00   0.00      T
  MONTH TO DATE    T                         0.03  -0.03      T
  SINCE DEC 1      T                         0.03  -0.03      T
  SINCE JAN 1      7.13                      4.42   2.71     5.26

SNOWFALL (IN)
  YESTERDAY        0.0           3.0  2013   0.1   -0.1     MM
  MONTH TO DATE    T                         0.9   -0.9       T
  SINCE DEC 1      T                         0.9   -0.9       T
  SINCE JUL 1     13.0                      21.2   -8.2      3.5
  SNOW DEPTH       6

DEGREE DAYS
 HEATING
  YESTERDAY       82                        71     11       82
  MONTH TO DATE  523                       492     31      555
  SINCE DEC 1    523                       492     31      555
  SINCE JUL 1   5478                      6444   -966     5616

 COOLING
  YESTERDAY        0                         0      0        0
  MONTH TO DATE    0                         0      0        0
  SINCE DEC 1      0                         0      0        0
  SINCE JAN 1      0                         0      0        0
..................................................................


WIND (MPH)
  HIGHEST GUST SPEED    19   HIGHEST GUST DIRECTION    SE (140)


SKY COVER
  AVERAGE SKY COVER 0.4


WEATHER CONDITIONS
 THE FOLLOWING WEATHER WAS RECORDED YESTERDAY.
  SNOW
  FOG
  FOG W/VISIBILITY <= 1/4 MILE
  HAZE


RELATIVE HUMIDITY (PERCENT)
 HIGHEST    86
 LOWEST     69
 AVERAGE    78

..........................................................


THE BARROW AK CLIMATE NORMALS FOR TODAY
                         NORMAL    RECORD    YEAR
 MAXIMUM TEMPERATURE (F)    0        32      1932
 MINIMUM TEMPERATURE (F)  -12       -40      1975
                                             1924


SUNRISE AND SUNSET
DECEMBER 08 2016......SUN BELOW VISIBLE HORIZON.
DECEMBER 09 2016......SUN BELOW VISIBLE HORIZON.

-  INDICATES NEGATIVE NUMBERS.
R  INDICATES RECORD WAS SET OR TIED.
MM INDICATES DATA IS MISSING.
T  INDICATES TRACE AMOUNT.

&&

SNOW DEPTH IS MEASURED AT 3AM AKST/4AM AKDT.

----------------------------
AVAILABLE DAYLIGHT

AMOUNT OF DAYLIGHT TODAY  (HOUR:MIN)........0:00
GAIN/LOSS SINCE YESTERDAY (HOUR:MIN:SEC)....+0:00:00

$$
DEC 16
