121
CDAK49 PAFG 201152
CLIBRW

CLIMATE REPORT
NATIONAL WEATHER SERVICE FAIRBANKS AK
252 AM AKST FRI JAN 20 2017


...................................

...THE BARROW AK CLIMATE SUMMARY FOR JANUARY 19 2017...

CLIMATE NORMAL PERIOD 1981 TO 2010
CLIMATE RECORD PERIOD 1920 TO 2017


WEATHER ITEM   OBSERVED TIME   RECORD YEAR NORMAL DEPARTURE LAST
                VALUE   (LST)  VALUE       VALUE  FROM      YEAR
                                                  NORMAL
..................................................................
TEMPERATURE (F)
 YESTERDAY
  MAXIMUM        -19    237 AM  33    1922  -8    -11        1
  MINIMUM        -36    715 PM -52    1925 -20    -16      -12
  AVERAGE        -27                       -14    -13       -5

PRECIPITATION (IN)
  YESTERDAY        T             0.14 1961   0.00   0.00      T
  MONTH TO DATE    0.46                      0.08   0.38     0.28
  SINCE DEC 1      0.76                      0.22   0.54     0.29
  SINCE JAN 1      0.46                      0.08   0.38     0.28

SNOWFALL (IN)
  YESTERDAY        T             2.1  2007   0.1   -0.1       T
  MONTH TO DATE    4.2                       1.6    2.6      0.9
  SINCE DEC 1      8.4                       5.1    3.3      1.3
  SINCE JUL 1     21.5                      25.4   -3.9      4.8
  SNOW DEPTH       6

DEGREE DAYS
 HEATING
  YESTERDAY       92                        79     13       70
  MONTH TO DATE 1163                      1481   -318     1204
  SINCE DEC 1   3167                      3738   -571     3538
  SINCE JUL 1   8122                      9690  -1568     8599

 COOLING
  YESTERDAY        0                         0      0        0
  MONTH TO DATE    0                         0      0        0
  SINCE DEC 1      0                         0      0        0
  SINCE JAN 1      0                         0      0        0
..................................................................


WIND (MPH)
  HIGHEST GUST SPEED    10   HIGHEST GUST DIRECTION     S (190)


SKY COVER
  AVERAGE SKY COVER 0.5


WEATHER CONDITIONS
 THE FOLLOWING WEATHER WAS RECORDED YESTERDAY.
  LIGHT SNOW
  FOG
  HAZE


RELATIVE HUMIDITY (PERCENT)
 HIGHEST    70
 LOWEST     66
 AVERAGE    68

..........................................................


THE BARROW AK CLIMATE NORMALS FOR TODAY
                         NORMAL    RECORD    YEAR
 MAXIMUM TEMPERATURE (F)   -8        33      2008
 MINIMUM TEMPERATURE (F)  -20       -52      1925


SUNRISE AND SUNSET
JANUARY 20 2017.......SUN BELOW VISIBLE HORIZON.
JANUARY 21 2017.......SUN BELOW VISIBLE HORIZON.

-  INDICATES NEGATIVE NUMBERS.
R  INDICATES RECORD WAS SET OR TIED.
MM INDICATES DATA IS MISSING.
T  INDICATES TRACE AMOUNT.

&&

SNOW DEPTH IS MEASURED AT 3AM AKST/4AM AKDT.

----------------------------
AVAILABLE DAYLIGHT

AMOUNT OF DAYLIGHT TODAY  (HOUR:MIN)........0:00
GAIN/LOSS SINCE YESTERDAY (HOUR:MIN:SEC)....+0:00:00

$$
BJB JAN 17
