000
CDAK49 PABR 070919
CLIBRW

CLIMATE REPORT
NATIONAL WEATHER SERVICE BARROW, AK
119 AM AKDT TUE JUL 7 2015

...................................
...THE BARROW WSO AP CLIMATE SUMMARY FOR JULY 6 2015...

CLIMATE NORMAL PERIOD  1981 TO  2010
CLIMATE RECORD PERIOD  1915 TO  2015

WEATHER ITEM   OBSERVED TIME    RECORD YEAR NORMAL DEPARTURE LAST
               VALUE    (LST)   VALUE       VALUE  FROM      YEAR
                                                   NORMAL
...................................................................
TEMPERATURE
YESTERDAY
 MAXIMUM            62  1005 AM    67  2007     47      15     39
 MINIMUM            47  1159 PM    25  1922     35      12     32
 AVERAGE            55                          41      14     36

PRECIPITATION
(INCHES)
 YESTERDAY        0.00           0.53  1948   0.03   -0.03      T
 MONTH TO DATE    0.06                        0.15   -0.09   0.05
 SINCE JUN 1      0.90                        0.47    0.43   1.52
 SINCE JAN 1      2.86                        1.17    1.69   3.14

SNOWFALL
(INCHES)
 YESTERDAY         0.0            1.8  1931    0.0     0.0    0.0
 MONTH TO DATE     0.0                         0.0     0.0    0.0
 SINCE JUN 1       1.0                         0.7     0.3    0.9
 SINCE JUL 1       0.0                         0.0     0.0    0.0
 SNOW DEPTH (IN)     0                                          0

DEGREE DAYS
 HEATING
  YESTERDAY         10                          24     -14     29
  MONTH TO DATE     98                         147     -49    141
  SINCE JUN 1      840                        1027    -187   1074
  SINCE JUL 1       98                         147     -49    141

 COOLING
  YESTERDAY          0                           0       0      0
  MONTH TO DATE      0                           0       0      0
  SINCE JUN 1        0                           0       0      0
  SINCE JAN 1        0                           0       0      0
...................................................................

WIND (MPH)
 HIGHEST WIND SPEED    16     HIGHEST WIND DIRECTION     80
 HIGHEST GUST SPEED    20     HIGHEST GUST DIRECTION     90
 AVERAGE WIND SPEED  12.7

WEATHER CONDITIONS
 THE FOLLOWING WEATHER WAS RECORDED YESTERDAY.
  NO SIGNIFICANT WEATHER WAS OBSERVED.

RELATIVE HUMIDITY
 HIGHEST RH     MM PERCENT       MM
 LOWEST  RH     MM PERCENT       MM
 AVERAGE RH     MM PERCENT       MM
...................................................................

THE BARROW CLIMATE NORMALS FOR TODAY
                           NORMAL    RECORD   YEAR
 MAXIMUM TEMPERATURE (F)     47        73     2007
 MINIMUM TEMPERATURE (F)     35        26     1936

SUNRISE AND SUNSET
 JUL 7 2015..........SUNRISE  **.**      SUNSET **.**
 JUL 8 2015..........SUNRISE  **.**      SUNSET **.**

-  INDICATES NEGATIVE NUMBERS.
R  INDICATES RECORD HAS BEEN SET OR TIED.
MM INDICATES DATA IS MISSING.
T  INDICATES TRACE OF PRECIPITATION.

&&
-------------------------------------------------------------------

AMOUNT OF DAYLIGHT TODAY  (HOUR:MIN)........24 HOURS 00 MINUTES
GAIN/LOSS SINCE YESTERDAY (HOUR:MIN:SEC)....+0:00:00

$$
DZB JUL 15
