000
CDAK49 PABR 050903
CLIBRW

CLIMATE REPORT
NATIONAL WEATHER SERVICE BARROW, AK
103 AM AKDT THU MAY 5 2016

...................................
...THE BARROW WSO AP CLIMATE SUMMARY FOR MAY 4 2016...

CLIMATE NORMAL PERIOD  1981 TO  2010
CLIMATE RECORD PERIOD  1915 TO  2016

WEATHER ITEM   OBSERVED TIME    RECORD YEAR NORMAL DEPARTURE LAST
               VALUE    (LST)   VALUE       VALUE  FROM      YEAR
                                                   NORMAL
...................................................................
TEMPERATURE
YESTERDAY
 MAXIMUM            25  0139 AM    38  1943     20       5     21
 MINIMUM            20  1159 PM   -12  1984      9      11     16
 AVERAGE            23                          14       9     19

PRECIPITATION
(INCHES)
 YESTERDAY           T           0.04  1959   0.01   -0.01      T
 MONTH TO DATE       T                        0.02   -0.02      T
 SINCE MAR 1      0.11                        0.27   -0.16   0.74
 SINCE JAN 1      1.26                        0.54    0.72   1.31

SNOWFALL
(INCHES)
 YESTERDAY           T            0.8  2007    0.1    -0.1      T
 MONTH TO DATE       T                         0.4    -0.4    0.1
 SINCE MAR 1       2.2                         5.7    -3.5   10.7
 SINCE JUL 1      32.1                        34.7    -2.6   53.8
 SNOW DEPTH (IN)     4                                          7

DEGREE DAYS
 HEATING
  YESTERDAY         42                          51      -9     46
  MONTH TO DATE    157                         207     -50    190
  SINCE MAR 1     4025                        4506    -481   4279
  SINCE JUL 1    16186                       17354   -1168  16490

 COOLING
  YESTERDAY          0                           0       0      0
  MONTH TO DATE      0                           0       0      0
  SINCE MAR 1        0                           0       0      0
  SINCE JAN 1        0                           0       0      0
...................................................................

WIND (MPH)
 HIGHEST WIND SPEED    14     HIGHEST WIND DIRECTION     70
 HIGHEST GUST SPEED    16     HIGHEST GUST DIRECTION     60
 AVERAGE WIND SPEED  10.0

WEATHER CONDITIONS
 THE FOLLOWING WEATHER WAS RECORDED YESTERDAY.
  FOG
SNOW


...................................................................

THE BARROW CLIMATE NORMALS FOR TODAY
                           NORMAL    RECORD   YEAR
 MAXIMUM TEMPERATURE (F)     20        38     1923
 MINIMUM TEMPERATURE (F)      9       -14     1964

SUNRISE AND SUNSET
 MAY 5 2016..........SUNRISE  3:57 AM      SUNSET  1:00 AM
 MAY 6 2016..........SUNRISE  3:47 AM      SUNSET  1:11 AM

-  INDICATES NEGATIVE NUMBERS.
R  INDICATES RECORD HAS BEEN SET OR TIED.
MM INDICATES DATA IS MISSING.
T  INDICATES TRACE OF PRECIPITATION.

&&
-------------------------------------------------------------------

AMOUNT OF DAYLIGHT TODAY  (HOUR:MIN)........21 HOURS 3 MINUTES
GAIN/LOSS SINCE YESTERDAY (HOUR:MIN:SEC)....+0:17:44

$$
*** MAY 16
