000
CDAK49 PABR 030911
CLIBRW

CLIMATE REPORT
NATIONAL WEATHER SERVICE BARROW, AK
1211 AM AKST TUE MAR 3 2015

...................................
...THE BARROW WSO AP CLIMATE SUMMARY FOR MARCH 2 2015...

CLIMATE NORMAL PERIOD  1981 TO  2010
CLIMATE RECORD PERIOD  1915 TO  2015

WEATHER ITEM   OBSERVED TIME    RECORD YEAR NORMAL DEPARTURE LAST
               VALUE    (LST)   VALUE       VALUE  FROM      YEAR
                                                   NORMAL
...................................................................
TEMPERATURE
YESTERDAY
 MAXIMUM             2  1159 PM    30  1944     -8      10     13
 MINIMUM           -12  1206 AM   -52  1971    -21       9    -11
 AVERAGE            -5                         -14       9      1

PRECIPITATION
(INCHES)
 YESTERDAY        0.00           0.13  1962   0.01   -0.01      T
 MONTH TO DATE    0.00                        0.01   -0.01      T
 SINCE MAR 1      0.00                        0.01   -0.01   0.00
 SINCE JAN 1      0.57                        0.28    0.29   0.37

SNOWFALL
(INCHES)
 YESTERDAY         0.0            1.5  1962    0.1    -0.1      T
 MONTH TO DATE     0.0                         0.2    -0.2      T
 SINCE MAR 1       0.0                         0.2    -0.2    0.0
 SINCE JUL 1      43.1                        29.2    13.9   42.6
 SNOW DEPTH (IN)     5                                          8

DEGREE DAYS
 HEATING
  YESTERDAY         70                          79      -9     64
  MONTH TO DATE    150                         158      -8    112
  SINCE MAR 1      149                         158      -9    112
  SINCE JUL 1    12292                       13006    -714  11822

 COOLING
  YESTERDAY          0                           0       0      0
  MONTH TO DATE      0                           0       0      0
  SINCE MAR 1        0                           0       0      0
  SINCE JAN 1        0                           0       0      0
...................................................................

WIND (MPH)
 HIGHEST WIND SPEED    33     HIGHEST WIND DIRECTION    110
 HIGHEST GUST SPEED    38     HIGHEST GUST DIRECTION    110
 AVERAGE WIND SPEED  23.5

SKY COVER
  POSSIBLE SUNSHINE    MM          AVERAGE SKY COVER     MM

WEATHER CONDITIONS
 THE FOLLOWING WEATHER WAS RECORDED YESTERDAY.
 FOG
 BLOWING SNOW


RELATIVE HUMIDITY
 HIGHEST RH     95 PERCENT      1153 PM
 LOWEST  RH     70 PERCENT       353 AM
 AVERAGE RH     83 PERCENT
...................................................................

THE BARROW CLIMATE NORMALS FOR TODAY
                           NORMAL    RECORD   YEAR
 MAXIMUM TEMPERATURE (F)     -8        29     1996
 MINIMUM TEMPERATURE (F)    -21       -48     1961

SUNRISE AND SUNSET
 MAR 3 2015..........SUNRISE  8:50 AM      SUNSET  6:31 PM
 MAR 4 2015..........SUNRISE  8:45 AM      SUNSET  6:35 PM

-  INDICATES NEGATIVE NUMBERS.
R  INDICATES RECORD HAS BEEN SET OR TIED.
MM INDICATES DATA IS MISSING.
T  INDICATES TRACE OF PRECIPITATION.

&&
-------------------------------------------------------------------

AMOUNT OF DAYLIGHT TODAY  (HOUR:MIN)........9 HOURS 41 MINUTES
GAIN/LOSS SINCE YESTERDAY (HOUR:MIN:SEC)....+0:09:38

$$
JML MAR 15
