000
CDAK49 PAFG 280944
CLIBRW

CLIMATE REPORT
NATIONAL WEATHER SERVICE FAIRBANKS AK
144 AM AKDT TUE MAR 28 2017


...................................

...THE BARROW AK CLIMATE SUMMARY FOR MARCH 27 2017...

CLIMATE NORMAL PERIOD 1981 TO 2010
CLIMATE RECORD PERIOD 1920 TO 2017


WEATHER ITEM   OBSERVED TIME   RECORD YEAR NORMAL DEPARTURE LAST
                VALUE   (LST)  VALUE       VALUE  FROM      YEAR
                                                  NORMAL
..................................................................
TEMPERATURE (F)
 YESTERDAY
  MAXIMUM         -5    548 PM  20    1954  -3     -2       -3
  MINIMUM        -19    930 AM -44    1925 -17     -2      -17
  AVERAGE        -12                       -10     -2      -10

PRECIPITATION (IN)
  YESTERDAY        0.00          0.16 1932   0.01  -0.01     0.00
  MONTH TO DATE    0.30                      0.08   0.22     0.14
  SINCE MAR 1      0.30                      0.08   0.22     0.14
  SINCE JAN 1      1.17                      0.35   0.82     3.20

SNOWFALL (IN)
  YESTERDAY        0.0           3.2  1932   0.1   -0.1      0.0
  MONTH TO DATE    2.4                       1.8    0.6      0.2
  SINCE MAR 1      2.4                       1.8    0.6      0.2
  SINCE JUL 1     29.3                      30.8   -1.5      9.0
  SNOW DEPTH       9

DEGREE DAYS
 HEATING
  YESTERDAY       77                        75      2       75
  MONTH TO DATE 1940                      2108   -168     1702
  SINCE MAR 1   1940                      2108   -168     1702
  SINCE JUL 1  12902                     14965  -2063    13098

 COOLING
  YESTERDAY        0                         0      0        0
  MONTH TO DATE    0                         0      0        0
  SINCE MAR 1      0                         0      0        0
  SINCE JAN 1      0                         0      0        0
..................................................................


WIND (MPH)
  HIGHEST GUST SPEED    14   HIGHEST GUST DIRECTION     E (90)


SKY COVER
  AVERAGE SKY COVER 0.3


WEATHER CONDITIONS
 THE FOLLOWING WEATHER WAS RECORDED YESTERDAY.
  FOG
  FOG W/VISIBILITY <= 1/4 MILE
  HAZE


RELATIVE HUMIDITY (PERCENT)
 HIGHEST    89
 LOWEST     68
 AVERAGE    79

..........................................................


THE BARROW AK CLIMATE NORMALS FOR TODAY
                         NORMAL    RECORD    YEAR
 MAXIMUM TEMPERATURE (F)   -3        29      1954
 MINIMUM TEMPERATURE (F)  -16       -38      1938


SUNRISE AND SUNSET
MARCH 28 2017.........SUNRISE   744 AM AKDT  SUNSET   924 PM AKDT
MARCH 29 2017.........SUNRISE   738 AM AKDT  SUNSET   929 PM AKDT

-  INDICATES NEGATIVE NUMBERS.
R  INDICATES RECORD WAS SET OR TIED.
MM INDICATES DATA IS MISSING.
T  INDICATES TRACE AMOUNT.

&&

SNOW DEPTH IS MEASURED AT 3AM AKST/4AM AKDT.

----------------------------
AVAILABLE DAYLIGHT

AMOUNT OF DAYLIGHT TODAY  (HOUR:MIN)........13:41
GAIN/LOSS SINCE YESTERDAY (HOUR:MIN:SEC)....+0:09:27

$$
MAR 17
