000
CDAK49 PAFG 200045
CLIBRW

CLIMATE REPORT
NATIONAL WEATHER SERVICE FAIRBANKS AK
445 PM AKDT TUE SEP 19 2017


...................................

...THE BARROW AK CLIMATE SUMMARY FOR SEPTEMBER 19 2017...
VALID TODAY AS OF 0400 PM LOCAL TIME.

CLIMATE NORMAL PERIOD 1981 TO 2010
CLIMATE RECORD PERIOD 1920 TO 2017


WEATHER ITEM   OBSERVED TIME   RECORD YEAR NORMAL DEPARTURE LAST
                VALUE   (LST)  VALUE       VALUE  FROM      YEAR
                                                  NORMAL
..................................................................
TEMPERATURE (F)
 TODAY
  MAXIMUM         36    217 PM  62    1995  35      1       37
  MINIMUM         33    914 AM   6    1948  28      5       32
  AVERAGE         35                        31      4       35

PRECIPITATION (IN)
  TODAY            T             0.39 1973   0.02  -0.02     0.01
  MONTH TO DATE    0.50                      0.50   0.00     0.28
  SINCE SEP 1      0.50                      0.50   0.00     0.28
  SINCE JAN 1      6.17                      3.55   2.62     5.93

SNOWFALL (IN)
  TODAY            T             1.9  1996   0.2   -0.2      0.0
  MONTH TO DATE    T                         2.2   -2.2      1.3
  SINCE SEP 1      T                         2.2   -2.2      1.3
  SINCE JUL 1      0.8                       3.3   -2.5      3.1
  SNOW DEPTH       0

DEGREE DAYS
 HEATING
  TODAY           30                        34     -4       30
  MONTH TO DATE  538                       586    -48      580
  SINCE SEP 1    538                       586    -48      580
  SINCE JUL 1   1881                      2141   -260     2009

 COOLING
  TODAY            0                         0      0        0
  MONTH TO DATE    0                         0      0        0
  SINCE SEP 1      0                         0      0        0
  SINCE JAN 1      0                         0      0        0
..................................................................


WIND (MPH)
  HIGHEST GUST SPEED    26   HIGHEST GUST DIRECTION     N (350)


SKY COVER
  AVERAGE SKY COVER 0.9


WEATHER CONDITIONS
 THE FOLLOWING WEATHER WAS RECORDED TODAY.
  LIGHT RAIN
  LIGHT SNOW
  FOG


RELATIVE HUMIDITY (PERCENT)
 HIGHEST    96
 LOWEST     64
 AVERAGE    80

..........................................................


THE BARROW AK CLIMATE NORMALS FOR TOMORROW
                         NORMAL    RECORD    YEAR
 MAXIMUM TEMPERATURE (F)   34        47      1974
 MINIMUM TEMPERATURE (F)   27        10      1996
                                             1931


SUNRISE AND SUNSET
SEPTEMBER 19 2017.....SUNRISE   756 AM AKDT  SUNSET   844 PM AKDT
SEPTEMBER 20 2017.....SUNRISE   801 AM AKDT  SUNSET   839 PM AKDT

-  INDICATES NEGATIVE NUMBERS.
R  INDICATES RECORD WAS SET OR TIED.
MM INDICATES DATA IS MISSING.
T  INDICATES TRACE AMOUNT.

&&

SNOW DEPTH IS MEASURED AT 3AM AKST/4AM AKDT.

----------------------------
AVAILABLE DAYLIGHT

AMOUNT OF DAYLIGHT TODAY  (HOUR:MIN)........12:47
GAIN/LOSS SINCE YESTERDAY (HOUR:MIN:SEC)....-0:09:13

$$
SEP 17
