000
CDUS43 KGRR 280516
CLIBTL


CLIMATE REPORT
NATIONAL WEATHER SERVICE GRAND RAPIDS, MI
116 AM EDT SAT MAR 28 2015


...................................

...THE BATTLE CREEK MI CLIMATE SUMMARY FOR MARCH 27 2015...

CLIMATE NORMAL PERIOD 1981 TO 2010
CLIMATE RECORD PERIOD 1998 TO 2015


WEATHER ITEM   OBSERVED TIME   NORMAL DEPARTURE LAST
                VALUE   (LST)  VALUE  FROM      YEAR
                                      NORMAL
......................................................
TEMPERATURE (F)
 YESTERDAY
  MAXIMUM         31    444 PM  51    -20       46
  MINIMUM         18   1156 PM  29    -11       33
  AVERAGE         25            40    -15       40

PRECIPITATION (IN)
  YESTERDAY        0.00          0.07  -0.07     0.07
  MONTH TO DATE    0.23          1.60  -1.37     0.92
  SINCE MAR 1      0.23          1.60  -1.37     0.92
  SINCE JAN 1      1.24          4.60  -3.36     2.45

DEGREE DAYS
 HEATING
  YESTERDAY       40            25     15       25
  MONTH TO DATE  844           815     29     1068
  SINCE MAR 1    844           815     29     1068
  SINCE JUL 1   6049          5780    269     6522

 COOLING
  YESTERDAY        0             0      0        0
  MONTH TO DATE    0             0      0        0
  SINCE MAR 1      0             0      0        0
  SINCE JAN 1      0             0      0        0
......................................................


WIND (MPH)
  RESULTANT WIND SPEED  11   RESULTANT WIND DIRECTION   N (340)
  HIGHEST WIND SPEED    22   HIGHEST WIND DIRECTION    NW (330)
  HIGHEST GUST SPEED    27   HIGHEST GUST DIRECTION    NW (330)
  AVERAGE WIND SPEED    11.9


SKY COVER
  AVERAGE SKY COVER 0.3


WEATHER CONDITIONS
 THE FOLLOWING WEATHER WAS RECORDED YESTERDAY.
  NO SIGNIFICANT WEATHER WAS OBSERVED.


RELATIVE HUMIDITY (PERCENT)
 HIGHEST    71           400 AM
 LOWEST     27           500 PM
 AVERAGE    49

..........................................................


THE BATTLE CREEK MI CLIMATE NORMALS FOR TODAY
                         NORMAL
 MAXIMUM TEMPERATURE (F)   52
 MINIMUM TEMPERATURE (F)   29


SUNRISE AND SUNSET
MARCH 28 2015.........SUNRISE   731 AM EDT   SUNSET   802 PM EDT
MARCH 29 2015.........SUNRISE   729 AM EDT   SUNSET   803 PM EDT


-  INDICATES NEGATIVE NUMBERS.
R  INDICATES RECORD WAS SET OR TIED.
MM INDICATES DATA IS MISSING.
T  INDICATES TRACE AMOUNT.




$$
