000
CDUS43 KGRR 020519
CLIBTL


CLIMATE REPORT
NATIONAL WEATHER SERVICE GRAND RAPIDS, MI
118 AM EDT THU JUL 2 2015


...................................

...THE BATTLE CREEK MI CLIMATE SUMMARY FOR JULY 1 2015...

CLIMATE NORMAL PERIOD 1981 TO 2010
CLIMATE RECORD PERIOD 1998 TO 2015


WEATHER ITEM   OBSERVED TIME   NORMAL DEPARTURE LAST
                VALUE   (LST)  VALUE  FROM      YEAR
                                      NORMAL
......................................................
TEMPERATURE (F)
 YESTERDAY
  MAXIMUM         72    250 PM  83    -11       MM
  MINIMUM         56   1159 PM  59     -3       MM
  AVERAGE         64            71     -7       MM

PRECIPITATION (IN)
  YESTERDAY        0.00          0.11  -0.11     1.15
  MONTH TO DATE    0.00          0.11  -0.11     1.15
  SINCE JUN 1      8.57          3.34   5.23     6.72
  SINCE JAN 1     16.82         14.82   2.00    14.68

DEGREE DAYS
 HEATING
  YESTERDAY        1             1      0       MM
  MONTH TO DATE    1             1      0       MM
  SINCE JUN 1     24            58    -34       18
  SINCE JUL 1      1             1      0       MM

 COOLING
  YESTERDAY        0             6     -6       MM
  MONTH TO DATE    0             6     -6       MM
  SINCE JUN 1    140           132      8      176
  SINCE JAN 1    213           170     43      228
......................................................


WIND (MPH)
  RESULTANT WIND SPEED   7   RESULTANT WIND DIRECTION  NW (310)
  HIGHEST WIND SPEED    13   HIGHEST WIND DIRECTION    NW (330)
  HIGHEST GUST SPEED    18   HIGHEST GUST DIRECTION    NW (330)
  AVERAGE WIND SPEED     7.6


SKY COVER
  AVERAGE SKY COVER 0.5


WEATHER CONDITIONS
 THE FOLLOWING WEATHER WAS RECORDED YESTERDAY.
  FOG


RELATIVE HUMIDITY (PERCENT)
 HIGHEST    93           600 AM
 LOWEST     49           200 PM
 AVERAGE    71

..........................................................


THE BATTLE CREEK MI CLIMATE NORMALS FOR TODAY
                         NORMAL
 MAXIMUM TEMPERATURE (F)   83
 MINIMUM TEMPERATURE (F)   59


SUNRISE AND SUNSET
JULY  2 2015..........SUNRISE   609 AM EDT   SUNSET   921 PM EDT
JULY  3 2015..........SUNRISE   609 AM EDT   SUNSET   921 PM EDT


-  INDICATES NEGATIVE NUMBERS.
R  INDICATES RECORD WAS SET OR TIED.
MM INDICATES DATA IS MISSING.
T  INDICATES TRACE AMOUNT.




$$
