000
CDUS43 KGRR 220512
CLIBTL


CLIMATE REPORT
NATIONAL WEATHER SERVICE GRAND RAPIDS, MI
112 AM EDT WED OCT 22 2014


...................................

...THE BATTLE CREEK MI CLIMATE SUMMARY FOR OCTOBER 21 2014...

CLIMATE NORMAL PERIOD 1981 TO 2010
CLIMATE RECORD PERIOD 1998 TO 2014


WEATHER ITEM   OBSERVED TIME   NORMAL DEPARTURE LAST
                VALUE   (LST)  VALUE  FROM      YEAR
                                      NORMAL
......................................................
TEMPERATURE (F)
 YESTERDAY
  MAXIMUM         50    406 PM  59     -9       55
  MINIMUM         34   1159 PM  38     -4       40
  AVERAGE         42            48     -6       48

PRECIPITATION (IN)
  YESTERDAY        0.01          0.10  -0.09      T
  MONTH TO DATE    3.22          2.15   1.07     1.84
  SINCE SEP 1      5.59          5.80  -0.21     3.52
  SINCE JAN 1     25.53         27.34  -1.81    29.69

DEGREE DAYS
 HEATING
  YESTERDAY       23            16      7       17
  MONTH TO DATE  279           283     -4      187
  SINCE SEP 1    419           439    -20      323
  SINCE JUL 1    448           480    -32      361

 COOLING
  YESTERDAY        0             0      0        0
  MONTH TO DATE    0             2     -2       14
  SINCE SEP 1     56            57     -1       84
  SINCE JAN 1    593           575     18      689
......................................................


WIND (MPH)
  RESULTANT WIND SPEED   7   RESULTANT WIND DIRECTION   N (360)
  HIGHEST WIND SPEED    17   HIGHEST WIND DIRECTION     N (10)
  HIGHEST GUST SPEED    22   HIGHEST GUST DIRECTION     N (20)
  AVERAGE WIND SPEED     7.7


SKY COVER
  AVERAGE SKY COVER 0.8


WEATHER CONDITIONS
 THE FOLLOWING WEATHER WAS RECORDED YESTERDAY.
  LIGHT RAIN
  FOG


RELATIVE HUMIDITY (PERCENT)
 HIGHEST    93           900 AM
 LOWEST     61           400 PM
 AVERAGE    77

..........................................................


THE BATTLE CREEK MI CLIMATE NORMALS FOR TODAY
                         NORMAL
 MAXIMUM TEMPERATURE (F)   59
 MINIMUM TEMPERATURE (F)   38


SUNRISE AND SUNSET
OCTOBER 22 2014.......SUNRISE   802 AM EDT   SUNSET   648 PM EDT
OCTOBER 23 2014.......SUNRISE   803 AM EDT   SUNSET   647 PM EDT


-  INDICATES NEGATIVE NUMBERS.
R  INDICATES RECORD WAS SET OR TIED.
MM INDICATES DATA IS MISSING.
T  INDICATES TRACE AMOUNT.




$$
