000
CDUS43 KGRR 180532
CLIBTL


CLIMATE REPORT
NATIONAL WEATHER SERVICE GRAND RAPIDS, MI
1232 AM EST SAT NOV 18 2017


...................................

...THE BATTLE CREEK MI CLIMATE SUMMARY FOR NOVEMBER 17 2017...

CLIMATE NORMAL PERIOD 1981 TO 2010
CLIMATE RECORD PERIOD 1998 TO 2017


WEATHER ITEM   OBSERVED TIME   NORMAL DEPARTURE LAST
                VALUE   (LST)  VALUE  FROM      YEAR
                                      NORMAL
......................................................
TEMPERATURE (F)
 YESTERDAY
  MAXIMUM         44    859 PM  47     -3       68
  MINIMUM         30    413 AM  30      0       35
  AVERAGE         37            39     -2       52

PRECIPITATION (IN)
  YESTERDAY        0.62          0.09   0.53     0.00
  MONTH TO DATE    2.79          1.68   1.11     0.23
  SINCE SEP 1     14.33          8.47   5.86     5.44
  SINCE JAN 1     35.93         30.01   5.92    28.90

DEGREE DAYS
 HEATING
  YESTERDAY       28            26      2       13
  MONTH TO DATE  451           391     60      170
  SINCE SEP 1    841          1012   -171      504
  SINCE JUL 1    861          1053   -192      512

 COOLING
  YESTERDAY        0             0      0        0
  MONTH TO DATE    0             0      0        0
  SINCE SEP 1    148            60     88      111
  SINCE JAN 1    735           578    157      727
......................................................


WIND (MPH)
  RESULTANT WIND SPEED   9   RESULTANT WIND DIRECTION  SE (150)
  HIGHEST WIND SPEED    23   HIGHEST WIND DIRECTION     S (160)
  HIGHEST GUST SPEED    29   HIGHEST GUST DIRECTION     S (160)
  AVERAGE WIND SPEED    11.8


SKY COVER
  AVERAGE SKY COVER 0.6


WEATHER CONDITIONS
 THE FOLLOWING WEATHER WAS RECORDED YESTERDAY.
  THUNDERSTORM
  HEAVY RAIN
  RAIN
  LIGHT RAIN
  FOG


RELATIVE HUMIDITY (PERCENT)
 HIGHEST    85           400 AM
 LOWEST     65           800 PM
 AVERAGE    75

..........................................................


THE BATTLE CREEK MI CLIMATE NORMALS FOR TODAY
                         NORMAL
 MAXIMUM TEMPERATURE (F)   47
 MINIMUM TEMPERATURE (F)   30


SUNRISE AND SUNSET
NOVEMBER 18 2017......SUNRISE   736 AM EST   SUNSET   516 PM EST
NOVEMBER 19 2017......SUNRISE   737 AM EST   SUNSET   516 PM EST


-  INDICATES NEGATIVE NUMBERS.
R  INDICATES RECORD WAS SET OR TIED.
MM INDICATES DATA IS MISSING.
T  INDICATES TRACE AMOUNT.




$$
