322
CDUS43 KGRR 312125
CLIBTL


CLIMATE REPORT
NATIONAL WEATHER SERVICE GRAND RAPIDS, MI
524 PM EDT WED AUG 31 2016


...................................

...THE BATTLE CREEK MI CLIMATE SUMMARY FOR AUGUST 31 2016...
VALID TODAY AS OF 0500 PM LOCAL TIME.

CLIMATE NORMAL PERIOD 1981 TO 2010
CLIMATE RECORD PERIOD 1998 TO 2016


WEATHER ITEM   OBSERVED TIME   NORMAL DEPARTURE LAST
                VALUE   (LST)  VALUE  FROM      YEAR
                                      NORMAL
......................................................
TEMPERATURE (F)
 TODAY
  MAXIMUM         76    333 PM  79     -3       83
  MINIMUM         68    626 AM  56     12       59
  AVERAGE         72            67      5       71

PRECIPITATION (IN)
  TODAY            0.00          0.12  -0.12     0.00
  MONTH TO DATE    8.08          3.47   4.61     2.19
  SINCE JUN 1     13.62         10.06   3.56    14.97
  SINCE JAN 1     23.46         21.54   1.92    23.22

DEGREE DAYS
 HEATING
  TODAY            0             2     -2        0
  MONTH TO DATE    3            32    -29       15
  SINCE JUN 1     42            98    -56       45
  SINCE JUL 1      8            41    -33       22

 COOLING
  TODAY            7             4      3        6
  MONTH TO DATE  210           157     53      161
  SINCE JUN 1    565           480     85      505
  SINCE JAN 1    620           518    102      578
......................................................


WIND (MPH)
  RESULTANT WIND SPEED   5   RESULTANT WIND DIRECTION   N (0)
  HIGHEST WIND SPEED    17   HIGHEST WIND DIRECTION     N (20)
  HIGHEST GUST SPEED    21   HIGHEST GUST DIRECTION     N (360)
  AVERAGE WIND SPEED     5.8


SKY COVER
  AVERAGE SKY COVER 0.8


WEATHER CONDITIONS
 THE FOLLOWING WEATHER WAS RECORDED TODAY.
  FOG


RELATIVE HUMIDITY (PERCENT)
 HIGHEST   100          1200 AM
 LOWEST     60           400 PM
 AVERAGE    80

..........................................................


THE BATTLE CREEK MI CLIMATE NORMALS FOR TOMORROW
                         NORMAL
 MAXIMUM TEMPERATURE (F)   79
 MINIMUM TEMPERATURE (F)   55


SUNRISE AND SUNSET
AUGUST 31 2016........SUNRISE   706 AM EDT   SUNSET   816 PM EDT
SEPTEMBER  1 2016.....SUNRISE   707 AM EDT   SUNSET   814 PM EDT


-  INDICATES NEGATIVE NUMBERS.
R  INDICATES RECORD WAS SET OR TIED.
MM INDICATES DATA IS MISSING.
T  INDICATES TRACE AMOUNT.




$$
