000
CDUS43 KGRR 290516
CLIBTL


CLIMATE REPORT
NATIONAL WEATHER SERVICE GRAND RAPIDS, MI
114 AM EDT WED JUL 29 2015


...................................

...THE BATTLE CREEK MI CLIMATE SUMMARY FOR JULY 28 2015...

CLIMATE NORMAL PERIOD 1981 TO 2010
CLIMATE RECORD PERIOD 1998 TO 2015


WEATHER ITEM   OBSERVED TIME   NORMAL DEPARTURE LAST
                VALUE   (LST)  VALUE  FROM      YEAR
                                      NORMAL
......................................................
TEMPERATURE (F)
 YESTERDAY
  MAXIMUM         89    452 PM  82      7       70
  MINIMUM         64    553 AM  59      5       54
  AVERAGE         77            70      7       62

PRECIPITATION (IN)
  YESTERDAY        0.00          0.12  -0.12     0.00
  MONTH TO DATE    4.21          3.03   1.18     4.13
  SINCE JUN 1     12.78          6.26   6.52     9.70
  SINCE JAN 1     21.03         17.74   3.29    17.66

DEGREE DAYS
 HEATING
  YESTERDAY        0             0      0        3
  MONTH TO DATE    7             6      1       16
  SINCE JUN 1     30            63    -33       34
  SINCE JUL 1      7             6      1       16

 COOLING
  YESTERDAY       12             6      6        0
  MONTH TO DATE  171           180     -9      101
  SINCE JUN 1    311           306      5      277
  SINCE JAN 1    384           344     40      329
......................................................


WIND (MPH)
  RESULTANT WIND SPEED   3   RESULTANT WIND DIRECTION   S (160)
  HIGHEST WIND SPEED    13   HIGHEST WIND DIRECTION     S (170)
  HIGHEST GUST SPEED    15   HIGHEST GUST DIRECTION    SE (140)
  AVERAGE WIND SPEED     4.3


SKY COVER
  AVERAGE SKY COVER 0.0


WEATHER CONDITIONS
 THE FOLLOWING WEATHER WAS RECORDED YESTERDAY.
  NO SIGNIFICANT WEATHER WAS OBSERVED.


RELATIVE HUMIDITY (PERCENT)
 HIGHEST    93           300 AM
 LOWEST     43           200 PM
 AVERAGE    68

..........................................................


THE BATTLE CREEK MI CLIMATE NORMALS FOR TODAY
                         NORMAL
 MAXIMUM TEMPERATURE (F)   82
 MINIMUM TEMPERATURE (F)   59


SUNRISE AND SUNSET
JULY 29 2015..........SUNRISE   630 AM EDT   SUNSET   904 PM EDT
JULY 30 2015..........SUNRISE   631 AM EDT   SUNSET   903 PM EDT


-  INDICATES NEGATIVE NUMBERS.
R  INDICATES RECORD WAS SET OR TIED.
MM INDICATES DATA IS MISSING.
T  INDICATES TRACE AMOUNT.




$$
