000
CDUS43 KGRR 280518
CLIBTL


CLIMATE REPORT
NATIONAL WEATHER SERVICE GRAND RAPIDS, MI
118 AM EDT FRI AUG 28 2015


...................................

...THE BATTLE CREEK MI CLIMATE SUMMARY FOR AUGUST 27 2015...

CLIMATE NORMAL PERIOD 1981 TO 2010
CLIMATE RECORD PERIOD 1998 TO 2015


WEATHER ITEM   OBSERVED TIME   NORMAL DEPARTURE LAST
                VALUE   (LST)  VALUE  FROM      YEAR
                                      NORMAL
......................................................
TEMPERATURE (F)
 YESTERDAY
  MAXIMUM         70    516 PM  80    -10       78
  MINIMUM         50    642 AM  57     -7       61
  AVERAGE         60            68     -8       70

PRECIPITATION (IN)
  YESTERDAY        0.00          0.11  -0.11     0.00
  MONTH TO DATE    1.92          3.01  -1.09     2.05
  SINCE JUN 1     14.70          9.60   5.10    11.83
  SINCE JAN 1     22.95         21.08   1.87    19.79

DEGREE DAYS
 HEATING
  YESTERDAY        5             1      4        0
  MONTH TO DATE   15            27    -12       11
  SINCE JUN 1     45            99    -54       47
  SINCE JUL 1     22            42    -20       29

 COOLING
  YESTERDAY        0             4     -4        5
  MONTH TO DATE  146           144      2      173
  SINCE JUN 1    490           467     23      454
  SINCE JAN 1    563           505     58      506
......................................................


WIND (MPH)
  RESULTANT WIND SPEED   2   RESULTANT WIND DIRECTION  SE (120)
  HIGHEST WIND SPEED     8   HIGHEST WIND DIRECTION    SE (120)
  HIGHEST GUST SPEED    11   HIGHEST GUST DIRECTION    SE (120)
  AVERAGE WIND SPEED     2.3


SKY COVER
  AVERAGE SKY COVER 0.6


WEATHER CONDITIONS
 THE FOLLOWING WEATHER WAS RECORDED YESTERDAY.
  FOG
  FOG W/VISIBILITY <= 1/4 MILE


RELATIVE HUMIDITY (PERCENT)
 HIGHEST    96           300 AM
 LOWEST     57           200 PM
 AVERAGE    77

..........................................................


THE BATTLE CREEK MI CLIMATE NORMALS FOR TODAY
                         NORMAL
 MAXIMUM TEMPERATURE (F)   80
 MINIMUM TEMPERATURE (F)   56


SUNRISE AND SUNSET
AUGUST 28 2015........SUNRISE   702 AM EDT   SUNSET   822 PM EDT
AUGUST 29 2015........SUNRISE   703 AM EDT   SUNSET   820 PM EDT


-  INDICATES NEGATIVE NUMBERS.
R  INDICATES RECORD WAS SET OR TIED.
MM INDICATES DATA IS MISSING.
T  INDICATES TRACE AMOUNT.




$$
