000
CDUS43 KGRR 230528
CLIBTL


CLIMATE REPORT
NATIONAL WEATHER SERVICE GRAND RAPIDS, MI
1228 AM EST MON JAN 23 2017


...................................

...THE BATTLE CREEK MI CLIMATE SUMMARY FOR JANUARY 22 2017...

CLIMATE NORMAL PERIOD 1981 TO 2010
CLIMATE RECORD PERIOD 1998 TO 2017


WEATHER ITEM   OBSERVED TIME   NORMAL DEPARTURE LAST
                VALUE   (LST)  VALUE  FROM      YEAR
                                      NORMAL
......................................................
TEMPERATURE (F)
 YESTERDAY
  MAXIMUM         47   1221 AM  32     15       29
  MINIMUM         40    934 AM  15     25       17
  AVERAGE         44            23     21       23

PRECIPITATION (IN)
  YESTERDAY        0.00          0.04  -0.04      T
  MONTH TO DATE    2.68          1.28   1.40     0.76
  SINCE DEC 1      3.72          3.27   0.45     3.88
  SINCE JAN 1      2.68          1.28   1.40     0.76

DEGREE DAYS
 HEATING
  YESTERDAY       21            42    -21       42
  MONTH TO DATE  782           914   -132      895
  SINCE DEC 1   1950          2076   -126     1505
  SINCE JUL 1   2793          3514   -721     2555

 COOLING
  YESTERDAY        0             0      0        0
  MONTH TO DATE    0             0      0        0
  SINCE DEC 1      0             0      0        0
  SINCE JAN 1      0             0      0        0
......................................................


WIND (MPH)
  RESULTANT WIND SPEED   2   RESULTANT WIND DIRECTION   N (20)
  HIGHEST WIND SPEED     9   HIGHEST WIND DIRECTION    NE (30)
  HIGHEST GUST SPEED    12   HIGHEST GUST DIRECTION     N (360)
  AVERAGE WIND SPEED     3.7


SKY COVER
  AVERAGE SKY COVER 1.0


WEATHER CONDITIONS
 THE FOLLOWING WEATHER WAS RECORDED YESTERDAY.
  FOG
  FOG W/VISIBILITY <= 1/4 MILE


RELATIVE HUMIDITY (PERCENT)
 HIGHEST   100          1200 AM
 LOWEST     92           300 PM
 AVERAGE    96

..........................................................


THE BATTLE CREEK MI CLIMATE NORMALS FOR TODAY
                         NORMAL
 MAXIMUM TEMPERATURE (F)   32
 MINIMUM TEMPERATURE (F)   15


SUNRISE AND SUNSET
JANUARY 23 2017.......SUNRISE   802 AM EST   SUNSET   544 PM EST
JANUARY 24 2017.......SUNRISE   801 AM EST   SUNSET   545 PM EST


-  INDICATES NEGATIVE NUMBERS.
R  INDICATES RECORD WAS SET OR TIED.
MM INDICATES DATA IS MISSING.
T  INDICATES TRACE AMOUNT.




$$
