000
CDUS45 KMSO 300737
CLIBTM


CLIMATE REPORT
NATIONAL WEATHER SERVICE MISSOULA, MT
137 AM MDT WED JUL 30 2014


...................................

...THE BUTTE MT CLIMATE SUMMARY FOR JULY 29 2014...

CLIMATE NORMAL PERIOD 1981 TO 2010
CLIMATE RECORD PERIOD 1895 TO 2014


WEATHER ITEM   OBSERVED TIME   RECORD YEAR NORMAL DEPARTURE LAST
                VALUE   (LST)  VALUE       VALUE  FROM      YEAR
                                                  NORMAL
..................................................................
TEMPERATURE (F)
 YESTERDAY
  MAXIMUM         84   1214 PM  97    1934  83      1       80
  MINIMUM         48    553 AM  31    1959  46      2       46
  AVERAGE         66                        65      1       63

PRECIPITATION (IN)
  YESTERDAY        T             0.36 1975   0.05  -0.05     0.01
  MONTH TO DATE    0.69                      1.27  -0.58     0.65
  SINCE OCT 1      9.44                     10.33  -0.89     7.24
  SINCE JAN 1      8.40                      8.44  -0.04     5.61

SNOWFALL (IN)
  YESTERDAY       MM
  MONTH TO DATE   MM
  SINCE JAN 1     MM
  SINCE JUL 1     MM
  SNOW DEPTH      MM

DEGREE DAYS
 HEATING
  YESTERDAY        0                         2     -2        2
  MONTH TO DATE   35                        95    -60       13
  SINCE JUN 1    388                       382      6      256
  SINCE JUL 1     35                        95    -60       13

 COOLING
  YESTERDAY        1                         2     -1        0
  MONTH TO DATE   59                        45     14       68
  SINCE JUN 1     59                        52      7       81
  SINCE JAN 1     59                        52      7       81
..................................................................


WIND (MPH)
  HIGHEST WIND SPEED    26   HIGHEST WIND DIRECTION    NE (30)
  HIGHEST GUST SPEED    35   HIGHEST GUST DIRECTION    NE (40)
  AVERAGE WIND SPEED     6.6


SKY COVER
  POSSIBLE SUNSHINE  MM
  AVERAGE SKY COVER 0.2


WEATHER CONDITIONS
 THE FOLLOWING WEATHER WAS RECORDED YESTERDAY.
  THUNDERSTORM
  LIGHT RAIN


RELATIVE HUMIDITY (PERCENT)
 HIGHEST    71           400 AM
 LOWEST     23           500 PM
 AVERAGE    47

..........................................................


THE BUTTE MT CLIMATE NORMALS FOR TODAY
                         NORMAL    RECORD    YEAR
 MAXIMUM TEMPERATURE (F)   83        98      2000
 MINIMUM TEMPERATURE (F)   46        37      1995


SUNRISE AND SUNSET
JULY 30 2014..........SUNRISE   610 AM MDT   SUNSET   902 PM MDT
JULY 31 2014..........SUNRISE   611 AM MDT   SUNSET   901 PM MDT


-  INDICATES NEGATIVE NUMBERS.
R  INDICATES RECORD WAS SET OR TIED.
MM INDICATES DATA IS MISSING.
T  INDICATES TRACE AMOUNT.




$$
