000
CDUS45 KMSO 300739
CLIBTM


CLIMATE REPORT
NATIONAL WEATHER SERVICE MISSOULA, MT
138 AM MDT THU OCT 30 2014


...................................

...THE BUTTE MT CLIMATE SUMMARY FOR OCTOBER 29 2014...

CLIMATE NORMAL PERIOD 1981 TO 2010
CLIMATE RECORD PERIOD 1895 TO 2014


WEATHER ITEM   OBSERVED TIME   RECORD YEAR NORMAL DEPARTURE LAST
                VALUE   (LST)  VALUE       VALUE  FROM      YEAR
                                                  NORMAL
..................................................................
TEMPERATURE (F)
 YESTERDAY
  MAXIMUM         51    334 PM  71    1937  49      2       33
  MINIMUM         29   1153 PM  -9    1991  23      6        6
  AVERAGE         40                        36      4       20

PRECIPITATION (IN)
  YESTERDAY        T             0.24 1919   0.02  -0.02     0.00
  MONTH TO DATE    0.83                      0.74   0.09     0.61
  SINCE OCT 1      0.83                      0.74   0.09     0.61
  SINCE JAN 1     13.27                     11.62   1.65    10.89

SNOWFALL (IN)
  YESTERDAY       MM
  MONTH TO DATE   MM
  SINCE JAN 1     MM
  SINCE JUL 1     MM
  SNOW DEPTH      MM

DEGREE DAYS
 HEATING
  YESTERDAY       25                        29     -4       45
  MONTH TO DATE  551                       690   -139      797
  SINCE SEP 1    919                      1083   -164     1105
  SINCE JUL 1   1082                      1311   -229     1172

 COOLING
  YESTERDAY        0                         0      0        0
  MONTH TO DATE    0                         0      0        0
  SINCE SEP 1      1                         2     -1        8
  SINCE JAN 1     78                        81     -3      104
..................................................................


WIND (MPH)
  HIGHEST WIND SPEED    17   HIGHEST WIND DIRECTION     W (280)
  HIGHEST GUST SPEED    23   HIGHEST GUST DIRECTION     W (290)
  AVERAGE WIND SPEED     5.9


SKY COVER
  POSSIBLE SUNSHINE  MM
  AVERAGE SKY COVER 0.6


WEATHER CONDITIONS
 THE FOLLOWING WEATHER WAS RECORDED YESTERDAY.
  LIGHT RAIN


RELATIVE HUMIDITY (PERCENT)
 HIGHEST    92          1100 PM
 LOWEST     38           300 PM
 AVERAGE    65

..........................................................


THE BUTTE MT CLIMATE NORMALS FOR TODAY
                         NORMAL    RECORD    YEAR
 MAXIMUM TEMPERATURE (F)   49        69      1987
 MINIMUM TEMPERATURE (F)   23       -23      1991


SUNRISE AND SUNSET
OCTOBER 30 2014.......SUNRISE   808 AM MDT   SUNSET   619 PM MDT
OCTOBER 31 2014.......SUNRISE   809 AM MDT   SUNSET   617 PM MDT


-  INDICATES NEGATIVE NUMBERS.
R  INDICATES RECORD WAS SET OR TIED.
MM INDICATES DATA IS MISSING.
T  INDICATES TRACE AMOUNT.




$$
