000
CDUS45 KMSO 290738
CLIBTM


CLIMATE REPORT
NATIONAL WEATHER SERVICE MISSOULA, MT
137 AM MDT SUN MAR 29 2015


...................................

...THE BUTTE MT CLIMATE SUMMARY FOR MARCH 28 2015...

CLIMATE NORMAL PERIOD 1981 TO 2010
CLIMATE RECORD PERIOD 1895 TO 2015


WEATHER ITEM   OBSERVED TIME   RECORD YEAR NORMAL DEPARTURE LAST
                VALUE   (LST)  VALUE       VALUE  FROM      YEAR
                                                  NORMAL
..................................................................
TEMPERATURE (F)
 YESTERDAY
  MAXIMUM         58    825 AM  66    1986  47     11       46
  MINIMUM         30    603 AM -17    1975  23      7       27
  AVERAGE         44                        35      9       37

PRECIPITATION (IN)
  YESTERDAY        T             0.40 1909   0.03  -0.03     0.00
  MONTH TO DATE    0.41                      0.67  -0.26     0.80
  SINCE OCT 1      3.10                      3.46  -0.36     2.70
  SINCE JAN 1      0.71                      1.57  -0.86     1.66

SNOWFALL (IN)
  YESTERDAY       MM
  MONTH TO DATE   MM
  SINCE JAN 1     MM
  SINCE JUL 1     MM
  SNOW DEPTH      MM

DEGREE DAYS
 HEATING
  YESTERDAY       21                        30     -9       28
  MONTH TO DATE  787                       953   -166      971
  SINCE MAR 1    787                       953   -166      971
  SINCE JUL 1   6668                      7522   -854     7349

 COOLING
  YESTERDAY        0                         0      0        0
  MONTH TO DATE    0                         0      0        0
  SINCE MAR 1      0                         0      0        0
  SINCE JAN 1      0                         0      0        0
..................................................................


WIND (MPH)
  HIGHEST WIND SPEED    33   HIGHEST WIND DIRECTION    NW (310)
  HIGHEST GUST SPEED    47   HIGHEST GUST DIRECTION    NW (310)
  AVERAGE WIND SPEED    12.4


SKY COVER
  POSSIBLE SUNSHINE  MM
  AVERAGE SKY COVER 0.5


WEATHER CONDITIONS
 THE FOLLOWING WEATHER WAS RECORDED YESTERDAY.
  NO SIGNIFICANT WEATHER WAS OBSERVED.


RELATIVE HUMIDITY (PERCENT)
 HIGHEST    85           400 AM
 LOWEST     29           100 PM
 AVERAGE    57

..........................................................


THE BUTTE MT CLIMATE NORMALS FOR TODAY
                         NORMAL    RECORD    YEAR
 MAXIMUM TEMPERATURE (F)   47        68      1978
 MINIMUM TEMPERATURE (F)   24       -11      1987


SUNRISE AND SUNSET
MARCH 29 2015.........SUNRISE   716 AM MDT   SUNSET   754 PM MDT
MARCH 30 2015.........SUNRISE   714 AM MDT   SUNSET   756 PM MDT


-  INDICATES NEGATIVE NUMBERS.
R  INDICATES RECORD WAS SET OR TIED.
MM INDICATES DATA IS MISSING.
T  INDICATES TRACE AMOUNT.




$$
