000
CDUS45 KMSO 300738
CLIBTM


CLIMATE REPORT
NATIONAL WEATHER SERVICE MISSOULA, MT
137 AM MDT SAT APR 30 2016


...................................

...THE BUTTE MT CLIMATE SUMMARY FOR APRIL 29 2016...

CLIMATE NORMAL PERIOD 1981 TO 2010
CLIMATE RECORD PERIOD 1895 TO 2016


WEATHER ITEM   OBSERVED TIME   RECORD YEAR NORMAL DEPARTURE LAST
                VALUE   (LST)  VALUE       VALUE  FROM      YEAR
                                                  NORMAL
..................................................................
TEMPERATURE (F)
 YESTERDAY
  MAXIMUM         49    218 PM  81    1926  56     -7       70
  MINIMUM         31    504 AM  12    2005  29      2       34
  AVERAGE         40                        42     -2       52

PRECIPITATION (IN)
  YESTERDAY        0.04          0.69 1942   0.04   0.00      T
  MONTH TO DATE    1.16                      1.12   0.04     0.88
  SINCE OCT 1      4.82                      4.67   0.15     3.98
  SINCE JAN 1      2.08                      2.78  -0.70     1.59

SNOWFALL (IN)
  YESTERDAY       MM
  MONTH TO DATE   MM
  SINCE JAN 1     MM
  SINCE JUL 1     MM
  SNOW DEPTH      MM

DEGREE DAYS
 HEATING
  YESTERDAY       25                        23      2       13
  MONTH TO DATE  632                       759   -127      759
  SINCE MAR 1   1594                      1801   -207     1607
  SINCE JUL 1   7991                      8370   -379     7488

 COOLING
  YESTERDAY        0                         0      0        0
  MONTH TO DATE    0                         0      0        0
  SINCE MAR 1      0                         0      0        0
  SINCE JAN 1      0                         0      0        0
..................................................................


WIND (MPH)
  HIGHEST WIND SPEED    18   HIGHEST WIND DIRECTION     W (270)
  HIGHEST GUST SPEED    24   HIGHEST GUST DIRECTION     W (270)
  AVERAGE WIND SPEED     5.9


SKY COVER
  POSSIBLE SUNSHINE  MM
  AVERAGE SKY COVER 0.9


WEATHER CONDITIONS
 THE FOLLOWING WEATHER WAS RECORDED YESTERDAY.
  LIGHT RAIN
  FOG


RELATIVE HUMIDITY (PERCENT)
 HIGHEST    92           900 PM
 LOWEST     46           400 PM
 AVERAGE    69

..........................................................


THE BUTTE MT CLIMATE NORMALS FOR TODAY
                         NORMAL    RECORD    YEAR
 MAXIMUM TEMPERATURE (F)   56        79      1926
 MINIMUM TEMPERATURE (F)   29         9      1950


SUNRISE AND SUNSET
APRIL 30 2016.........SUNRISE   618 AM MDT   SUNSET   837 PM MDT
MAY  1 2016...........SUNRISE   616 AM MDT   SUNSET   839 PM MDT


-  INDICATES NEGATIVE NUMBERS.
R  INDICATES RECORD WAS SET OR TIED.
MM INDICATES DATA IS MISSING.
T  INDICATES TRACE AMOUNT.




$$
