000
CDUS45 KMSO 030738
CLIBTM


CLIMATE REPORT
NATIONAL WEATHER SERVICE MISSOULA, MT
137 AM MDT FRI JUL 3 2015


...................................

...THE BUTTE MT CLIMATE SUMMARY FOR JULY 2 2015...

CLIMATE NORMAL PERIOD 1981 TO 2010
CLIMATE RECORD PERIOD 1895 TO 2015


WEATHER ITEM   OBSERVED TIME   RECORD YEAR NORMAL DEPARTURE LAST
                VALUE   (LST)  VALUE       VALUE  FROM      YEAR
                                                  NORMAL
..................................................................
TEMPERATURE (F)
 YESTERDAY
  MAXIMUM         88    414 PM  95    2013  77     11       86
  MINIMUM         50    544 AM  29    1955  44      6       53
  AVERAGE         69                        60      9       70

PRECIPITATION (IN)
  YESTERDAY        0.00          0.66 1983   0.04  -0.04      T
  MONTH TO DATE    0.00                      0.09  -0.09      T
  SINCE OCT 1      6.67                      9.15  -2.48     8.75
  SINCE JAN 1      4.28                      7.26  -2.98     7.71

SNOWFALL (IN)
  YESTERDAY       MM
  MONTH TO DATE   MM
  SINCE JAN 1     MM
  SINCE JUL 1     MM
  SNOW DEPTH      MM

DEGREE DAYS
 HEATING
  YESTERDAY        0                         5     -5        0
  MONTH TO DATE    0                        11    -11        9
  SINCE JUN 1    148                       298   -150      362
  SINCE JUL 1      0                        11    -11        9

 COOLING
  YESTERDAY        4                         1      3        5
  MONTH TO DATE    8                         2      6        5
  SINCE JUN 1     54                         9     45        5
  SINCE JAN 1     54                         9     45        5
..................................................................


WIND (MPH)
  HIGHEST WIND SPEED    14   HIGHEST WIND DIRECTION    SE (120)
  HIGHEST GUST SPEED    18   HIGHEST GUST DIRECTION     N (10)
  AVERAGE WIND SPEED     5.2


SKY COVER
  POSSIBLE SUNSHINE  MM
  AVERAGE SKY COVER 0.0


WEATHER CONDITIONS
 THE FOLLOWING WEATHER WAS RECORDED YESTERDAY.
  FOG
  HAZE


RELATIVE HUMIDITY (PERCENT)
 HIGHEST    83           400 AM
 LOWEST     14           300 PM
 AVERAGE    49

..........................................................


THE BUTTE MT CLIMATE NORMALS FOR TODAY
                         NORMAL    RECORD    YEAR
 MAXIMUM TEMPERATURE (F)   77        92      1996
 MINIMUM TEMPERATURE (F)   44        30      1994


SUNRISE AND SUNSET
JULY  3 2015..........SUNRISE   544 AM MDT   SUNSET   924 PM MDT
JULY  4 2015..........SUNRISE   545 AM MDT   SUNSET   923 PM MDT


-  INDICATES NEGATIVE NUMBERS.
R  INDICATES RECORD WAS SET OR TIED.
MM INDICATES DATA IS MISSING.
T  INDICATES TRACE AMOUNT.




$$
