000
CDUS45 KMSO 282241
CLIBTM


CLIMATE REPORT
NATIONAL WEATHER SERVICE MISSOULA, MT
441 PM MDT SUN AUG 28 2016


...................................

...THE BUTTE MT CLIMATE SUMMARY FOR AUGUST 28 2016...
VALID TODAY AS OF 0400 PM LOCAL TIME.

CLIMATE NORMAL PERIOD 1981 TO 2010
CLIMATE RECORD PERIOD 1895 TO 2016


WEATHER ITEM   OBSERVED TIME   RECORD YEAR NORMAL DEPARTURE LAST
                VALUE   (LST)  VALUE       VALUE  FROM      YEAR
                                                  NORMAL
..................................................................
TEMPERATURE (F)
 TODAY
  MAXIMUM         76    243 PM  93    1934  76      0       83
  MINIMUM         46    628 AM  26    1960  41      5       43
  AVERAGE         61                        59      2       63

PRECIPITATION (IN)
  TODAY            0.00          1.07 1964   0.04  -0.04     0.00
  MONTH TO DATE    0.66                      1.23  -0.57     0.32
  SINCE OCT 1      8.80                     11.64  -2.84     8.85
  SINCE JAN 1      6.06                      9.75  -3.69     6.46

SNOWFALL (IN)
  TODAY           MM
  MONTH TO DATE   MM
  SINCE JAN 1     MM
  SINCE JUL 1     MM
  SNOW DEPTH      MM

DEGREE DAYS
 HEATING
  TODAY            4                         7     -3        2
  MONTH TO DATE  163                       106     57      115
  SINCE JUN 1    485                       493     -8      367
  SINCE JUL 1    296                       206     90      219

 COOLING
  TODAY            0                         0      0        0
  MONTH TO DATE    4                        24    -20       29
  SINCE JUN 1     51                        75    -24       96
  SINCE JAN 1     51                        75    -24       96
..................................................................


WIND (MPH)
  HIGHEST WIND SPEED    20   HIGHEST WIND DIRECTION    SW (220)
  HIGHEST GUST SPEED    32   HIGHEST GUST DIRECTION     W (280)
  AVERAGE WIND SPEED     4.9


SKY COVER
  POSSIBLE SUNSHINE  MM
  AVERAGE SKY COVER 0.2


WEATHER CONDITIONS
 THE FOLLOWING WEATHER WAS RECORDED TODAY.
  NO SIGNIFICANT WEATHER WAS OBSERVED.


RELATIVE HUMIDITY (PERCENT)
 HIGHEST    60           700 AM
 LOWEST     23           300 PM
 AVERAGE    42

..........................................................


THE BUTTE MT CLIMATE NORMALS FOR TOMORROW
                         NORMAL    RECORD    YEAR
 MAXIMUM TEMPERATURE (F)   76        91      2005
                                             1998
 MINIMUM TEMPERATURE (F)   41        27      1937


SUNRISE AND SUNSET
AUGUST 28 2016........SUNRISE   646 AM MDT   SUNSET   815 PM MDT
AUGUST 29 2016........SUNRISE   648 AM MDT   SUNSET   813 PM MDT


-  INDICATES NEGATIVE NUMBERS.
R  INDICATES RECORD WAS SET OR TIED.
MM INDICATES DATA IS MISSING.
T  INDICATES TRACE AMOUNT.




$$
