000
CDUS45 KMSO 250738
CLIBTM


CLIMATE REPORT
NATIONAL WEATHER SERVICE MISSOULA, MT
137 AM MDT WED MAY 25 2016


...................................

...THE BUTTE MT CLIMATE SUMMARY FOR MAY 24 2016...

CLIMATE NORMAL PERIOD 1981 TO 2010
CLIMATE RECORD PERIOD 1895 TO 2016


WEATHER ITEM   OBSERVED TIME   RECORD YEAR NORMAL DEPARTURE LAST
                VALUE   (LST)  VALUE       VALUE  FROM      YEAR
                                                  NORMAL
..................................................................
TEMPERATURE (F)
 YESTERDAY
  MAXIMUM         53    343 PM  84    1928  63    -10       60
  MINIMUM         36   1159 PM  20    1918  36      0       44
  AVERAGE         45                        50     -5       52

PRECIPITATION (IN)
  YESTERDAY        0.17          1.20 1953   0.08   0.09     0.02
  MONTH TO DATE    1.12                      1.47  -0.35     1.13
  SINCE OCT 1      5.94                      6.19  -0.25     5.11
  SINCE JAN 1      3.20                      4.30  -1.10     2.72

SNOWFALL (IN)
  YESTERDAY       MM
  MONTH TO DATE   MM
  SINCE JAN 1     MM
  SINCE JUL 1     MM
  SNOW DEPTH      MM

DEGREE DAYS
 HEATING
  YESTERDAY       20                        15      5       13
  MONTH TO DATE  436                       442     -6      446
  SINCE MAR 1   2054                      2264   -210     2070
  SINCE JUL 1   8451                      8833   -382     7951

 COOLING
  YESTERDAY        0                         0      0        0
  MONTH TO DATE    0                         0      0        0
  SINCE MAR 1      0                         0      0        0
  SINCE JAN 1      0                         0      0        0
..................................................................


WIND (MPH)
  HIGHEST WIND SPEED    15   HIGHEST WIND DIRECTION     W (290)
  HIGHEST GUST SPEED    20   HIGHEST GUST DIRECTION     W (290)
  AVERAGE WIND SPEED     4.0


SKY COVER
  POSSIBLE SUNSHINE  MM
  AVERAGE SKY COVER 0.7


WEATHER CONDITIONS
 THE FOLLOWING WEATHER WAS RECORDED YESTERDAY.
  LIGHT RAIN
  FOG


RELATIVE HUMIDITY (PERCENT)
 HIGHEST    92           100 AM
 LOWEST     50           400 PM
 AVERAGE    71

..........................................................


THE BUTTE MT CLIMATE NORMALS FOR TODAY
                         NORMAL    RECORD    YEAR
 MAXIMUM TEMPERATURE (F)   64        85      1934
 MINIMUM TEMPERATURE (F)   37        20      1950


SUNRISE AND SUNSET
MAY 25 2016...........SUNRISE   547 AM MDT   SUNSET   907 PM MDT
MAY 26 2016...........SUNRISE   547 AM MDT   SUNSET   908 PM MDT


-  INDICATES NEGATIVE NUMBERS.
R  INDICATES RECORD WAS SET OR TIED.
MM INDICATES DATA IS MISSING.
T  INDICATES TRACE AMOUNT.




$$
