000
CDUS44 KLIX 300702
CLIBTR


CLIMATE REPORT
NATIONAL WEATHER SERVICE NEW ORLEANS
201 AM CDT SAT AUG 30 2014


...................................

...THE BATON ROUGE  ASOS CLIMATE SUMMARY FOR AUGUST 29 2014...

CLIMATE NORMAL PERIOD 1981 TO 2010
CLIMATE RECORD PERIOD 1894 TO 2014


WEATHER ITEM   OBSERVED TIME   RECORD YEAR NORMAL DEPARTURE LAST
                VALUE   (LST)  VALUE       VALUE  FROM      YEAR
                                                  NORMAL
..................................................................
TEMPERATURE (F)
 YESTERDAY
  MAXIMUM         87   1129 AM 100    1998  92     -5       90
  MINIMUM         73    545 AM  59    1992  73      0       66
  AVERAGE         80                        82     -2       78

PRECIPITATION (IN)
  YESTERDAY        0.03          4.52 2012   0.17  -0.14     0.00
  MONTH TO DATE    4.09                      5.47  -1.38     3.36
  SINCE JUN 1     21.23                     16.84   4.39    14.48
  SINCE JAN 1     45.57                     41.36   4.21    52.66

SNOWFALL (IN)
  YESTERDAY        0.0
  MONTH TO DATE    0.0
  SINCE JUN 1      0.0
  SINCE JUL 1      0.0
  SNOW DEPTH       0

DEGREE DAYS
 HEATING
  YESTERDAY        0                         0      0        0
  MONTH TO DATE    0                         0      0        0
  SINCE JUN 1      0                         0      0        0
  SINCE JUL 1      0                         0      0        0

 COOLING
  YESTERDAY       15                        17     -2       13
  MONTH TO DATE  517                       520     -3      497
  SINCE JUN 1   1490                      1560    -70     1513
  SINCE JAN 1   1996                      2125   -129     1936
..................................................................


WIND (MPH)
  HIGHEST WIND SPEED    14   HIGHEST WIND DIRECTION     E (100)
  HIGHEST GUST SPEED    16   HIGHEST GUST DIRECTION     E (100)
  AVERAGE WIND SPEED     5.7


SKY COVER
  POSSIBLE SUNSHINE  MM
  AVERAGE SKY COVER 0.3


WEATHER CONDITIONS
 THE FOLLOWING WEATHER WAS RECORDED YESTERDAY.
  LIGHT RAIN
  FOG


RELATIVE HUMIDITY (PERCENT)
 HIGHEST    94           200 AM
 LOWEST     63          1100 AM
 AVERAGE    79

..........................................................


THE BATON ROUGE  ASOS CLIMATE NORMALS FOR TODAY
                         NORMAL    RECORD    YEAR
 MAXIMUM TEMPERATURE (F)   92       105      2000
 MINIMUM TEMPERATURE (F)   73        60      1968


SUNRISE AND SUNSET
AUGUST 30 2014........SUNRISE   640 AM CDT   SUNSET   730 PM CDT
AUGUST 31 2014........SUNRISE   641 AM CDT   SUNSET   729 PM CDT


-  INDICATES NEGATIVE NUMBERS.
R  INDICATES RECORD WAS SET OR TIED.
MM INDICATES DATA IS MISSING.
T  INDICATES TRACE AMOUNT.




$$
