000
CDUS44 KLIX 192122
CLIBTR


CLIMATE REPORT
NATIONAL WEATHER SERVICE NEW ORLEANS
421 PM CDT TUE SEP 19 2017


...................................

...THE BATON ROUGE  ASOS CLIMATE SUMMARY FOR SEPTEMBER 19 2017...
VALID TODAY AS OF 0400 PM LOCAL TIME.

CLIMATE NORMAL PERIOD 1981 TO 2010
CLIMATE RECORD PERIOD 1894 TO 2017


WEATHER ITEM   OBSERVED TIME   RECORD YEAR NORMAL DEPARTURE LAST
                VALUE   (LST)  VALUE       VALUE  FROM      YEAR
                                                  NORMAL
..................................................................
TEMPERATURE (F)
 TODAY
  MAXIMUM         91    156 PM  97    1904  88      3       93
  MINIMUM         74    614 AM  47    1901  68      6       74
  AVERAGE         83

PRECIPITATION (IN)
  TODAY            0.00          4.04 1898   0.14  -0.14     0.00
  MONTH TO DATE    0.04                      2.98  -2.94     1.90
  SINCE SEP 1      0.04                      2.98  -2.94     1.90
  SINCE JAN 1     55.43                     44.69  10.74    77.05

SNOWFALL (IN)
  TODAY            0.0
  MONTH TO DATE    0.0
  SINCE SEP 1      0.0
  SINCE JUL 1      0.0
  SNOW DEPTH       0

DEGREE DAYS
 HEATING
  TODAY            0                         0      0        0
  MONTH TO DATE    0                         0      0        0
  SINCE SEP 1      0                         0      0        0
  SINCE JUL 1      0                         0      0        0

 COOLING
  TODAY           18                        13      5       19
  MONTH TO DATE  231                       287    -56      344
  SINCE SEP 1    231                       287    -56      344
  SINCE JAN 1   2490                      2448     42     2620
..................................................................


WIND (MPH)
  HIGHEST WIND SPEED     9   HIGHEST WIND DIRECTION     W (280)
  HIGHEST GUST SPEED    13   HIGHEST GUST DIRECTION    SW (240)
  AVERAGE WIND SPEED     3.5


SKY COVER
  POSSIBLE SUNSHINE  MM
  AVERAGE SKY COVER 0.3


WEATHER CONDITIONS
 THE FOLLOWING WEATHER WAS RECORDED TODAY.
  FOG


RELATIVE HUMIDITY (PERCENT)
 HIGHEST   100           600 AM
 LOWEST     52           300 PM
 AVERAGE    76

..........................................................


THE BATON ROUGE  ASOS CLIMATE NORMALS FOR TOMORROW
                         NORMAL    RECORD    YEAR
 MAXIMUM TEMPERATURE (F)   88        98      2005
 MINIMUM TEMPERATURE (F)   67        49      1938


SUNRISE AND SUNSET
SEPTEMBER 19 2017.....SUNRISE   651 AM CDT   SUNSET   705 PM CDT
SEPTEMBER 20 2017.....SUNRISE   652 AM CDT   SUNSET   703 PM CDT


-  INDICATES NEGATIVE NUMBERS.
R  INDICATES RECORD WAS SET OR TIED.
MM INDICATES DATA IS MISSING.
T  INDICATES TRACE AMOUNT.




$$
