000
CDUS44 KLIX 070820
CLIBTR


CLIMATE REPORT
NATIONAL WEATHER SERVICE NEW ORLEANS
220 AM CST SUN FEB 7 2016


...................................

...THE BATON ROUGE  ASOS CLIMATE SUMMARY FOR FEBRUARY 6 2016...

CLIMATE NORMAL PERIOD 1981 TO 2010
CLIMATE RECORD PERIOD 1894 TO 2016


WEATHER ITEM   OBSERVED TIME   RECORD YEAR NORMAL DEPARTURE LAST
                VALUE   (LST)  VALUE       VALUE  FROM      YEAR
                                                  NORMAL
..................................................................
TEMPERATURE (F)
 YESTERDAY
  MAXIMUM         59    408 PM  81    1957  64     -5       60
                                      1914
  MINIMUM         30    439 AM  24    1984  43    -13       30
  AVERAGE         45                        53     -8       45

PRECIPITATION (IN)
  YESTERDAY        0.00          2.56 1976   0.18  -0.18     0.00
  MONTH TO DATE    1.85                      1.13   0.72     0.78
  SINCE DEC 1     13.91                     12.45   1.46    12.82
  SINCE JAN 1      7.58                      6.85   0.73     7.15

SNOWFALL (IN)
  YESTERDAY        0.0
  MONTH TO DATE    0.0
  SINCE DEC 1      0.0
  SINCE JUL 1      0.0
  SNOW DEPTH       0

DEGREE DAYS
 HEATING
  YESTERDAY       20                        12      8       20
  MONTH TO DATE   70                        75     -5      108
  SINCE DEC 1    686                       880   -194      885
  SINCE JUL 1    797                      1115   -318     1226

 COOLING
  YESTERDAY        0                         1     -1        0
  MONTH TO DATE    7                         4      3        0
  SINCE DEC 1     98                        39     59       15
  SINCE JAN 1     11                        17     -6        1
..................................................................


WIND (MPH)
  HIGHEST WIND SPEED     9   HIGHEST WIND DIRECTION    NE (40)
  HIGHEST GUST SPEED    12   HIGHEST GUST DIRECTION    NE (30)
  AVERAGE WIND SPEED     3.0


SKY COVER
  POSSIBLE SUNSHINE  MM
  AVERAGE SKY COVER 0.2


WEATHER CONDITIONS
 THE FOLLOWING WEATHER WAS RECORDED YESTERDAY.
  NO SIGNIFICANT WEATHER WAS OBSERVED.


RELATIVE HUMIDITY (PERCENT)
 HIGHEST    89           600 AM
 LOWEST     20           500 PM
 AVERAGE    55

..........................................................


THE BATON ROUGE  ASOS CLIMATE NORMALS FOR TODAY
                         NORMAL    RECORD    YEAR
 MAXIMUM TEMPERATURE (F)   64        82      1957
 MINIMUM TEMPERATURE (F)   43        17      1895


SUNRISE AND SUNSET
FEBRUARY  7 2016......SUNRISE   652 AM CST   SUNSET   546 PM CST
FEBRUARY  8 2016......SUNRISE   651 AM CST   SUNSET   547 PM CST


-  INDICATES NEGATIVE NUMBERS.
R  INDICATES RECORD WAS SET OR TIED.
MM INDICATES DATA IS MISSING.
T  INDICATES TRACE AMOUNT.




$$
