000
CDUS44 KLIX 040814
CLIBTR


CLIMATE REPORT
NATIONAL WEATHER SERVICE NEW ORLEANS
213 AM CST WED MAR 4 2015


...................................

...THE BATON ROUGE  ASOS CLIMATE SUMMARY FOR MARCH 3 2015...

CLIMATE NORMAL PERIOD 1981 TO 2010
CLIMATE RECORD PERIOD 1894 TO 2015


WEATHER ITEM   OBSERVED TIME   RECORD YEAR NORMAL DEPARTURE LAST
                VALUE   (LST)  VALUE       VALUE  FROM      YEAR
                                                  NORMAL
..................................................................
TEMPERATURE (F)
 YESTERDAY
  MAXIMUM         79    249 PM  86    1909  70      9       70
  MINIMUM         56    422 AM  20    1980  48      8       30
  AVERAGE         68                        59      9       50

PRECIPITATION (IN)
  YESTERDAY        0.07          3.69 1970   0.15  -0.08     0.26
  MONTH TO DATE    1.46                      0.47   0.99     0.26
  SINCE MAR 1      1.46                      0.47   0.99     0.26
  SINCE JAN 1     11.21                     11.23  -0.02     9.53

SNOWFALL (IN)
  YESTERDAY        0.0
  MONTH TO DATE    0.0
  SINCE MAR 1      0.0
  SINCE JUL 1      T
  SNOW DEPTH       0

DEGREE DAYS
 HEATING
  YESTERDAY        0                         7     -7       15
  MONTH TO DATE   10                        23    -13       15
  SINCE MAR 1     10                        23    -13       15
  SINCE JUL 1   1552                      1358    194     1721

 COOLING
  YESTERDAY        3                         1      2        0
  MONTH TO DATE    3                         3      0        9
  SINCE MAR 1      3                         3      0        9
  SINCE JAN 1      7                        34    -27       29
..................................................................


WIND (MPH)
  HIGHEST WIND SPEED    23   HIGHEST WIND DIRECTION     S (190)
  HIGHEST GUST SPEED    29   HIGHEST GUST DIRECTION     S (190)
  AVERAGE WIND SPEED     7.6


SKY COVER
  POSSIBLE SUNSHINE  MM
  AVERAGE SKY COVER 0.8


WEATHER CONDITIONS
 THE FOLLOWING WEATHER WAS RECORDED YESTERDAY.
  RAIN
  LIGHT RAIN
  FOG
  FOG W/VISIBILITY <= 1/4 MILE


RELATIVE HUMIDITY (PERCENT)
 HIGHEST   100          1200 AM
 LOWEST     74           300 PM
 AVERAGE    87

..........................................................


THE BATON ROUGE  ASOS CLIMATE NORMALS FOR TODAY
                         NORMAL    RECORD    YEAR
 MAXIMUM TEMPERATURE (F)   70        87      1908
 MINIMUM TEMPERATURE (F)   48        23      1943


SUNRISE AND SUNSET
MARCH  4 2015.........SUNRISE   628 AM CST   SUNSET   605 PM CST
MARCH  5 2015.........SUNRISE   627 AM CST   SUNSET   606 PM CST


-  INDICATES NEGATIVE NUMBERS.
R  INDICATES RECORD WAS SET OR TIED.
MM INDICATES DATA IS MISSING.
T  INDICATES TRACE AMOUNT.




$$
