000
CDUS41 KBTV 090719
CLIBTV


CLIMATE REPORT
NATIONAL WEATHER SERVICE BURLINGTON VT
318 AM EDT WED JUL 9 2014


...................................

...THE BURLINGTON VT CLIMATE SUMMARY FOR JULY 8 2014...

CLIMATE NORMAL PERIOD 1981 TO 2010
CLIMATE RECORD PERIOD 1884 TO 2014


WEATHER ITEM   OBSERVED TIME   RECORD YEAR NORMAL DEPARTURE LAST
                VALUE   (LST)  VALUE       VALUE  FROM      YEAR
                                                  NORMAL
..................................................................
TEMPERATURE (F)
 YESTERDAY
  MAXIMUM         88        MM  98    1921  81      7       81
  MINIMUM         69        MM  40    1969  60      9       68
  AVERAGE         79                        70      9       75

PRECIPITATION (IN)
  YESTERDAY        1.25          2.21 1915   0.13   1.12     0.05
  MONTH TO DATE    2.07                      1.06   1.01     3.13
  SINCE JUN 1      6.42                      4.75   1.67    12.99
  SINCE JAN 1     20.18                     17.06   3.12    28.26

SNOWFALL (IN)
  YESTERDAY        0.0           0.0  2002   0.0    0.0      0.0
                                      2001
  MONTH TO DATE    0.0                       0.0    0.0      0.0
  SINCE JUN 1      0.0                       0.0    0.0      0.0
  SINCE JUL 1      0.0                       0.0    0.0      0.0
  SNOW DEPTH      MM

DEGREE DAYS
 HEATING
  YESTERDAY        0                         1     -1        0
  MONTH TO DATE    0                         8     -8        0
  SINCE JUN 1     20                        81    -61       65
  SINCE JUL 1      0                         8     -8        0

 COOLING
  YESTERDAY       14                         6      8       10
  MONTH TO DATE   84                        48     36       81
  SINCE JUN 1    204                       145     59      196
  SINCE JAN 1    226                       164     62      243
..................................................................


WIND (MPH)
  HIGHEST WIND SPEED    18   HIGHEST WIND DIRECTION     S (190)
  HIGHEST GUST SPEED    29   HIGHEST GUST DIRECTION     S (190)
  AVERAGE WIND SPEED    12.7


SKY COVER
  POSSIBLE SUNSHINE  MM
  AVERAGE SKY COVER 0.6


WEATHER CONDITIONS
 THE FOLLOWING WEATHER WAS RECORDED YESTERDAY.
  THUNDERSTORM
  HEAVY RAIN
  RAIN
  LIGHT RAIN
  FOG


RELATIVE HUMIDITY (PERCENT)
 HIGHEST    90           400 AM
 LOWEST     50           200 PM
 AVERAGE    70

..........................................................


THE BURLINGTON VT CLIMATE NORMALS FOR TODAY
                         NORMAL    RECORD    YEAR
 MAXIMUM TEMPERATURE (F)   81        97      1988
 MINIMUM TEMPERATURE (F)   60        44      1969


SUNRISE AND SUNSET
JULY  9 2014..........SUNRISE   517 AM EDT   SUNSET   838 PM EDT
JULY 10 2014..........SUNRISE   518 AM EDT   SUNSET   838 PM EDT


-  INDICATES NEGATIVE NUMBERS.
R  INDICATES RECORD WAS SET OR TIED.
MM INDICATES DATA IS MISSING.
T  INDICATES TRACE AMOUNT.

&&

LAKE CHAMPLAIN DATA:
LEVEL...............96.95 FEET
TEMPERATURE.........68 DEGREES

MOUNT MANSFIELD DATA:
HIGH................71 DEGREES
LOW.................54 DEGREES
PRECIPITATION.......0.04 INCHES

$$
