000
CDUS41 KBTV 170540
CLIBTV

CLIMATE REPORT
NATIONAL WEATHER SERVICE BURLINGTON VT
137 AM EDT THU AUG 17 2017

...................................

...THE BURLINGTON VT CLIMATE SUMMARY FOR AUGUST 16 2017...

CLIMATE NORMAL PERIOD 1981 TO 2010
CLIMATE RECORD PERIOD 1884 TO 2017


WEATHER ITEM   OBSERVED TIME   RECORD YEAR NORMAL DEPARTURE LAST
                VALUE   (LST)  VALUE       VALUE  FROM      YEAR
                                                  NORMAL
..................................................................
TEMPERATURE (F)
 YESTERDAY
  MAXIMUM         76    327 PM  96    1944  79     -3       77
  MINIMUM         55   1159 PM  43    1972  59     -4       62
                                      1923
  AVERAGE         66                        69     -3       70

PRECIPITATION (IN)
  YESTERDAY        0.00          1.61 1942   0.13  -0.13     0.93
  MONTH TO DATE    0.82                      2.16  -1.34     1.71
  SINCE JUN 1     11.44                     10.01   1.43     7.81
  SINCE JAN 1     28.12                     22.32   5.80    18.66

SNOWFALL (IN)
  YESTERDAY        0.0           0.0  2002   0.0    0.0      0.0
                                      2001
  MONTH TO DATE    0.0                       0.0    0.0      0.0
  SINCE JUN 1      0.0                       0.0    0.0      0.0
  SINCE JUL 1      0.0                       0.0    0.0      0.0
  SNOW DEPTH       0

DEGREE DAYS
 HEATING
  YESTERDAY        0                         1     -1        0
  MONTH TO DATE    0                        12    -12        0
  SINCE JUN 1     56                        98    -42       51
  SINCE JUL 1      4                        25    -21        3

 COOLING
  YESTERDAY        1                         5     -4        5
  MONTH TO DATE  109                        86     23      167
  SINCE JUN 1    422                       370     52      556
  SINCE JAN 1    464                       389     75      628
..................................................................


WIND (MPH)
  HIGHEST WIND SPEED    18   HIGHEST WIND DIRECTION    NW (320)
  HIGHEST GUST SPEED    23   HIGHEST GUST DIRECTION    NW (330)
  AVERAGE WIND SPEED     7.0


SKY COVER
  POSSIBLE SUNSHINE  MM
  AVERAGE SKY COVER 0.5


WEATHER CONDITIONS
 THE FOLLOWING WEATHER WAS RECORDED YESTERDAY.
  FOG
  FOG W/VISIBILITY <= 1/4 MILE


RELATIVE HUMIDITY (PERCENT)
 HIGHEST   100          1200 AM
 LOWEST     36           400 PM
 AVERAGE    68

..........................................................


THE BURLINGTON VT CLIMATE NORMALS FOR TODAY
                         NORMAL    RECORD    YEAR
 MAXIMUM TEMPERATURE (F)   79        95      1987
 MINIMUM TEMPERATURE (F)   59        42      1979
                                             1961


SUNRISE AND SUNSET
AUGUST 17 2017........SUNRISE   558 AM EDT   SUNSET   754 PM EDT
AUGUST 18 2017........SUNRISE   559 AM EDT   SUNSET   753 PM EDT


-  INDICATES NEGATIVE NUMBERS.
R  INDICATES RECORD WAS SET OR TIED.
MM INDICATES DATA IS MISSING.
T  INDICATES TRACE AMOUNT.

&&

LAKE CHAMPLAIN DATA:
LEVEL...............96.16 FEET
TEMPERATURE.........73 DEGREES

MOUNT MANSFIELD DATA:
HIGH................67 DEGREES
LOW.................42 DEGREES
PRECIPITATION.......0.30 INCHES

$$
