000
CDUS41 KBTV 260657
CLIBTV


CLIMATE REPORT
NATIONAL WEATHER SERVICE BURLINGTON VT
155 AM EST WED NOV 26 2014


...................................

...THE BURLINGTON VT CLIMATE SUMMARY FOR NOVEMBER 25 2014...

CLIMATE NORMAL PERIOD 1981 TO 2010
CLIMATE RECORD PERIOD 1884 TO 2014


WEATHER ITEM   OBSERVED TIME   RECORD YEAR NORMAL DEPARTURE LAST
                VALUE   (LST)  VALUE       VALUE  FROM      YEAR
                                                  NORMAL
..................................................................
TEMPERATURE (F)
 YESTERDAY
  MAXIMUM         59    145 AM  67    2001  42     17       31
  MINIMUM         41   1125 PM  -1    1938  28     13        8
  AVERAGE         50                        35     15       20

PRECIPITATION (IN)
  YESTERDAY        0.00          1.50 1900   0.10  -0.10     0.00
  MONTH TO DATE    1.56                      2.67  -1.11     1.19
  SINCE SEP 1      7.36                      9.91  -2.55     8.52
  SINCE JAN 1     33.06                     33.98  -0.92    41.21

SNOWFALL (IN)
  YESTERDAY        0.0           8.6  1971   0.3   -0.3      0.0
  MONTH TO DATE    0.6                       3.6   -3.0      2.7
  SINCE SEP 1      0.6                       3.9   -3.3      2.7
  SINCE JUL 1      0.6                       3.9   -3.3      2.7
  SNOW DEPTH       0

DEGREE DAYS
 HEATING
  YESTERDAY       15                        30    -15       45
  MONTH TO DATE  618                       645    -27      672
  SINCE SEP 1   1135                      1344   -209     1275
  SINCE JUL 1   1148                      1386   -238     1291

 COOLING
  YESTERDAY        0                         0      0        0
  MONTH TO DATE    0                         0      0        0
  SINCE SEP 1     89                        43     46       62
  SINCE JAN 1    582                       491     91      662
..................................................................


WIND (MPH)
  HIGHEST WIND SPEED    20   HIGHEST WIND DIRECTION     W (290)
  HIGHEST GUST SPEED    26   HIGHEST GUST DIRECTION     W (290)
  AVERAGE WIND SPEED    10.2


SKY COVER
  POSSIBLE SUNSHINE  MM
  AVERAGE SKY COVER 0.5


WEATHER CONDITIONS
 THE FOLLOWING WEATHER WAS RECORDED YESTERDAY.
  NO SIGNIFICANT WEATHER WAS OBSERVED.


RELATIVE HUMIDITY (PERCENT)
 HIGHEST    65           600 AM
 LOWEST     41           500 PM
 AVERAGE    53

..........................................................


THE BURLINGTON VT CLIMATE NORMALS FOR TODAY
                         NORMAL    RECORD    YEAR
 MAXIMUM TEMPERATURE (F)   41        64      1979
 MINIMUM TEMPERATURE (F)   28        -3      1938


SUNRISE AND SUNSET
NOVEMBER 26 2014......SUNRISE   703 AM EST   SUNSET   417 PM EST
NOVEMBER 27 2014......SUNRISE   704 AM EST   SUNSET   416 PM EST


-  INDICATES NEGATIVE NUMBERS.
R  INDICATES RECORD WAS SET OR TIED.
MM INDICATES DATA IS MISSING.
T  INDICATES TRACE AMOUNT.

&&

LAKE CHAMPLAIN DATA:
LEVEL...............94.21 FEET
TEMPERATURE.........50 DEGREES

MOUNT MANSFIELD DATA:
HIGH................49 DEGREES
LOW.................28 DEGREES
PRECIPITATION.......0.18 INCHES
NEW SNOW............NONE
SNOW AT STAKE.......3 INCHES

$$
