000
CDUS41 KBTV 220941
CLIBTV


CLIMATE REPORT
NATIONAL WEATHER SERVICE BURLINGTON VT
539 AM EDT THU JUN 22 2017


...................................

...THE BURLINGTON VT CLIMATE SUMMARY FOR JUNE 21 2017...

CLIMATE NORMAL PERIOD 1981 TO 2010
CLIMATE RECORD PERIOD 1884 TO 2017


WEATHER ITEM   OBSERVED TIME   RECORD YEAR NORMAL DEPARTURE LAST
                VALUE   (LST)  VALUE       VALUE  FROM      YEAR
                                                  NORMAL
..................................................................
TEMPERATURE (F)
 YESTERDAY
  MAXIMUM         77    238 PM  97    2012  78     -1       78
  MINIMUM         62   1159 PM  42    1926  57      5       59
  AVERAGE         70                        68      2       69

PRECIPITATION (IN)
  YESTERDAY        T             1.62 1901   0.12  -0.12     0.00
  MONTH TO DATE    2.97                      2.57   0.40     2.01
  SINCE JUN 1      2.97                      2.57   0.40     2.01
  SINCE JAN 1     19.65                     14.88   4.77    12.86

SNOWFALL (IN)
  YESTERDAY        0.0           0.0  2002   0.0    0.0      0.0
                                      2001
  MONTH TO DATE    0.0                       0.0    0.0      0.0
  SINCE JUN 1      0.0                       0.0    0.0      0.0
  SINCE JUL 1    100.4                      81.2   19.2     34.3
  SNOW DEPTH       0

DEGREE DAYS
 HEATING
  YESTERDAY        0                         1     -1        0
  MONTH TO DATE   50                        64    -14       45
  SINCE JUN 1     50                        64    -14       45
  SINCE JUL 1   6326                      7425  -1099     6223

 COOLING
  YESTERDAY        5                         4      1        4
  MONTH TO DATE   96                        55     41       79
  SINCE JUN 1     96                        55     41       79
  SINCE JAN 1    138                        74     64      151
..................................................................


WIND (MPH)
  HIGHEST WIND SPEED    20   HIGHEST WIND DIRECTION    NW (310)
  HIGHEST GUST SPEED    25   HIGHEST GUST DIRECTION    NW (310)
  AVERAGE WIND SPEED     7.5


SKY COVER
  POSSIBLE SUNSHINE  MM
  AVERAGE SKY COVER 0.7


WEATHER CONDITIONS
 THE FOLLOWING WEATHER WAS RECORDED YESTERDAY.
  NO SIGNIFICANT WEATHER WAS OBSERVED.


RELATIVE HUMIDITY (PERCENT)
 HIGHEST    84           300 AM
 LOWEST     43           200 PM
 AVERAGE    64

..........................................................


THE BURLINGTON VT CLIMATE NORMALS FOR TODAY
                         NORMAL    RECORD    YEAR
 MAXIMUM TEMPERATURE (F)   78        92      1921
 MINIMUM TEMPERATURE (F)   57        39      1940


SUNRISE AND SUNSET
JUNE 22 2017..........SUNRISE   508 AM EDT   SUNSET   841 PM EDT
JUNE 23 2017..........SUNRISE   509 AM EDT   SUNSET   841 PM EDT


-  INDICATES NEGATIVE NUMBERS.
R  INDICATES RECORD WAS SET OR TIED.
MM INDICATES DATA IS MISSING.
T  INDICATES TRACE AMOUNT.







&&

LAKE CHAMPLAIN DATA:
LEVEL...............97.04 FEET
TEMPERATURE.........62 DEGREES

MOUNT MANSFIELD DATA:
HIGH................57 DEGREES
LOW.................46 DEGREES
PRECIPITATION.......0.20 INCHES

$$
