000
CDUS41 KBUF 022140
CLIBUF


CLIMATE REPORT
NATIONAL WEATHER SERVICE BUFFALO NY
539 PM EDT TUE SEP 2 2014


...................................

...THE BUFFALO NY CLIMATE SUMMARY FOR SEPTEMBER 2 2014...
VALID TODAY AS OF 0500 PM LOCAL TIME.

CLIMATE NORMAL PERIOD 1981 TO 2010
CLIMATE RECORD PERIOD 1871 TO 2014


WEATHER ITEM   OBSERVED TIME   RECORD YEAR NORMAL DEPARTURE LAST
                VALUE   (LST)  VALUE       VALUE  FROM      YEAR
                                                  NORMAL
..................................................................
TEMPERATURE (F)
 TODAY
  MAXIMUM         76   1023 AM  93    1953  76      0       79
  MINIMUM         67    435 PM  45    1964  58      9       63
  AVERAGE         72                        67      5       71

PRECIPITATION (IN)
  TODAY            0.08          1.55 2006   0.11  -0.03      T
  MONTH TO DATE    0.21                      0.23  -0.02     0.01
  SINCE SEP 1      0.21                      0.23  -0.02     0.01
  SINCE JAN 1     30.15                     25.39   4.76    27.64

SNOWFALL (IN)
  TODAY            0.0           0.0    MM   0.0    0.0      0.0
  MONTH TO DATE    0.0                       0.0    0.0      0.0
  SINCE SEP 1      0.0                       0.0    0.0      0.0
  SINCE JUL 1      0.0                       0.0    0.0      0.0
  SNOW DEPTH       0

DEGREE DAYS
 HEATING
  TODAY            0                         2     -2        0
  MONTH TO DATE    0                         3     -3        0
  SINCE SEP 1      0                         3     -3        0
  SINCE JUL 1     22                        30     -8       16

 COOLING
  TODAY            7                         3      4        6
  MONTH TO DATE   17                         7     10       16
  SINCE SEP 1     17                         7     10       16
  SINCE JAN 1    463                       494    -31      568
..................................................................


WIND (MPH)
  HIGHEST WIND SPEED    23   HIGHEST WIND DIRECTION     W (250)
  HIGHEST GUST SPEED    34   HIGHEST GUST DIRECTION    SW (240)
  AVERAGE WIND SPEED    14.0


SKY COVER
  AVERAGE SKY COVER 0.8


WEATHER CONDITIONS
 THE FOLLOWING WEATHER WAS RECORDED TODAY.
  LIGHT RAIN


RELATIVE HUMIDITY (PERCENT)
 HIGHEST    87           500 AM
 LOWEST     79          1100 AM
 AVERAGE    83

..........................................................


THE BUFFALO NY CLIMATE NORMALS FOR TOMORROW
                         NORMAL    RECORD    YEAR
 MAXIMUM TEMPERATURE (F)   76        98      1953
 MINIMUM TEMPERATURE (F)   58        42      1946


SUNRISE AND SUNSET
SEPTEMBER  2 2014.....SUNRISE   640 AM EDT   SUNSET   748 PM EDT
SEPTEMBER  3 2014.....SUNRISE   642 AM EDT   SUNSET   746 PM EDT


-  INDICATES NEGATIVE NUMBERS.
R  INDICATES RECORD WAS SET OR TIED.
MM INDICATES DATA IS MISSING.
T  INDICATES TRACE AMOUNT.




$$
