000
CDUS41 KBUF 281026
CLIBUF


CLIMATE REPORT
NATIONAL WEATHER SERVICE BUFFALO NY
616 AM EDT SUN AUG 28 2016


...................................

...THE BUFFALO NY CLIMATE SUMMARY FOR AUGUST 27 2016...

CLIMATE NORMAL PERIOD 1981 TO 2010
CLIMATE RECORD PERIOD 1871 TO 2016


WEATHER ITEM   OBSERVED TIME   RECORD YEAR NORMAL DEPARTURE LAST
                VALUE   (LST)  VALUE       VALUE  FROM      YEAR
                                                  NORMAL
..................................................................
TEMPERATURE (F)
 YESTERDAY
  MAXIMUM         86    358 PM  99    1948  77      9       68
  MINIMUM         64    626 AM  46    1969  59      5       55
  AVERAGE         75                        68      7       62

PRECIPITATION (IN)
  YESTERDAY        0.00          3.21 1871   0.10  -0.10     0.00
  MONTH TO DATE    3.28                      2.85   0.43     4.38
  SINCE JUN 1      6.39                      9.74  -3.35    11.83
  SINCE JAN 1     17.63                     24.75  -7.12    24.46

SNOWFALL (IN)
  YESTERDAY        0.0           0.0    MM   0.0    0.0      0.0
  MONTH TO DATE    0.0                       0.0    0.0      0.0
  SINCE JUN 1      0.0                       0.0    0.0      0.0
  SINCE JUL 1      0.0                       0.0    0.0      0.0
  SNOW DEPTH       0

DEGREE DAYS
 HEATING
  YESTERDAY        0                         1     -1        3
  MONTH TO DATE    0                        12    -12        8
  SINCE JUN 1     42                        85    -43       65
  SINCE JUL 1      0                        21    -21       15

 COOLING
  YESTERDAY       10                         4      6        0
  MONTH TO DATE  304                       145    159      143
  SINCE JUN 1    725                       445    280      417
  SINCE JAN 1    784                       471    313      508
..................................................................


WIND (MPH)
  HIGHEST WIND SPEED    14   HIGHEST WIND DIRECTION     E (110)
  HIGHEST GUST SPEED    18   HIGHEST GUST DIRECTION     E (100)
  AVERAGE WIND SPEED     5.5


SKY COVER
  AVERAGE SKY COVER 0.5


WEATHER CONDITIONS
 THE FOLLOWING WEATHER WAS RECORDED YESTERDAY.
  NO SIGNIFICANT WEATHER WAS OBSERVED.


RELATIVE HUMIDITY (PERCENT)
 HIGHEST    93           500 AM
 LOWEST     42           300 PM
 AVERAGE    68

..........................................................


THE BUFFALO NY CLIMATE NORMALS FOR TODAY
                         NORMAL    RECORD    YEAR
 MAXIMUM TEMPERATURE (F)   77        92      1952
                                             1948
 MINIMUM TEMPERATURE (F)   59        43      1982


SUNRISE AND SUNSET
AUGUST 28 2016........SUNRISE   636 AM EDT   SUNSET   755 PM EDT
AUGUST 29 2016........SUNRISE   637 AM EDT   SUNSET   754 PM EDT


-  INDICATES NEGATIVE NUMBERS.
R  INDICATES RECORD WAS SET OR TIED.
MM INDICATES DATA IS MISSING.
T  INDICATES TRACE AMOUNT.




$$
