000
CDUS41 KBUF 010705
CLIBUF


CLIMATE REPORT
NATIONAL WEATHER SERVICE BUFFALO NY
305 AM EDT SAT NOV 1 2014


...................................

...THE BUFFALO NY CLIMATE SUMMARY FOR OCTOBER 31 2014...

CLIMATE NORMAL PERIOD 1981 TO 2010
CLIMATE RECORD PERIOD 1871 TO 2014


WEATHER ITEM   OBSERVED TIME   RECORD YEAR NORMAL DEPARTURE LAST
                VALUE   (LST)  VALUE       VALUE  FROM      YEAR
                                                  NORMAL
..................................................................
TEMPERATURE (F)
 YESTERDAY
  MAXIMUM         49    231 PM  73    1971  54     -5       67
  MINIMUM         42   1159 PM  22    1975  38      4       45
  AVERAGE         46                        46      0       56

PRECIPITATION (IN)
  YESTERDAY        0.10          1.22 2013   0.11  -0.01     1.22
  MONTH TO DATE    4.61                      3.52   1.09     7.00
  SINCE SEP 1      7.74                      7.42   0.32    10.53
  SINCE JAN 1     37.68                     32.58   5.10    38.16

SNOWFALL (IN)
  YESTERDAY        0.0           6.0  1917   0.1   -0.1      0.0
  MONTH TO DATE    T                         0.9   -0.9       T
  SINCE SEP 1      T                         0.9   -0.9       T
  SINCE JUL 1      T                         0.9   -0.9       T
  SNOW DEPTH       0

DEGREE DAYS
 HEATING
  YESTERDAY       19                        19      0        9
  MONTH TO DATE  359                       442    -83      337
  SINCE SEP 1    467                       578   -111      489
  SINCE JUL 1    489                       605   -116      505

 COOLING
  YESTERDAY        0                         0      0        0
  MONTH TO DATE    9                         4      5        8
  SINCE SEP 1     70                        57     13       59
  SINCE JAN 1    516                       544    -28      611
..................................................................


WIND (MPH)
  HIGHEST WIND SPEED    12   HIGHEST WIND DIRECTION     S (180)
  HIGHEST GUST SPEED    13   HIGHEST GUST DIRECTION     S (180)
  AVERAGE WIND SPEED     5.8


SKY COVER
  AVERAGE SKY COVER 1.0


WEATHER CONDITIONS
 THE FOLLOWING WEATHER WAS RECORDED YESTERDAY.
  LIGHT RAIN
  FOG


RELATIVE HUMIDITY (PERCENT)
 HIGHEST    89           800 AM
 LOWEST     66           100 PM
 AVERAGE    78

..........................................................


THE BUFFALO NY CLIMATE NORMALS FOR TODAY
                         NORMAL    RECORD    YEAR
 MAXIMUM TEMPERATURE (F)   53        76      1950
 MINIMUM TEMPERATURE (F)   38        27      1949
                                             1923


SUNRISE AND SUNSET
NOVEMBER  1 2014......SUNRISE   749 AM EDT   SUNSET   607 PM EDT
NOVEMBER  2 2014......SUNRISE   651 AM EST   SUNSET   506 PM EST


-  INDICATES NEGATIVE NUMBERS.
R  INDICATES RECORD WAS SET OR TIED.
MM INDICATES DATA IS MISSING.
T  INDICATES TRACE AMOUNT.




$$
